No particular awareness of the weather is required.   -   There are no Weather-warnings

NOAA-Style Climate Reports

Select a Year or Month report
2018: Jan Feb Mar Apr May Jun Jul Aug Sep Oct Nov Dec
2017: Jan Feb Mar Apr May Jun Jul Aug Sep Oct Nov Dec
2016: Jan Feb Mar Apr May Jun Jul Aug Sep Oct Nov Dec
2015: Jan Feb Mar Apr May Jun Jul Aug Sep Oct Nov Dec
2014: Jan Feb Mar Apr May Jun Jul Aug Sep Oct Nov Dec
2013: Jan Feb Mar Apr May Jun Jul Aug Sep Oct Nov Dec
2012: Jan Feb Mar Apr May Jun Jul Aug Sep Oct Nov Dec

Report for 2018 February
                   Monthly Climatological Summary for Feb 2018

Name: Loughlinstown   City: Co Dublin   State: Ireland
Elevation: 24 m  Lat: N 53° 14' 54"   Lon: W 006° 08' 01"

                  Temperature (°C), Rain (mm), Wind Speed (km/h)

                                      Heat  Cool        Avg
    Mean                              Deg   Deg         Wind                 Dom
Day Temp  High   Time   Low    Time   Days  Days  Rain  Speed High   Time    Dir
----------------------------------------------------------------------------------
 1   4.7   7.5   13:10   3.2   08:03  13.6   0.0   0.0  16.5  56.4   11:16     W
 2   4.9   8.3   13:52   2.8   02:47  13.4   0.0   1.8  11.2  49.2   05:04     W
 3   4.5   6.8   15:17   3.1   21:44  13.8   0.0   1.2  12.8  43.6   06:14   WNW
 4   3.8   6.6   14:26   0.6   21:32  14.5   0.0   3.4   3.2  29.0   00:14   WNW
 5   2.5   6.2   13:45  -0.5   20:14  15.8   0.0   0.0   1.4  18.2   12:35   ESE
 6   1.9   5.0   13:29   0.3   01:41  16.4   0.0   1.0  11.4  45.4   14:32   WNW
 7   3.1   7.4   23:48  -0.7   03:51  15.2   0.0   0.2   6.1  36.4   00:39     W
 8   7.8  10.2   10:45   5.1   23:59  10.5   0.0   0.4   7.7  47.2   23:57    SW
 9   3.0   6.9   15:36   0.9   05:26  15.3   0.0   0.4  13.6  63.6   00:31     W
10   8.3  11.3   12:37   3.9   00:00  10.0   0.0   4.4  14.1  83.6   20:22    SW
11   2.7   5.3   13:14   1.4   07:41  15.6   0.0   0.0  18.3  60.0   09:00     W
12   3.8   7.7   14:07   1.1   02:23  14.5   0.0   0.4  12.7  49.2   19:52   SSW
13   3.8   6.8   14:05   0.3   21:34  14.5   0.0   4.0  11.3  54.6   01:21   WSW
14   6.5  10.1   13:31   2.4   00:00  11.8   0.0   3.4  12.8  63.6   06:07   SSE
15   4.4   7.0   13:57   2.4   07:44  13.9   0.0   0.0  17.2  56.4   09:37    SW
16   5.5   9.2   12:47   1.9   07:28  12.8   0.0   1.4   9.2  41.8   12:13     S
17   6.7  11.8   13:56   2.9   03:43  11.6   0.0   0.0   4.5  25.4   08:10    SW
----------------------------------------------------------------------------------
     4.6  11.8    17    -0.7     7   233.2   0.0  22.0  10.8  83.6    10     WSW

Max >=  25.0:  0
Max <=   0.0:  0
Min <=   0.0:  2
Min <=  -5.0:  0
Max Rain: 4.4 on day 10
Days of Rain: 12 (>= 0.2 mm)  4 (>= 2.0 mm)  0 (>= 20.0 mm)
Heat Base: 18.3  Cool Base: 18.3  Method: Integration