No particular awareness of the weather is required.   -   There are no Weather-warnings

NOAA-Style Climate Reports

Select a Year or Month report
2018: Jan Feb Mar Apr May Jun Jul Aug Sep Oct Nov Dec
2017: Jan Feb Mar Apr May Jun Jul Aug Sep Oct Nov Dec
2016: Jan Feb Mar Apr May Jun Jul Aug Sep Oct Nov Dec
2015: Jan Feb Mar Apr May Jun Jul Aug Sep Oct Nov Dec
2014: Jan Feb Mar Apr May Jun Jul Aug Sep Oct Nov Dec
2013: Jan Feb Mar Apr May Jun Jul Aug Sep Oct Nov Dec
2012: Jan Feb Mar Apr May Jun Jul Aug Sep Oct Nov Dec

Report for 2012 November
                   Monthly Climatological Summary for Nov 2012

Name: Loughlinstown   City: Co Dublin   State: Ireland
Elevation: 24 m  Lat: N 53° 14' 54"   Lon: W 006° 08' 01"

                  Temperature (°C), Rain (mm), Wind Speed (km/h)

                                      Heat  Cool        Avg
    Mean                              Deg   Deg         Wind                 Dom
Day Temp  High   Time   Low    Time   Days  Days  Rain  Speed High   Time    Dir
----------------------------------------------------------------------------------
 1   6.5   8.8   14:45   4.6   09:00   7.4   0.0   0.2   3.3  14.3   20:59   WSW
 2   6.1   9.9   12:26   3.2   19:01  12.1   0.0   0.2   5.6  40.2   14:49     W
 3   5.7   8.9   14:10   2.6   06:33  12.6   0.0   0.0   7.0  32.2   13:50    SW
 4   7.2   8.8   16:17   4.9   00:00  11.1   0.0   5.2   8.2  35.4   16:35   ESE
 5   7.3  10.6   13:45   4.1   07:29  11.0   0.0   0.0   7.4  29.0   00:34    NW
 6   8.9  11.9   12:10   5.7   00:00   9.4   0.0   0.0  13.4  46.7   13:25     W
 7  10.3  12.5   14:07   8.6   00:00   8.0   0.0   0.2   9.2  37.0   14:10   WSW
 8   9.2  13.0   14:05   5.3   20:06   9.0   0.0   0.0   7.0  33.8   03:56     W
 9   8.9  10.6   11:31   6.6   23:33   9.4   0.0   1.6   7.0  40.2   03:49    SW
10   6.2   9.7   14:53   3.3   17:57  12.1   0.0   0.0   6.9  30.6   12:27     W
11   7.3  10.7   13:11   4.8   04:54  11.0   0.0   0.2   6.4  33.8   07:02     W
12  11.9  15.3   15:05   6.7   00:00   6.4   0.0   1.4   6.4  40.2   10:17   SSW
13  13.3  14.6   03:20  11.7   01:19   5.0   0.0   0.0   9.4  43.5   03:27     S
14  11.3  14.4   12:04   5.8   23:41   7.0   0.0   0.0   3.9  29.0   10:12   SSE
15   9.4  13.9   11:53   5.8   00:26   8.9   0.0   0.0   1.6  17.7   13:36   SSW
16   6.4   9.4   12:49   2.1   05:31  11.9   0.0   0.2   0.7  17.7   23:37   WNW
17   6.0   9.0   14:42   1.9   08:23  12.3   0.0   0.2   6.9  37.0   18:25     W
18   5.8   9.7   23:53   1.4   08:20  12.3   0.0   5.8   6.9  51.5   22:10     S
19  11.4  14.4   13:06   9.7   00:00   6.9   0.0   5.0   9.8  45.1   04:58   SSE
20  10.9  13.4   10:48   7.2   23:59   7.4   0.0   0.6   8.6  41.8   18:43   SSW
21   8.1  11.5   14:20   4.2   07:02  10.2   0.0   0.6   3.6  27.4   18:31   SSE
22   8.5  11.5   04:01   6.2   21:23   9.3   0.0   5.8   8.7  43.5   04:28   SSW
23   6.5   9.4   12:51   2.9   23:59  11.8   0.0   0.0   8.9  41.8   02:16   WSW
24   3.2   7.5   17:22  -1.3   06:25  15.1   0.0  10.6   2.3  32.2   23:55   WNW
25   4.6   6.5   10:46  -0.3   08:23  13.7   0.0  23.8   6.6  40.2   22:37     N
26   5.9   7.4   14:00   5.0   04:43  12.3   0.0  15.6  12.7  49.9   14:07    NW
27   5.1   7.1   12:56   3.1   23:23  13.1   0.0   0.0  10.0  33.8   00:30    NW
28   3.8   6.6   13:21   2.4   04:49  14.5   0.0   0.0   7.5  27.4   08:26   WNW
29   3.4   6.7   12:24   1.1   23:48  14.8   0.0   0.0   2.7  20.9   05:37   WNW
30   2.5   8.0   14:32  -1.3   02:38  15.8   0.0   0.0   0.7  11.3   12:18   SSW
----------------------------------------------------------------------------------
     7.4  15.3    12    -1.3    24   321.8   0.0  77.2   6.7  51.5    18     WSW

Max >=  25.0:  0
Max <=   0.0:  0
Min <=   0.0:  3
Min <=  -5.0:  0
Max Rain: 23.8 on day 25
Days of Rain: 17 (>= 0.2 mm)  7 (>= 2.0 mm)  1 (>= 20.0 mm)
Heat Base: 18.3  Cool Base: 18.3  Method: Integration