No particular awareness of the weather is required.   -   There are no Weather-warnings

NOAA-Style Climate Reports

Select a Year or Month report
2018: Jan Feb Mar Apr May Jun Jul Aug Sep Oct Nov Dec
2017: Jan Feb Mar Apr May Jun Jul Aug Sep Oct Nov Dec
2016: Jan Feb Mar Apr May Jun Jul Aug Sep Oct Nov Dec
2015: Jan Feb Mar Apr May Jun Jul Aug Sep Oct Nov Dec
2014: Jan Feb Mar Apr May Jun Jul Aug Sep Oct Nov Dec
2013: Jan Feb Mar Apr May Jun Jul Aug Sep Oct Nov Dec
2012: Jan Feb Mar Apr May Jun Jul Aug Sep Oct Nov Dec

Report for 2012 December
                   Monthly Climatological Summary for Dec 2012

Name: Loughlinstown   City: Co Dublin   State: Ireland
Elevation: 24 m  Lat: N 53° 14' 54"   Lon: W 006° 08' 01"

                  Temperature (°C), Rain (mm), Wind Speed (km/h)

                                      Heat  Cool        Avg
    Mean                              Deg   Deg         Wind                 Dom
Day Temp  High   Time   Low    Time   Days  Days  Rain  Speed High   Time    Dir
----------------------------------------------------------------------------------
 1   4.2   6.6   13:13   2.3   23:33  14.0   0.0   0.0   9.0  30.6   06:03     W
 2   4.0  11.0   23:23  -1.6   04:42  14.1   0.0   3.6   2.5  30.6   23:07     S
 3   6.8  10.5   00:07   4.4   21:48  11.5   0.0   0.2  11.8  51.5   14:39     W
 4   5.3   7.4   14:11   4.5   00:04  12.7   0.0   0.0  13.0  48.3   00:51     W
 5   2.6   4.7   00:00  -1.4   23:21  15.7   0.0   2.4   7.4  27.4   01:06   WNW
 6   4.5   7.1   17:05   2.6   01:36  13.7   0.0   6.6  12.7  56.3   15:29     W
 7   4.8   8.2   13:10   3.3   03:53  12.5   0.0   0.0  14.5  41.8   15:00   WNW
 8   7.8   8.8   11:09   5.4   09:12  10.5   0.0   0.0  10.3  53.1   20:16     W
 9   4.9   8.1   12:29   0.8   08:58  13.4   0.0   0.0  11.5  38.6   09:01   WNW
10   3.8   6.8   12:22  -1.4   08:29  14.5   0.0   0.0   3.5  17.7   00:53     E
11   2.4   5.8   13:47  -1.3   09:00  15.9   0.0   0.0   1.1  14.5   07:24   SSE
12   5.2   6.9   10:36   1.2   06:11  13.1   0.0   0.0   5.5  24.1   14:55    SE
13   5.3   7.4   04:10   3.7   16:50  13.0   0.0   8.2   8.8  46.7   03:50    SE
14   7.3   7.9   15:39   6.4   02:00  10.9   0.0   6.8  12.0  45.1   22:55    SW
15   7.3   9.4   13:52   4.9   20:47  10.8   0.0   0.0   7.5  29.0   12:54    SW
16   7.4   9.8   12:42   5.6   09:32  10.9   0.0   1.4   5.5  43.5   08:55    SW
17   6.7   8.6   13:37   1.1   08:55  11.6   0.0   0.2  10.4  35.4   09:18     W
18   6.7   8.0   22:13   1.1   09:00  11.6   0.0   5.8   4.6  49.9   00:35    SE
19   8.6   9.2   14:45   7.9   09:00   9.7   0.0   6.2  11.6  43.5   09:31    SE
20   6.8   8.1   09:00   3.1   08:25  11.5   0.0   1.0   3.8  22.5   14:25   WNW
21   7.6  12.1   08:59   3.1   09:25  10.7   0.0   8.8   2.3  37.0   00:34    SE
22  11.9  14.6   12:29   8.0   08:10   6.4   0.0   0.0   6.9  74.0   02:37    SW
23   8.5   9.4   10:53   6.8   22:33   9.8   0.0   0.0  16.7  48.3   10:15    SW
24   7.5  10.4   14:33   5.8   04:24  10.8   0.0   0.2   3.9  22.5   19:37   SSW
25   6.6   8.2   14:31   4.9   19:12  11.7   0.0   1.8   7.4  49.9   03:21     W
26   7.1   9.8   14:03   4.8   06:02  11.2   0.0   2.0  16.5  64.4   18:20   WSW
27   7.7  12.4   08:52   5.3   09:24  10.6   0.0   1.2   8.7  40.2   10:38   WSW
28  11.7  13.8   13:17   8.4   07:34   6.5   0.0   0.2  12.4  53.1   21:05   SSW
29   5.5   8.8   09:00   3.6   01:32  12.8   0.0   0.4   9.8  48.3   00:16   WSW
30  10.3  12.1   23:23   5.6   09:12   8.0   0.0   2.6  17.8  54.7   17:35    SW
31   6.2  10.6   09:00   4.3   01:01  12.1   0.0   0.6  12.3  51.5   05:07     W
----------------------------------------------------------------------------------
     6.5  14.6    22    -1.6     2   362.2   0.0  60.2   9.1  74.0    22     WSW

Max >=  25.0:  0
Max <=   0.0:  0
Min <=   0.0:  4
Min <=  -5.0:  0
Max Rain: 8.8 on day 21
Days of Rain: 20 (>= 0.2 mm)  10 (>= 2.0 mm)  0 (>= 20.0 mm)
Heat Base: 18.3  Cool Base: 18.3  Method: Integration