No particular awareness of the weather is required.   -   There are no Weather-warnings

NOAA-Style Climate Reports

Select a Year or Month report
2018: Jan Feb Mar Apr May Jun Jul Aug Sep Oct Nov Dec
2017: Jan Feb Mar Apr May Jun Jul Aug Sep Oct Nov Dec
2016: Jan Feb Mar Apr May Jun Jul Aug Sep Oct Nov Dec
2015: Jan Feb Mar Apr May Jun Jul Aug Sep Oct Nov Dec
2014: Jan Feb Mar Apr May Jun Jul Aug Sep Oct Nov Dec
2013: Jan Feb Mar Apr May Jun Jul Aug Sep Oct Nov Dec
2012: Jan Feb Mar Apr May Jun Jul Aug Sep Oct Nov Dec

Report for 2013
                   Annual Climatological Summary for 2013

Name: Loughlinstown   City: Co Dublin   State: Ireland
Elevation: 24 m  Lat: N 53° 14' 54"   Lon: W 006° 08' 01"

                  Temperature (°C), Heat Base: 18.3  Cool Base: 18.3
                          Dep.  Heat  Cool                       Max  Max  Min  Min
        Mean  Mean        From  Deg   Deg                        >=   <=   <=   <=
 YR MO  Max   Min   Mean  Norm  Days  Days  Hi  Date  Low  Date 25.0  0.0  0.0  -5.0
------------------------------------------------------------------------------------
 13  1   8.5   3.0   6.1   0.4   365     0  15.2  29  -2.9   21    0    0    8    0
 13  2   7.7   2.9   5.2  -0.5   297     0  13.1  13  -2.4   19    0    0    3    0
 13  3   6.7   2.3   4.2  -2.9   432     0  11.0  15  -2.1    4    0    0    4    0
 13  4  12.2   5.0   8.3  -0.8   301     0  18.7  23  -2.4    5    0    0    2    0
 13  5  16.0   7.6  11.4  -0.3   216     1  21.4  30   1.6   15    0    0    0    0
 13  6  19.1  10.1  14.5  -0.2   117     3  23.9  29   6.8    5    0    0    0    0
 13  7  22.5  12.9  17.6   1.4    54    33  25.8  19   7.2    6    4    0    0    0
 13  8  21.7  13.1  16.9   1.0    64    20  25.5  29   9.4   31    1    0    0    0
 13  9  18.4  10.4  14.2   0.1   131     8  25.5   3   5.4    9    1    0    0    0
 13 10  15.6   9.7  12.7   1.1   175     0  21.4   6   3.8   30    0    0    0    0
 13 11  10.3   4.9   7.7  -0.4   317     0  15.8  11   0.6    2    0    0    0    0
 13 12  10.6   4.8   7.8   1.0   324     0  15.8  12  -1.4   25    0    0    3    0
------------------------------------------------------------------------------------
        14.1   7.2  10.5   0.0  2797    68  25.8 Jul  -2.9  Jan    6    0   20    0

                                Precipitation (mm)

              Dep.   Max        Days of Rain
              From   Obs.           >=
 YR MO Total  Norm   Day Date  0.2  2.0 20.0
---------------------------------------------
 13  1 122.4  50.4  36.6  18    20   10    2
 13  2  45.0 -12.0  14.6  10    10    6    0
 13  3 151.2 100.2  55.0  21    16    9    3
 13  4  49.2   3.2  13.2  11    13    7    0
 13  5  68.6  10.6  16.8  16    13    9    0
 13  6  38.0 -16.0   9.0  14    12    7    0
 13  7  33.2 -17.8   8.8  28     8    5    0
 13  8  23.0 -39.0   8.2  15    17    3    0
 13  9  38.0 -31.0  14.6  17    17    6    0
 13 10 158.4  92.4  28.6  16    21   13    2
 13 11  29.0 -42.0   7.4   2    13    4    0
 13 12 105.6  25.6  15.8  30    20   12    0
---------------------------------------------
       861.6 124.6  55.0  Mar  180   91    7

                                Wind Speed (km/h)
                          Dom
 YR MO   Avg.  Hi   Date  Dir
------------------------------
 13  1   8.4  67.6   29   SSW
 13  2   6.2  53.1    6   SSE
 13  3   8.2  56.3   10     E
 13  4   9.1  72.4   17    SW
 13  5   8.1  53.1   23     W
 13  6   5.9  51.5   23   WSW
 13  7   3.6  37.0    4    SE
 13  8   5.7  48.3   30   WSW
 13  9   5.8  57.9   15     W
 13 10   6.9  56.3   27    SW
 13 11   7.4  66.0    2     W
 13 12  11.3  78.9   27    SW
------------------------------
         7.2  78.9  Dec    SW