No particular awareness of the weather is required.   -   There are no Weather-warnings

NOAA-Style Climate Reports

Select a Year or Month report
2018: Jan Feb Mar Apr May Jun Jul Aug Sep Oct Nov Dec
2017: Jan Feb Mar Apr May Jun Jul Aug Sep Oct Nov Dec
2016: Jan Feb Mar Apr May Jun Jul Aug Sep Oct Nov Dec
2015: Jan Feb Mar Apr May Jun Jul Aug Sep Oct Nov Dec
2014: Jan Feb Mar Apr May Jun Jul Aug Sep Oct Nov Dec
2013: Jan Feb Mar Apr May Jun Jul Aug Sep Oct Nov Dec
2012: Jan Feb Mar Apr May Jun Jul Aug Sep Oct Nov Dec

Report for 2013 January
                   Monthly Climatological Summary for Jan 2013

Name: Loughlinstown   City: Co Dublin   State: Ireland
Elevation: 24 m  Lat: N 53° 14' 54"   Lon: W 006° 08' 01"

                  Temperature (°C), Rain (mm), Wind Speed (km/h)

                                      Heat  Cool        Avg
    Mean                              Deg   Deg         Wind                 Dom
Day Temp  High   Time   Low    Time   Days  Days  Rain  Speed High   Time    Dir
----------------------------------------------------------------------------------
 1   7.6  12.2   08:46   4.4   09:00  10.7   0.0   0.0  13.3  43.5   11:25     W
 2  12.6  14.7   14:28  11.9   19:57   5.7   0.0   0.0   9.7  48.3   09:58   WSW
 3  10.8  15.1   12:16   4.9   08:30   7.5   0.0   0.0   6.2  29.0   12:20   WSW
 4   8.1  11.1   13:36   4.6   06:05  10.2   0.0   0.0   2.2  25.7   22:20   SSE
 5   9.6  12.4   17:27   5.1   03:00   8.7   0.0   0.0   3.6  25.7   13:35   SSE
 6  10.0  10.8   13:56   8.8   05:49   8.3   0.0   1.0   4.3  40.2   12:17    SE
 7  11.9  12.9   13:23  10.4   09:00   6.4   0.0   0.2   7.3  35.4   11:02     S
 8   4.6  11.0   09:00  -1.6   07:24  13.7   0.0   0.0   5.5  35.4   10:23   WNW
 9   3.0   7.8   13:21  -0.9   21:06  15.3   0.0   0.2   0.6  12.9   14:49   SSE
10   4.5   7.5   15:11  -0.9   07:00  13.7   0.0   2.0   2.8  25.7   19:40     W
11   6.6   7.9   15:08   2.9   09:00  11.7   0.0   0.8   1.4  27.4   02:41   ESE
12   4.3   7.4   09:00  -0.8   08:13  14.0   0.0   0.0   7.4  24.1   19:46   ENE
13   4.7   6.7   03:59  -0.6   09:00  13.6   0.0   1.6   3.4  38.6   04:28     W
14   3.8   6.4   13:27   2.1   07:51  14.5   0.0   0.2  12.0  37.0   13:35     W
15   4.1   6.7   12:28  -0.3   18:49  14.2   0.0   0.0   6.2  35.4   02:11   SSE
16   5.3   6.5   08:58   4.4   15:27  13.0   0.0   5.6   6.7  25.7   17:45    SE
17   5.5   7.4   10:53   2.5   08:14  12.8   0.0  33.8  10.2  67.6   02:39    SE
18   3.2   4.4   21:10   1.6   06:54  15.1   0.0  36.6  17.5  48.3   11:43    SE
19   2.8   3.1   19:12   2.1   10:04  15.5   0.0   0.6   7.0  27.4   02:00     E
20   2.9   3.7   04:44   0.7   07:53  15.4   0.0   2.6   9.7  32.2   11:24     E
21   0.2   2.7   14:08  -2.9   07:20  17.4   0.0   0.0   3.4  16.1   13:00   WNW
22   0.9   3.2   08:59  -1.4   02:00  17.2   0.0   0.4   0.9  16.1   06:49     W
23   3.4   4.1   12:30   2.4   03:30  14.8   0.0   0.0   3.4  25.7   11:00   ESE
24   5.2   6.4   07:33   3.4   09:00  13.1   0.0   2.4   3.8  37.0   07:31   SSE
25   6.5   8.3   19:54   2.7   08:53  11.4   0.0  16.4  12.4  51.5   13:26    SW
26   8.8  12.7   21:00   2.8   09:00   9.5   0.0   1.8  10.3  51.5   05:20   SSW
27   4.6   7.5   13:27   3.3   06:49  13.6   0.0   2.4  20.2  66.0   14:07   WSW
28   8.8  11.0   15:12   4.8   09:26   9.5   0.0   6.0  19.3  67.6   22:12    SW
29   9.8  15.2   12:21   7.1   08:48   8.5   0.0   1.6  16.9  67.6   14:34    SW
30   7.7   9.7   10:48   5.3   07:50  10.6   0.0   6.2  19.4  66.0   11:07   WSW
----------------------------------------------------------------------------------
     6.1  15.2    29    -2.9    21   365.6   0.0 122.4   8.2  67.6    17      SW

Max >=  25.0:  0
Max <=   0.0:  0
Min <=   0.0:  8
Min <=  -5.0:  0
Max Rain: 36.6 on day 18
Days of Rain: 20 (>= 0.2 mm)  10 (>= 2.0 mm)  2 (>= 20.0 mm)
Heat Base: 18.3  Cool Base: 18.3  Method: Integration