No particular awareness of the weather is required.   -   There are no Weather-warnings

NOAA-Style Climate Reports

Select a Year or Month report
2018: Jan Feb Mar Apr May Jun Jul Aug Sep Oct Nov Dec
2017: Jan Feb Mar Apr May Jun Jul Aug Sep Oct Nov Dec
2016: Jan Feb Mar Apr May Jun Jul Aug Sep Oct Nov Dec
2015: Jan Feb Mar Apr May Jun Jul Aug Sep Oct Nov Dec
2014: Jan Feb Mar Apr May Jun Jul Aug Sep Oct Nov Dec
2013: Jan Feb Mar Apr May Jun Jul Aug Sep Oct Nov Dec
2012: Jan Feb Mar Apr May Jun Jul Aug Sep Oct Nov Dec

Report for 2013 February
                   Monthly Climatological Summary for Feb 2013

Name: Loughlinstown   City: Co Dublin   State: Ireland
Elevation: 24 m  Lat: N 53° 14' 54"   Lon: W 006° 08' 01"

                  Temperature (°C), Rain (mm), Wind Speed (km/h)

                                      Heat  Cool        Avg
    Mean                              Deg   Deg         Wind                 Dom
Day Temp  High   Time   Low    Time   Days  Days  Rain  Speed High   Time    Dir
----------------------------------------------------------------------------------
 6   3.9   8.8   11:34   2.2   22:30  11.4   0.0   0.2   8.8  53.1   09:24     W
 7   4.9   7.2   15:00   3.4   20:30  13.4   0.0   3.8   8.4  35.4   15:00   WNW
 8   7.0   8.2   15:00   5.3   09:00  11.3   0.0   1.8  10.6  32.2   12:30     W
 9   7.8  10.7   14:20   6.4   00:50  10.5   0.0  11.0   6.2  27.4   09:10   WSW
10   5.2   7.5   10:00   4.2   08:10  13.1   0.0  14.6   5.6  32.2   14:50    NW
11   3.9   4.8   11:00   3.6   02:00  14.4   0.0   4.4   2.7  16.1   11:50     E
12   4.9   7.1   08:50   3.6   09:00  13.4   0.0   4.6   4.6  35.4   05:40    SE
13   9.3  13.1   15:30   6.7   07:40   9.0   0.0   1.2   9.5  35.4   15:10    SW
14   7.2  10.8   12:50   2.1   07:30  11.1   0.0   0.0  11.3  35.4   10:10     W
15   7.1  10.9   15:00   3.4   20:10  11.2   0.0   0.0   2.8  14.5   07:50     S
16   8.6  12.1   13:20   7.2   06:40   9.7   0.0   0.0   6.8  35.4   23:30    SE
17   6.9   9.0   13:00   5.4   08:40  11.4   0.0   0.0  12.4  43.5   10:20    SE
18   4.6   7.9   15:20  -1.4   07:50  13.7   0.0   0.0   8.6  38.6   10:30    SE
19   3.3   8.2   13:00  -2.4   03:10  15.0   0.0   0.2   2.3  19.3   13:40    SE
20   4.8   6.9   10:20   2.3   07:20  13.5   0.0   0.0   8.5  40.2   22:00    SE
21   2.5   3.9   14:30   1.2   07:00  15.8   0.0   0.0  12.2  41.8   09:40    SE
22   2.5   2.9   00:50   1.5   07:10  15.8   0.0   0.0   6.9  25.7   10:20     E
23   2.0   2.9   11:40   0.6   17:30  16.3   0.0   3.2   3.5  19.3   01:30     N
24   2.7   6.1   15:05  -0.4   07:01  15.2   0.0 133.4   3.0  20.9   19:32   NNW
25   4.5   8.2   12:50   0.8   20:32  13.8   0.0   0.0   2.8  17.7   13:25   NNE
26   5.5   6.4   13:56   4.8   06:10  12.7   0.0   0.0   3.1  19.3   11:03   ENE
27   5.1   7.3   12:32   3.8   06:51  13.2   0.0   0.0   3.4  16.1   12:17     N
28   5.6   7.2   15:03   3.5   20:05  12.7   0.0   0.0   3.1  19.3   15:31   NNW
----------------------------------------------------------------------------------
     5.2  13.1    13    -2.4    19   297.6   0.0 178.4   6.3  53.1     6     SSW

Max >=  25.0:  0
Max <=   0.0:  0
Min <=   0.0:  3
Min <=  -5.0:  0
Max Rain: 133.4 on day 24
Days of Rain: 11 (>= 0.2 mm)  7 (>= 2.0 mm)  1 (>= 20.0 mm)
Heat Base: 18.3  Cool Base: 18.3  Method: Integration