No particular awareness of the weather is required.   -   There are no Weather-warnings

NOAA-Style Climate Reports

Select a Year or Month report
2018: Jan Feb Mar Apr May Jun Jul Aug Sep Oct Nov Dec
2017: Jan Feb Mar Apr May Jun Jul Aug Sep Oct Nov Dec
2016: Jan Feb Mar Apr May Jun Jul Aug Sep Oct Nov Dec
2015: Jan Feb Mar Apr May Jun Jul Aug Sep Oct Nov Dec
2014: Jan Feb Mar Apr May Jun Jul Aug Sep Oct Nov Dec
2013: Jan Feb Mar Apr May Jun Jul Aug Sep Oct Nov Dec
2012: Jan Feb Mar Apr May Jun Jul Aug Sep Oct Nov Dec

Report for 2013 March
                   Monthly Climatological Summary for Mar 2013

Name: Loughlinstown   City: Co Dublin   State: Ireland
Elevation: 24 m  Lat: N 53° 14' 54"   Lon: W 006° 08' 01"

                  Temperature (°C), Rain (mm), Wind Speed (km/h)

                                      Heat  Cool        Avg
    Mean                              Deg   Deg         Wind                 Dom
Day Temp  High   Time   Low    Time   Days  Days  Rain  Speed High   Time    Dir
----------------------------------------------------------------------------------
 1   4.8   9.1   12:07  -0.4   07:33  13.5   0.0   0.0   7.4  22.5   10:53    NE
 2   6.4   9.4   13:46   5.1   05:19  11.9   0.0   0.0   1.8  17.7   10:44   NNW
 3   5.6   8.2   12:39   3.1   19:24  12.6   0.0   0.0   3.0  20.9   05:57    SE
 4   1.6   6.3   10:35  -2.1   03:07  15.6   0.0   0.0   4.8  25.7   09:33   SSE
 5   6.1   9.5   13:37   4.4   09:00  10.7   0.0   0.0   1.2  12.9   10:54     E
 6   7.3   8.7   11:34   6.8   09:00  10.7   0.0   5.8   0.2  14.5   08:01   ESE
 7   7.5   7.8   10:15   7.2   02:16  10.8   0.0  21.6   2.9  25.7   08:56   ESE
 8   7.8   8.6   14:31   7.2   02:34  10.5   0.0   3.8   5.5  27.4   12:41   ESE
 9   5.4   7.4   09:00   4.1   04:04  13.0   0.0   7.0   5.9  41.8   07:49   ENE
10   2.5   4.4   13:29   0.1   07:40  15.8   0.0   0.0  17.6  56.3   21:18   ENE
11   0.9   2.2   10:38  -0.6   17:10  17.4   0.0   0.0  17.5  53.1   17:18    NE
12   3.1   6.1   12:58   1.1   09:06  15.2   0.0   0.0   8.8  30.6   02:31   WNW
13   3.6   8.7   12:02   0.2   05:09  14.7   0.0   0.4   7.7  30.6   17:49    NW
14   6.8   9.8   13:16   5.4   21:10  11.5   0.0   1.0   6.0  35.4   15:34    SW
15   4.8  11.0   13:24  -0.2   03:57  13.5   0.0   0.2   7.4  37.0   13:45   WSW
16   4.8   9.0   13:15   2.7   21:40  13.5   0.0   1.0   3.3  27.4   08:43   WNW
17   3.6   7.2   14:14   2.3   23:39  14.7   0.0   5.2   5.5  27.4   08:26   WNW
18   3.8   7.1   15:11   0.4   06:24  14.5   0.0   3.2   7.1  30.6   17:55   NNE
19   2.6   4.3   13:32   1.3   23:22  15.7   0.0  10.0   3.5  14.5   15:36    NW
20   4.9   7.3   13:40   2.1   20:19  13.3   0.0   1.4   3.4  41.8   06:49   ESE
21   5.1   6.3   10:30   4.2   13:18  13.2   0.0  55.0  16.5  54.7   20:34   ESE
22   4.3   5.4   15:25   3.1   01:10  14.0   0.0  32.6  14.5  54.7   09:07   ESE
23   3.2   4.3   13:04   1.8   08:03  15.1   0.0   0.0  10.9  35.4   08:29     E
24   2.3   3.2   08:58   1.8   09:00  16.0   0.0   0.0  15.6  43.5   07:45     E
25   2.8   4.3   14:21   1.1   07:45  15.5   0.0   0.0  16.7  43.5   10:40     E
26   2.3   4.2   13:02   0.3   03:11  16.0   0.0   0.0  12.7  40.2   19:00   ENE
27   1.8   4.1   14:47   0.5   09:36  16.5   0.0   1.2   8.6  35.4   12:59   ENE
28   3.4   5.9   15:18   1.4   09:00  14.9   0.0   1.8   9.0  32.2   00:08   ESE
29   3.5   5.1   16:27   2.0   03:35  14.8   0.0   0.0   9.6  27.4   00:43     E
30   4.6   6.4   11:40   3.2   19:36  13.5   0.0   0.0   7.7  40.2   07:58   ESE
31   4.3   6.6   13:48   2.7   04:56  14.0   0.0   0.0  12.5  40.2   13:05   ESE
----------------------------------------------------------------------------------
     4.2  11.0    15    -2.1     4   432.6   0.0 151.2   8.2  56.3    10       E

Max >=  25.0:  0
Max <=   0.0:  0
Min <=   0.0:  4
Min <=  -5.0:  0
Max Rain: 55.0 on day 21
Days of Rain: 16 (>= 0.2 mm)  9 (>= 2.0 mm)  3 (>= 20.0 mm)
Heat Base: 18.3  Cool Base: 18.3  Method: Integration