No particular awareness of the weather is required.   -   There are no Weather-warnings

NOAA-Style Climate Reports

Select a Year or Month report
2018: Jan Feb Mar Apr May Jun Jul Aug Sep Oct Nov Dec
2017: Jan Feb Mar Apr May Jun Jul Aug Sep Oct Nov Dec
2016: Jan Feb Mar Apr May Jun Jul Aug Sep Oct Nov Dec
2015: Jan Feb Mar Apr May Jun Jul Aug Sep Oct Nov Dec
2014: Jan Feb Mar Apr May Jun Jul Aug Sep Oct Nov Dec
2013: Jan Feb Mar Apr May Jun Jul Aug Sep Oct Nov Dec
2012: Jan Feb Mar Apr May Jun Jul Aug Sep Oct Nov Dec

Report for 2013 April
                   Monthly Climatological Summary for Apr 2013

Name: Loughlinstown   City: Co Dublin   State: Ireland
Elevation: 24 m  Lat: N 53° 14' 54"   Lon: W 006° 08' 01"

                  Temperature (°C), Rain (mm), Wind Speed (km/h)

                                      Heat  Cool        Avg
    Mean                              Deg   Deg         Wind                 Dom
Day Temp  High   Time   Low    Time   Days  Days  Rain  Speed High   Time    Dir
----------------------------------------------------------------------------------
 1   3.5   5.7   09:57   1.5   06:39  14.8   0.0   0.0   9.6  32.2   11:47   ESE
 2   5.2   8.0   15:14   2.4   07:09  13.1   0.0   0.0   9.0  30.6   22:35     E
 3   5.7   8.4   14:39   3.1   05:25  12.6   0.0   0.0   9.9  30.6   15:16    NE
 4   6.1   8.6   14:48   4.4   23:42  12.2   0.0   0.0  10.0  35.4   17:21   NNE
 5   3.3   8.3   11:47  -2.4   06:03  15.0   0.0   0.0   8.2  29.0   12:40   NNE
 6   4.0   9.1   14:06  -1.5   01:34  14.3   0.0   0.0   3.3  24.1   17:00   ESE
 7   6.1   8.1   12:50   4.6   02:59  12.2   0.0   0.0   4.8  30.6   15:22   ESE
 8   6.0   8.7   14:37   3.3   06:37  12.3   0.0   0.0  12.3  38.6   16:37     E
 9   5.4   8.7   16:22   3.4   04:44  12.9   0.0   0.2  10.1  33.8   10:28   ENE
10   7.0   8.9   13:25   5.9   21:18  11.3   0.0   3.0   2.6  22.5   08:54   ESE
11   6.2   8.6   15:03   3.8   23:28  12.1   0.0  13.2   3.6  29.0   09:55   SSE
12   7.3  12.9   15:55   0.7   06:31  11.0   0.0   1.2   4.8  35.4   10:31     W
13  10.1  12.6   01:23   7.1   12:49   8.2   0.0  10.8   7.4  41.8   00:03   SSE
14  12.4  15.3   14:43  10.2   06:18   5.9   0.0   0.0  14.8  56.3   02:45   SSW
15  11.9  17.2   14:26   8.9   06:50   6.4   0.0   3.6  14.2  48.3   09:53   SSW
16  11.3  15.9   15:45   7.6   00:18   7.0   0.0   1.8  12.6  48.3   13:54   SSW
17  10.7  14.6   11:17   7.7   03:46   7.6   0.0   4.8  15.4  72.4   23:02    SW
18   8.6  13.4   17:16   5.3   05:30   9.7   0.0   3.2  19.5  51.5   13:42     W
19   7.9  13.3   09:58   1.4   06:09  10.4   0.0   0.0   7.7  22.5   16:33   ESE
20  10.5  15.2   12:05   7.6   09:04   7.8   0.0   0.8   4.3  40.2   04:11     S
21   9.8  15.4   14:18   6.7   23:19   8.5   0.0   0.4   7.8  51.5   14:32   WSW
22  12.3  15.8   18:04   8.8   01:00   6.0   0.0   0.0  10.3  41.8   18:56   WSW
23  14.1  18.7   16:37  10.3   00:30   4.2   0.0   0.0   8.4  35.4   10:51   WSW
24   9.6  16.8   10:21   7.3   04:26   8.7   0.0   5.4   5.6  33.8   10:08   WNW
25   8.7  14.4   16:47   4.1   05:14   9.6   0.0   0.0   5.1  35.4   08:09   WNW
26   7.8  11.9   13:17   4.5   06:25  10.5   0.0   0.0  13.4  46.7   11:38   WNW
27   9.0  11.8   13:45   7.4   03:47   9.3   0.0   0.0   8.1  35.4   05:42   WNW
28   8.5  13.3   15:36   5.3   04:52   9.8   0.0   0.8   9.6  46.7   07:32     W
29   9.2  14.5   16:47   4.0   06:09   9.1   0.0   0.0  13.9  43.5   13:36   WNW
30   9.7  12.9   11:19   6.2   04:33   8.6   0.0   0.0   5.5  24.1   03:07    SW
----------------------------------------------------------------------------------
     8.3  18.7    23    -2.4     5   301.1   0.0  49.2   9.1  72.4    17      SW

Max >=  25.0:  0
Max <=   0.0:  0
Min <=   0.0:  2
Min <=  -5.0:  0
Max Rain: 13.2 on day 11
Days of Rain: 13 (>= 0.2 mm)  7 (>= 2.0 mm)  0 (>= 20.0 mm)
Heat Base: 18.3  Cool Base: 18.3  Method: Integration