No particular awareness of the weather is required.   -   There are no Weather-warnings

NOAA-Style Climate Reports

Select a Year or Month report
2018: Jan Feb Mar Apr May Jun Jul Aug Sep Oct Nov Dec
2017: Jan Feb Mar Apr May Jun Jul Aug Sep Oct Nov Dec
2016: Jan Feb Mar Apr May Jun Jul Aug Sep Oct Nov Dec
2015: Jan Feb Mar Apr May Jun Jul Aug Sep Oct Nov Dec
2014: Jan Feb Mar Apr May Jun Jul Aug Sep Oct Nov Dec
2013: Jan Feb Mar Apr May Jun Jul Aug Sep Oct Nov Dec
2012: Jan Feb Mar Apr May Jun Jul Aug Sep Oct Nov Dec

Report for 2013 May
                   Monthly Climatological Summary for May 2013

Name: Loughlinstown   City: Co Dublin   State: Ireland
Elevation: 24 m  Lat: N 53° 14' 54"   Lon: W 006° 08' 01"

                  Temperature (°C), Rain (mm), Wind Speed (km/h)

                                      Heat  Cool        Avg
    Mean                              Deg   Deg         Wind                 Dom
Day Temp  High   Time   Low    Time   Days  Days  Rain  Speed High   Time    Dir
----------------------------------------------------------------------------------
 1   9.4  16.4   16:35   2.5   04:59   8.9   0.0   0.0   4.6  25.7   13:08     W
 2  13.4  17.7   13:19  10.6   06:11   4.9   0.0   0.0   3.9  33.8   08:43    SW
 3  12.3  16.1   15:40   8.2   04:49   6.0   0.0   0.0  10.3  41.8   08:25   WSW
 4  14.0  17.4   17:37  11.7   10:00   4.3   0.0   0.0   9.9  35.4   10:26   WSW
 5  14.1  20.3   15:17  10.6   05:37   4.3   0.1   0.0   6.3  29.0   13:10    SW
 6  13.3  18.4   10:30   8.7   05:46   5.0   0.0   0.0   3.9  29.0   12:38    SE
 7  12.4  15.1   13:10  10.0   05:06   5.9   0.0  15.0   3.3  38.6   05:35   ESE
 8  10.9  17.4   14:17   7.4   04:56   7.4   0.0   1.8  10.3  53.1   09:35     S
 9  10.6  15.1   13:47   8.4   04:23   7.7   0.0   2.0  15.0  51.5   16:26     W
10  11.1  16.7   12:24   7.3   03:58   7.2   0.0   2.0  11.3  43.5   09:42   WSW
11   9.1  12.9   12:51   6.8   00:09   9.2   0.0   3.6  12.5  49.9   19:53     W
12  10.7  16.8   16:52   6.5   06:22   7.6   0.0   0.0   9.2  41.8   21:01   WSW
13   8.3  12.6   12:06   5.5   05:52  10.0   0.0   2.2  14.7  51.5   15:40     W
14   8.6  13.2   13:10   5.5   03:35   9.7   0.0   6.8   8.4  38.6   09:23   WNW
15   8.0  13.3   13:38   1.6   04:05  10.3   0.0   0.2  11.4  40.2   12:36   WNW
16   6.6  10.4   17:48   1.9   02:42  11.7   0.0  16.8   2.2  22.5   11:00    SE
17  10.7  14.0   18:28   7.7   05:37   7.6   0.0   0.0   4.3  25.7   08:29   NNW
18  10.8  13.8   10:51   9.0   05:43   7.5   0.0   0.0   7.3  27.4   12:30   WNW
19  13.3  15.6   13:20  11.5   10:00   5.0   0.0   0.0   2.2  24.1   06:30   NNW
20  12.3  17.2   15:36   9.1   06:32   6.0   0.0   0.0   8.4  41.8   01:26   WNW
21  13.2  19.8   16:52   9.2   05:05   5.2   0.1   0.0  10.2  32.2   11:31   WNW
22  10.3  16.1   15:43   5.6   05:15   8.0   0.0   0.0  10.4  40.2   15:25   WNW
23   8.7  12.6   13:09   6.2   04:25   9.6   0.0   0.4  13.0  53.1   14:03    NW
24  10.0  14.8   16:32   3.6   04:53   8.3   0.0   0.0  10.9  35.4   11:25     N
25  12.1  15.2   09:20   8.9   22:52   6.2   0.0   0.0   3.7  27.4   13:52   ESE
26  13.2  19.4   15:05   9.8   04:51   5.1   0.0   7.4   5.8  33.8   05:06   SSE
27  10.0  14.2   14:11   5.1   05:35   8.3   0.0   0.6   6.0  22.5   01:10    SW
28  11.4  13.8   15:10   9.3   04:52   6.9   0.0   9.8   4.1  29.0   07:52   NNE
29  15.2  20.0   16:17  10.9   05:17   3.2   0.2   0.0   9.6  35.4   07:19    NW
30  15.5  21.4   14:28   9.9   04:57   3.4   0.6   0.0  10.7  40.2   12:30   NNW
31  12.5  16.9   14:27   7.7   02:33   5.8   0.0   0.0   6.4  25.7   13:10   WNW
----------------------------------------------------------------------------------
    11.4  21.4    30     1.6    15   216.2   1.0  68.6   8.1  53.1     8       W

Max >=  25.0:  0
Max <=   0.0:  0
Min <=   0.0:  0
Min <=  -5.0:  0
Max Rain: 16.8 on day 16
Days of Rain: 13 (>= 0.2 mm)  9 (>= 2.0 mm)  0 (>= 20.0 mm)
Heat Base: 18.3  Cool Base: 18.3  Method: Integration