No particular awareness of the weather is required.   -   There are no Weather-warnings

NOAA-Style Climate Reports

Select a Year or Month report
2018: Jan Feb Mar Apr May Jun Jul Aug Sep Oct Nov Dec
2017: Jan Feb Mar Apr May Jun Jul Aug Sep Oct Nov Dec
2016: Jan Feb Mar Apr May Jun Jul Aug Sep Oct Nov Dec
2015: Jan Feb Mar Apr May Jun Jul Aug Sep Oct Nov Dec
2014: Jan Feb Mar Apr May Jun Jul Aug Sep Oct Nov Dec
2013: Jan Feb Mar Apr May Jun Jul Aug Sep Oct Nov Dec
2012: Jan Feb Mar Apr May Jun Jul Aug Sep Oct Nov Dec

Report for 2013 June
                   Monthly Climatological Summary for Jun 2013

Name: Loughlinstown   City: Co Dublin   State: Ireland
Elevation: 24 m  Lat: N 53° 14' 54"   Lon: W 006° 08' 01"

                  Temperature (°C), Rain (mm), Wind Speed (km/h)

                                      Heat  Cool        Avg
    Mean                              Deg   Deg         Wind                 Dom
Day Temp  High   Time   Low    Time   Days  Days  Rain  Speed High   Time    Dir
----------------------------------------------------------------------------------
 1  12.9  16.6   16:30  10.2   23:25   5.4   0.0   0.2   7.0  29.0   12:36     W
 2  14.2  16.1   10:30  11.5   04:58   4.1   0.0   0.0   2.7  22.5   14:44    SE
 3  13.6  18.8   15:09   7.4   04:20   4.7   0.0   0.0   2.3  16.1   12:51     E
 4  13.7  18.5   15:10   7.4   05:11   4.4   0.0   0.0   2.0  12.9   10:13     E
 5  13.5  18.1   12:50   6.8   04:26   4.8   0.0   0.0   2.6  20.9   15:48   ENE
 6  13.8  17.8   08:55   8.4   05:00   4.5   0.0   0.0   2.7  17.7   12:29    NE
 7  15.6  20.6   16:56   8.7   05:12   3.3   0.5   0.0   2.6  17.7   14:11   NNE
 8  17.6  21.1   14:52   9.7   23:56   0.9   0.5   0.0   2.7  17.7   12:01   NNE
 9  14.1  20.1   10:09   6.9   04:34   4.4   0.2   0.0   3.3  20.9   13:07   ESE
10  13.7  18.5   13:20   8.3   01:32   4.5   0.0   0.0   7.6  40.2   17:00    SE
11  13.6  19.1   14:38  10.7   05:08   4.7   0.0   5.4   8.3  32.2   07:46    SE
12  13.7  18.4   11:42  11.8   21:49   4.5   0.0   0.6   4.6  22.5   16:21   SSE
13  13.5  18.1   18:26   9.8   08:23   4.8   0.0   5.0   7.2  35.4   17:00     W
14  12.5  17.9   12:33   9.8   19:34   5.7   0.0   9.0   7.9  48.3   18:46   SSE
15  13.7  19.5   15:45   8.7   05:06   4.6   0.1   0.0  11.5  37.0   00:03   WSW
16  13.0  16.8   14:16  10.9   04:14   5.3   0.0   4.8   6.4  33.8   02:06   SSE
17  13.6  18.1   16:20  10.7   02:45   4.7   0.0   3.8   3.9  16.1   00:38    NE
18  15.5  21.8   11:10   9.2   02:36   3.1   0.3   0.0   3.3  20.9   09:37   NNE
19  15.6  21.5   13:54  11.5   23:55   3.0   0.2   0.0   5.0  25.7   13:19   WNW
20  14.4  18.8   13:30   9.6   02:09   3.9   0.0   0.0   2.5  17.7   10:00     E
21  15.6  20.8   13:57  12.5   23:39   2.8   0.1   1.4   6.8  27.4   15:21    SW
22  15.0  19.3   13:48  11.6   06:23   3.4   0.0   3.8  11.3  40.2   12:40   WSW
23  13.3  16.1   16:22  11.2   23:48   5.0   0.0   0.6  16.1  51.5   15:35   WNW
24  13.7  19.1   15:06   9.8   23:34   4.6   0.0   0.0   7.0  35.4   07:17     W
25  14.4  17.7   12:42   8.9   05:47   3.9   0.0   0.0   1.4  16.1   23:58     E
26  15.6  18.1   11:41  12.2   05:55   2.7   0.0   0.0   4.6  19.3   11:07     N
27  15.3  20.2   17:06  11.1   02:18   3.1   0.1   3.2   6.2  37.0   14:46   WNW
28  17.0  20.8   09:55  13.1   23:47   1.6   0.3   0.0  11.7  45.1   02:50     W
29  16.7  23.9   17:43  11.7   02:39   2.7   1.1   0.0   7.3  37.0   14:15     W
30  16.5  21.7   15:32  12.6   22:59   2.2   0.4   0.2   9.5  35.4   15:11   WSW
----------------------------------------------------------------------------------
    14.5  23.9    29     6.8     5   117.3   3.8  38.0   5.9  51.5    23     WSW

Max >=  25.0:  0
Max <=   0.0:  0
Min <=   0.0:  0
Min <=  -5.0:  0
Max Rain: 9.0 on day 14
Days of Rain: 12 (>= 0.2 mm)  7 (>= 2.0 mm)  0 (>= 20.0 mm)
Heat Base: 18.3  Cool Base: 18.3  Method: Integration