No particular awareness of the weather is required.   -   There are no Weather-warnings

NOAA-Style Climate Reports

Select a Year or Month report
2018: Jan Feb Mar Apr May Jun Jul Aug Sep Oct Nov Dec
2017: Jan Feb Mar Apr May Jun Jul Aug Sep Oct Nov Dec
2016: Jan Feb Mar Apr May Jun Jul Aug Sep Oct Nov Dec
2015: Jan Feb Mar Apr May Jun Jul Aug Sep Oct Nov Dec
2014: Jan Feb Mar Apr May Jun Jul Aug Sep Oct Nov Dec
2013: Jan Feb Mar Apr May Jun Jul Aug Sep Oct Nov Dec
2012: Jan Feb Mar Apr May Jun Jul Aug Sep Oct Nov Dec

Report for 2013 July
                   Monthly Climatological Summary for Jul 2013

Name: Loughlinstown   City: Co Dublin   State: Ireland
Elevation: 24 m  Lat: N 53° 14' 54"   Lon: W 006° 08' 01"

                  Temperature (°C), Rain (mm), Wind Speed (km/h)

                                      Heat  Cool        Avg
    Mean                              Deg   Deg         Wind                 Dom
Day Temp  High   Time   Low    Time   Days  Days  Rain  Speed High   Time    Dir
----------------------------------------------------------------------------------
 1  14.9  19.0   14:35  11.4   02:59   3.4   0.0   0.0   6.0  27.4   00:22     W
 2  14.3  18.4   17:14  12.1   04:30   4.0   0.0   5.8   5.2  30.6   06:04   SSE
 3  16.2  22.4   15:57  11.9   05:47   2.5   0.5   0.2   6.7  32.2   07:33     W
 4  17.6  21.3   13:46  12.8   23:55   1.3   0.6   0.0   9.5  37.0   16:42   WSW
 5  15.9  21.3   18:56   9.8   05:08   2.8   0.4   0.0   4.0  22.5   16:33   ESE
 6  15.0  20.2   16:32   7.2   05:21   3.6   0.3   0.0   3.1  20.9   13:15   ESE
 7  18.2  21.7   14:16  13.9   00:35   1.0   0.9   0.0   2.6  16.1   09:02   NNE
 8  18.7  25.3   12:59  12.6   05:10   1.8   2.2   0.0   1.6  14.5   14:28   ENE
 9  20.0  25.6   10:58  13.0   04:17   1.4   3.1   0.0   1.8  12.9   13:49     E
10  18.8  22.8   15:26  13.8   05:08   1.2   1.7   0.0   2.9  19.3   09:37     N
11  17.7  21.6   09:28  12.3   05:02   1.8   1.2   0.0   2.0  17.7   12:49     E
12  18.3  24.2   13:58  10.6   05:21   2.0   2.0   0.0   1.9  14.5   13:40     E
13  18.7  23.8   10:03  13.8   23:50   0.9   1.3   0.0   3.5  25.7   06:44    NE
14  16.9  22.2   15:42  12.9   02:58   2.2   0.8   0.0   2.6  19.3   14:22     E
15  17.1  21.8   13:27  13.1   23:56   1.7   0.5   0.0   3.7  20.9   03:23    NW
16  18.0  24.0   12:02  12.1   01:19   1.4   1.1   0.0   2.7  22.5   12:16   SSW
17  19.5  23.9   17:10  14.9   23:57   0.5   1.7   0.0   1.7  14.5   14:01     E
18  19.8  24.8   12:33  12.4   05:00   1.4   2.9   0.0   2.3  14.5   11:05   ENE
19  20.4  25.8   18:50  15.4   03:01   0.7   2.8   0.0   2.3  17.7   13:52   ENE
20  19.0  22.4   16:53  14.6   05:40   0.8   1.5   0.0   3.1  24.1   11:16     E
21  17.0  20.6   16:42  13.3   05:48   1.7   0.4   0.0   2.3  19.3   18:04     E
22  17.9  20.7   18:11  14.4   01:28   1.1   0.7   0.0   3.3  24.1   16:29   ESE
23  19.1  25.1   14:40  15.5   04:33   0.6   1.4   0.0   4.4  25.7   14:14    SE
24  18.2  23.1   16:51  15.7   03:17   0.7   0.7   8.0   5.0  30.6   17:39    SE
25  17.6  21.4   13:58  14.8   23:57   1.3   0.6   5.6   2.4  25.7   00:46   ESE
26  17.4  21.7   17:47  12.3   06:01   1.7   0.8   0.2   3.9  27.4   14:34    SE
27  16.1  20.9   14:32  10.9   04:26   2.5   0.4   0.0   3.7  22.5   11:45   ESE
28  16.0  22.4   10:57  10.5   04:30   2.8   0.5   8.8   3.0  29.0   16:13    SE
29  18.1  24.4   13:10  13.9   02:02   1.3   1.1   1.0   4.1  32.2   13:55   WSW
30  18.4  24.2   13:32  13.1   04:48   1.5   1.6   0.0   6.9  33.8   14:30   WSW
31  15.8  22.0   18:31  14.2   05:31   2.4   0.3   3.6   4.1  25.7   19:42   SSE
----------------------------------------------------------------------------------
    17.6  25.8    19     7.2     6    54.0  34.0  33.2   3.6  37.0     4      SE

Max >=  25.0:  4
Max <=   0.0:  0
Min <=   0.0:  0
Min <=  -5.0:  0
Max Rain: 8.8 on day 28
Days of Rain: 8 (>= 0.2 mm)  5 (>= 2.0 mm)  0 (>= 20.0 mm)
Heat Base: 18.3  Cool Base: 18.3  Method: Integration