No particular awareness of the weather is required.   -   There are no Weather-warnings

NOAA-Style Climate Reports

Select a Year or Month report
2018: Jan Feb Mar Apr May Jun Jul Aug Sep Oct Nov Dec
2017: Jan Feb Mar Apr May Jun Jul Aug Sep Oct Nov Dec
2016: Jan Feb Mar Apr May Jun Jul Aug Sep Oct Nov Dec
2015: Jan Feb Mar Apr May Jun Jul Aug Sep Oct Nov Dec
2014: Jan Feb Mar Apr May Jun Jul Aug Sep Oct Nov Dec
2013: Jan Feb Mar Apr May Jun Jul Aug Sep Oct Nov Dec
2012: Jan Feb Mar Apr May Jun Jul Aug Sep Oct Nov Dec

Report for 2013 August
                   Monthly Climatological Summary for Aug 2013

Name: Loughlinstown   City: Co Dublin   State: Ireland
Elevation: 24 m  Lat: N 53° 14' 54"   Lon: W 006° 08' 01"

                  Temperature (°C), Rain (mm), Wind Speed (km/h)

                                      Heat  Cool        Avg
    Mean                              Deg   Deg         Wind                 Dom
Day Temp  High   Time   Low    Time   Days  Days  Rain  Speed High   Time    Dir
----------------------------------------------------------------------------------
 1  18.1  20.3   14:24  17.2   21:31   0.2   0.1   0.2   8.1  35.4   14:37    SE
 2  19.0  23.2   16:23  15.1   23:28   0.9   1.6   0.2   8.1  37.0   13:35     S
 3  17.1  23.7   14:16  13.9   05:37   1.8   0.7   0.8   9.1  33.8   11:10    SW
 4  16.0  20.2   14:07  11.4   04:57   2.5   0.2   2.8   3.2  25.7   13:01    SE
 5  16.8  21.8   14:58  13.4   22:15   2.1   0.6   0.8   6.4  30.6   13:05   WNW
 6  16.2  20.2   13:20  11.7   23:57   2.3   0.2   0.0   3.4  25.7   16:50   SSE
 7  15.9  21.5   09:59  10.1   04:39   3.1   0.7   0.0   2.1  16.1   12:26   ENE
 8  18.0  24.4   14:53  13.2   00:00   1.6   1.3   0.0   4.7  30.6   23:32     S
 9  16.4  19.2   12:51  14.2   05:40   1.9   0.0   0.0   8.4  38.6   01:59     W
10  17.7  23.8   16:50  13.5   05:16   1.9   1.3   0.4   5.8  29.0   20:14   WSW
11  16.3  21.6   15:11  12.1   05:11   2.4   0.5   0.0   9.5  35.4   17:00     W
12  15.7  20.9   15:21  12.3   06:19   2.8   0.2   0.6  10.8  35.4   07:29     W
13  16.0  21.2   13:10  12.9   06:17   2.5   0.2   0.4   5.2  25.7   02:07     W
14  18.2  24.2   15:18  12.3   01:59   1.6   1.6   0.4   3.1  20.9   16:25     S
15  19.0  22.2   12:37  17.2   23:44   0.2   0.9   8.2   3.8  27.4   17:26   SSW
16  17.7  23.3   17:42  12.4   04:38   1.8   1.2   0.4   6.1  29.0   15:55     W
17  18.1  24.1   16:07  14.3   23:56   1.1   0.9   1.8   9.0  40.2   08:42    SW
18  15.8  20.2   15:02  13.1   01:54   2.6   0.1   0.2   8.6  32.2   11:49     W
19  16.5  22.7   16:09  11.4   04:58   2.5   0.7   0.0   6.5  29.0   15:47     W
20  18.0  22.1   10:34  13.6   05:15   1.4   1.1   0.0   4.5  29.0   23:59   SSW
21  19.0  22.7   14:59  16.4   21:16   0.4   1.2   0.0   6.6  29.0   00:04   WSW
22  15.9  18.8   15:48  14.1   02:38   2.5   0.0   0.0   3.9  24.1   14:44   ESE
23  15.7  17.5   11:04  13.4   23:33   2.6   0.0   4.4   3.1  25.7   22:30   SSE
24  14.6  18.4   13:14  10.5   06:36   3.7   0.0   0.6   5.4  24.1   00:14     W
25  16.8  22.4   15:10  13.8   04:25   2.3   0.8   0.4   3.3  19.3   15:48     N
26  16.2  21.4   12:36  12.4   23:59   2.3   0.3   0.0   2.9  17.7   21:22   NNW
27  16.4  22.8   12:36  11.9   01:07   2.4   0.5   0.4   2.8  20.9   21:08    NW
28  15.5  19.7   17:52  11.9   07:32   2.9   0.1   0.0   2.5  22.5   14:08     E
29  19.2  25.5   16:37  14.7   01:33   1.1   2.0   0.0   4.6  32.2   10:57   WSW
30  17.1  23.7   12:22  11.1   05:04   2.7   1.5   0.0   7.1  48.3   16:18     W
31  14.0  19.8   13:35   9.4   06:39   4.3   0.0   0.0   7.6  32.2   11:03   WNW
----------------------------------------------------------------------------------
    16.9  25.5    29     9.4    31    64.4  20.5  23.0   5.7  48.3    30     WSW

Max >=  25.0:  1
Max <=   0.0:  0
Min <=   0.0:  0
Min <=  -5.0:  0
Max Rain: 8.2 on day 15
Days of Rain: 17 (>= 0.2 mm)  3 (>= 2.0 mm)  0 (>= 20.0 mm)
Heat Base: 18.3  Cool Base: 18.3  Method: Integration