No particular awareness of the weather is required.   -   There are no Weather-warnings

NOAA-Style Climate Reports

Select a Year or Month report
2018: Jan Feb Mar Apr May Jun Jul Aug Sep Oct Nov Dec
2017: Jan Feb Mar Apr May Jun Jul Aug Sep Oct Nov Dec
2016: Jan Feb Mar Apr May Jun Jul Aug Sep Oct Nov Dec
2015: Jan Feb Mar Apr May Jun Jul Aug Sep Oct Nov Dec
2014: Jan Feb Mar Apr May Jun Jul Aug Sep Oct Nov Dec
2013: Jan Feb Mar Apr May Jun Jul Aug Sep Oct Nov Dec
2012: Jan Feb Mar Apr May Jun Jul Aug Sep Oct Nov Dec

Report for 2013 September
                   Monthly Climatological Summary for Sep 2013

Name: Loughlinstown   City: Co Dublin   State: Ireland
Elevation: 24 m  Lat: N 53° 14' 54"   Lon: W 006° 08' 01"

                  Temperature (°C), Rain (mm), Wind Speed (km/h)

                                      Heat  Cool        Avg
    Mean                              Deg   Deg         Wind                 Dom
Day Temp  High   Time   Low    Time   Days  Days  Rain  Speed High   Time    Dir
----------------------------------------------------------------------------------
 1  15.0  20.3   14:33  11.5   02:45   3.5   0.1   0.0   8.5  33.8   19:24     W
 2  18.9  24.4   15:24  13.8   00:17   1.2   1.8   0.0   7.6  40.2   06:03     W
 3  17.9  25.5   16:43  11.6   23:58   1.8   1.4   0.0   2.6  24.1   13:05    SE
 4  15.6  23.4   16:54   7.5   06:17   3.8   1.1   0.0   3.7  27.4   13:00    SE
 5  14.6  19.7   13:48  10.7   23:59   3.8   0.0   2.0   4.6  30.6   03:56   WNW
 6  12.0  17.8   15:40   7.8   04:52   6.3   0.0   2.2   7.0  29.0   15:43     N
 7  10.0  12.2   12:36   8.6   06:04   8.3   0.0   4.2  10.0  35.4   12:13     W
 8  11.8  15.9   18:06   6.4   23:30   6.5   0.0   0.4   4.5  27.4   05:40   WSW
 9  12.2  18.8   14:38   5.4   05:15   6.1   0.0   0.0   5.1  29.0   15:12    NW
10  14.1  19.1   12:32   9.8   06:07   4.2   0.0   0.0   9.3  32.2   09:55   WNW
11  15.5  19.6   13:21  12.1   06:52   2.9   0.1   1.0   9.8  38.6   13:11   WNW
12  16.8  19.8   11:04  13.2   05:43   1.8   0.3   2.4   4.1  25.7   22:16   WNW
13  12.3  14.9   16:18  10.3   22:21   6.0   0.0   0.6   3.5  19.3   01:24   WNW
14  12.0  17.3   14:20   8.6   04:00   6.3   0.0   0.0   4.1  22.5   10:40   WNW
15  14.0  19.0   13:01   9.3   20:34   4.4   0.0   0.4  14.5  57.9   08:30   WSW
16  10.6  14.6   14:19   8.2   07:08   7.7   0.0   0.6  17.8  51.5   02:17     W
17  10.7  12.2   14:39   9.8   02:13   7.6   0.0  14.6   5.2  41.8   01:44     W
18  11.3  15.2   13:11   8.8   05:48   7.0   0.0   0.2   7.9  37.0   12:39     W
19  13.8  18.6   13:42   9.5   03:04   4.5   0.0   1.4  11.1  43.5   22:22     W
20  13.3  18.7   16:13   9.7   22:07   5.0   0.0   0.0   3.9  27.4   00:01   WSW
21  17.9  24.8   17:46  11.2   00:00   2.0   1.6   0.0   2.9  22.5   14:54    SW
22  18.2  23.3   16:02  13.3   07:10   1.3   1.2   0.0   4.1  22.5   23:10   SSE
23  16.7  20.6   14:23  14.6   20:48   1.9   0.3   0.0   5.4  24.1   14:57    SE
24  14.9  17.8   11:10  13.6   07:12   3.4   0.0   1.6   2.9  20.9   13:07   ESE
25  14.3  15.7   11:27  13.4   22:05   4.0   0.0   1.8   0.6  11.3   12:57   ENE
26  14.1  14.7   17:40  13.6   00:00   4.2   0.0   3.8   2.6  22.5   18:02    SE
27  14.9  17.8   12:38  11.4   23:50   3.4   0.0   0.2   2.3  22.5   12:42   ESE
28  14.1  19.2   14:34   9.1   06:31   4.3   0.1   0.0   0.9  12.9   12:07   NNE
29  14.1  17.0   14:39  10.0   23:23   4.2   0.0   0.0   2.5  19.3   10:07   ESE
30  14.1  15.3   09:30  10.4   00:00   4.2   0.0   0.6   4.4  24.1   13:12    SE
----------------------------------------------------------------------------------
    14.2  25.5     3     5.4     9   131.6   8.0  38.0   5.8  57.9    15       W

Max >=  25.0:  1
Max <=   0.0:  0
Min <=   0.0:  0
Min <=  -5.0:  0
Max Rain: 14.6 on day 17
Days of Rain: 17 (>= 0.2 mm)  6 (>= 2.0 mm)  0 (>= 20.0 mm)
Heat Base: 18.3  Cool Base: 18.3  Method: Integration