No particular awareness of the weather is required.   -   There are no Weather-warnings

NOAA-Style Climate Reports

Select a Year or Month report
2018: Jan Feb Mar Apr May Jun Jul Aug Sep Oct Nov Dec
2017: Jan Feb Mar Apr May Jun Jul Aug Sep Oct Nov Dec
2016: Jan Feb Mar Apr May Jun Jul Aug Sep Oct Nov Dec
2015: Jan Feb Mar Apr May Jun Jul Aug Sep Oct Nov Dec
2014: Jan Feb Mar Apr May Jun Jul Aug Sep Oct Nov Dec
2013: Jan Feb Mar Apr May Jun Jul Aug Sep Oct Nov Dec
2012: Jan Feb Mar Apr May Jun Jul Aug Sep Oct Nov Dec

Report for 2013 October
                   Monthly Climatological Summary for Oct 2013

Name: Loughlinstown   City: Co Dublin   State: Ireland
Elevation: 24 m  Lat: N 53° 14' 54"   Lon: W 006° 08' 01"

                  Temperature (°C), Rain (mm), Wind Speed (km/h)

                                      Heat  Cool        Avg
    Mean                              Deg   Deg         Wind                 Dom
Day Temp  High   Time   Low    Time   Days  Days  Rain  Speed High   Time    Dir
----------------------------------------------------------------------------------
 1  14.3  14.9   01:47  13.3   07:46   4.0   0.0  17.0   6.8  27.4   15:40    SE
 2  15.5  16.4   20:16  14.4   02:39   2.8   0.0  16.2   8.8  30.6   00:52    SE
 3  15.8  17.2   13:28  14.7   21:55   2.5   0.0  17.8   5.8  25.7   07:07    SE
 4  15.1  19.1   14:08  12.2   23:57   3.2   0.0   0.6   5.5  33.8   12:16     W
 5  14.9  20.9   16:25   9.2   02:48   3.7   0.3   0.0   4.3  22.5   11:20    SW
 6  17.1  21.4   14:22  12.6   01:05   1.5   0.3   0.0   4.4  30.6   14:39     S
 7  17.8  19.8   17:26  15.6   00:36   0.7   0.2   0.0   5.7  38.6   18:52     S
 8  15.5  18.2   15:22  12.9   23:59   2.8   0.0   0.0   5.9  29.0   11:22     W
 9  11.0  13.8   13:40   6.4   23:53   7.3   0.0   0.0  10.6  38.6   12:50   WNW
10   8.8  13.4   15:38   4.9   05:04   9.5   0.0   0.0   7.1  30.6   05:48    NW
11  11.5  14.9   15:13   8.2   00:00   6.8   0.0   0.0   8.8  30.6   04:48    NE
12  12.0  12.8   12:12  10.5   04:28   6.3   0.0   0.0   6.9  29.0   01:16    NE
13  11.4  12.8   16:27  10.2   19:34   6.9   0.0   0.2   5.2  20.9   10:37   NNW
14  10.9  12.8   13:30   8.3   22:00   7.3   0.0   0.8   5.6  32.2   11:55     N
15  10.5  14.9   16:31   4.8   07:49   7.8   0.0   0.0   1.9  25.7   23:56     E
16  12.1  14.4   15:53  10.5   10:52   6.2   0.0  28.6   8.8  40.2   06:29   SSE
17  13.0  18.1   14:10   8.7   04:30   5.3   0.0   0.0   2.7  22.5   12:21   WSW
18  13.3  14.3   23:58  11.8   13:23   5.0   0.0  21.4   9.4  43.5   19:05    SE
19  14.0  16.6   12:05  11.1   23:45   4.3   0.0   4.0   6.1  30.6   13:28   SSE
20  13.1  17.0   16:53   9.7   01:06   5.2   0.0   2.0   6.3  35.4   13:02     S
21  13.2  16.7   16:44   8.8   04:21   5.1   0.0  14.2   4.2  32.2   23:34    SE
22  14.6  17.3   14:55  13.1   23:14   3.7   0.0   4.4   5.0  25.7   15:03   SSE
23  11.0  13.8   14:47   6.3   23:58   7.3   0.0   0.6   8.4  48.3   06:37     W
24  10.6  14.7   15:24   5.1   00:44   7.7   0.0   6.6   3.5  29.0   14:33   ESE
25  13.7  15.4   16:45  12.9   00:00   4.6   0.0  14.6   6.5  37.0   04:58   SSE
26  11.3  14.4   10:53   8.8   08:09   7.0   0.0   4.8   6.2  38.6   15:03   SSW
27  11.7  14.3   11:00   9.6   04:26   6.9   0.0   2.6  14.4  56.3   12:23    SW
28  10.2  12.8   13:35   8.1   23:49   8.1   0.0   0.2  13.0  51.5   20:37     W
29   8.5  12.3   15:08   5.3   23:59   9.8   0.0   0.2  10.4  40.2   12:43     W
30   9.8  14.0   15:03   3.8   00:52   8.5   0.0   1.0   7.0  43.5   13:42   SSW
31  10.7  14.9   14:15   8.4   01:26   7.6   0.0   0.6   7.2  35.4   14:49   SSW
----------------------------------------------------------------------------------
    12.7  21.4     6     3.8    30   175.4   0.8 158.4   6.9  56.3    27     SSW

Max >=  25.0:  0
Max <=   0.0:  0
Min <=   0.0:  0
Min <=  -5.0:  0
Max Rain: 28.6 on day 16
Days of Rain: 21 (>= 0.2 mm)  13 (>= 2.0 mm)  2 (>= 20.0 mm)
Heat Base: 18.3  Cool Base: 18.3  Method: Integration