No particular awareness of the weather is required.   -   There are no Weather-warnings

NOAA-Style Climate Reports

Select a Year or Month report
2018: Jan Feb Mar Apr May Jun Jul Aug Sep Oct Nov Dec
2017: Jan Feb Mar Apr May Jun Jul Aug Sep Oct Nov Dec
2016: Jan Feb Mar Apr May Jun Jul Aug Sep Oct Nov Dec
2015: Jan Feb Mar Apr May Jun Jul Aug Sep Oct Nov Dec
2014: Jan Feb Mar Apr May Jun Jul Aug Sep Oct Nov Dec
2013: Jan Feb Mar Apr May Jun Jul Aug Sep Oct Nov Dec
2012: Jan Feb Mar Apr May Jun Jul Aug Sep Oct Nov Dec

Report for 2013 November
                   Monthly Climatological Summary for Nov 2013

Name: Loughlinstown   City: Co Dublin   State: Ireland
Elevation: 24 m  Lat: N 53° 14' 54"   Lon: W 006° 08' 01"

                  Temperature (°C), Rain (mm), Wind Speed (km/h)

                                      Heat  Cool        Avg
    Mean                              Deg   Deg         Wind                 Dom
Day Temp  High   Time   Low    Time   Days  Days  Rain  Speed High   Time    Dir
----------------------------------------------------------------------------------
 1   7.9  12.3   15:05   1.6   23:50  10.4   0.0   0.0   3.0  19.3   11:55    SW
 2   7.0  10.9   12:31   0.6   02:25  11.3   0.0   7.4  15.3  66.0   16:25   WSW
 3   7.6  11.0   14:06   4.8   23:58  10.7   0.0   0.8  10.6  49.9   07:12     W
 4   6.4  10.2   13:36   3.1   02:49  11.9   0.0   0.2   5.8  30.6   09:33     W
 5   9.1  11.6   12:18   6.8   00:00   9.2   0.0   1.6  13.4  48.3   06:17     W
 6   8.2  10.2   12:19   5.8   23:42  10.1   0.0   1.4   4.0  24.1   01:20   WSW
 7   7.9  11.3   13:04   4.4   06:42  10.4   0.0   0.0   8.6  41.8   14:03    SW
 8   7.2  10.6   11:45   3.7   23:08  11.1   0.0   0.0   5.6  29.0   16:17   WSW
 9   6.3   9.5   10:56   3.3   02:06  12.0   0.0   0.0   4.9  29.0   11:08   WSW
10   7.4  11.0   23:52   3.2   08:24  10.9   0.0   5.6   6.4  32.2   18:37   SSW
11  13.0  15.8   11:29  10.9   00:00   5.3   0.0   0.0   4.9  27.4   08:15   WSW
12   8.7  11.3   11:17   3.6   23:44   9.6   0.0   0.0   6.9  30.6   13:40     W
13   8.3  11.4   14:27   3.7   00:00   9.9   0.0   0.6   9.5  53.1   20:46    SW
14   8.1   9.9   12:27   6.2   07:46  10.2   0.0   0.4  12.9  45.1   02:02   WNW
15   9.5  11.5   12:33   8.0   00:00   8.8   0.0   0.0   5.2  27.4   15:51     W
16  10.4  12.9   15:02   8.5   00:00   7.9   0.0   0.0   3.2  22.5   12:51   WSW
17  11.0  12.8   14:30  10.1   05:28   7.3   0.0   5.8   1.8  22.5   08:35    SE
18   6.5  10.7   00:00   3.0   23:24  11.7   0.0   2.4   8.6  35.4   23:34   WNW
19   3.8   7.2   23:57   1.3   05:50  14.5   0.0   0.0  12.6  45.1   21:43     W
20   6.7   8.6   06:11   3.8   23:28  11.6   0.0   1.8  17.8  56.3   05:32   WNW
21   4.5   5.7   13:11   3.4   01:54  13.8   0.0   0.0   9.0  40.2   00:17    NW
22   3.8   7.2   13:44   1.0   19:17  14.5   0.0   0.4   3.2  20.9   03:10    NW
23   5.9   8.5   12:18   1.1   02:50  12.4   0.0   0.0   5.3  22.5   17:58   WNW
24   7.2   8.4   13:02   6.6   22:58  11.1   0.0   0.0   1.9  16.1   01:11   WNW
25   7.1   8.9   13:18   6.2   02:11  11.2   0.0   0.0   3.6  19.3   20:04   WNW
26   7.9   9.6   12:45   5.2   07:10  10.4   0.0   0.0   5.8  29.0   21:00   WNW
27   9.1   9.9   12:01   7.3   07:38   9.2   0.0   0.0   6.5  27.4   02:36   WNW
28   9.6  10.8   12:28   8.7   00:00   8.7   0.0   0.6   2.8  19.3   23:52     W
29   8.5  10.3   08:00   6.2   23:57   9.8   0.0   0.0  13.3  46.7   06:49   WNW
30   7.1   9.1   13:54   5.3   08:06  11.2   0.0   0.0   8.1  32.2   02:30   WNW
----------------------------------------------------------------------------------
     7.7  15.8    11     0.6     2   317.1   0.0  29.0   7.4  66.0     2       W

Max >=  25.0:  0
Max <=   0.0:  0
Min <=   0.0:  0
Min <=  -5.0:  0
Max Rain: 7.4 on day 2
Days of Rain: 13 (>= 0.2 mm)  4 (>= 2.0 mm)  0 (>= 20.0 mm)
Heat Base: 18.3  Cool Base: 18.3  Method: Integration