No particular awareness of the weather is required.   -   There are no Weather-warnings

NOAA-Style Climate Reports

Select a Year or Month report
2018: Jan Feb Mar Apr May Jun Jul Aug Sep Oct Nov Dec
2017: Jan Feb Mar Apr May Jun Jul Aug Sep Oct Nov Dec
2016: Jan Feb Mar Apr May Jun Jul Aug Sep Oct Nov Dec
2015: Jan Feb Mar Apr May Jun Jul Aug Sep Oct Nov Dec
2014: Jan Feb Mar Apr May Jun Jul Aug Sep Oct Nov Dec
2013: Jan Feb Mar Apr May Jun Jul Aug Sep Oct Nov Dec
2012: Jan Feb Mar Apr May Jun Jul Aug Sep Oct Nov Dec

Report for 2013 December
                   Monthly Climatological Summary for Dec 2013

Name: Loughlinstown   City: Co Dublin   State: Ireland
Elevation: 24 m  Lat: N 53° 14' 54"   Lon: W 006° 08' 01"

                  Temperature (°C), Rain (mm), Wind Speed (km/h)

                                      Heat  Cool        Avg
    Mean                              Deg   Deg         Wind                 Dom
Day Temp  High   Time   Low    Time   Days  Days  Rain  Speed High   Time    Dir
----------------------------------------------------------------------------------
 1   8.8  10.9   12:57   7.3   07:04   9.4   0.0   0.0   3.2  19.3   05:35   WNW
 2   8.1  10.3   12:44   5.7   09:06  10.2   0.0   0.0   1.0  16.1   21:35   SSW
 3   7.2  11.4   12:40   1.7   03:55  11.1   0.0   0.2   3.6  27.4   17:26   WSW
 4   6.0   7.9   00:00   4.2   07:04  12.3   0.0   0.6   9.9  32.2   10:47     W
 5   7.4  11.4   11:04   4.4   23:16  10.9   0.0   0.4  19.5  75.6   09:11     W
 6   7.4  10.1   14:17   4.4   00:44  10.9   0.0   0.0   6.7  33.8   01:44     W
 7   8.5   9.6   13:32   7.1   06:40   9.8   0.0   0.0   8.6  33.8   22:16    SW
 8  11.2  13.6   11:28   8.5   00:28   7.1   0.0   0.0  13.6  51.5   17:00   WSW
 9  10.4  12.1   12:40   8.9   08:50   7.8   0.0   0.0   6.2  25.7   02:58     S
10  11.9  13.0   11:25  10.2   00:00   6.4   0.0   0.0   8.4  38.6   21:06   SSE
11  10.8  12.2   00:00   9.9   15:18   7.5   0.0   0.0  12.7  51.5   09:25   SSE
12  13.3  15.8   12:33  11.8   00:00   5.0   0.0   0.2  11.8  41.8   08:07   SSE
13  10.5  13.1   04:58   5.7   23:48   7.8   0.0   0.8  11.9  54.7   20:19    SW
14   9.5  12.9   15:49   4.8   03:04   8.8   0.0   7.4  12.9  59.5   15:10   SSW
15   9.9  13.4   13:24   5.3   04:24   8.4   0.0   0.2  12.9  56.3   01:10   SSW
16   7.0  11.0   00:00   5.3   05:24  11.3   0.0   2.0   8.0  32.2   03:44   WSW
17   5.7   9.1   23:51  -0.3   07:58  12.6   0.0   0.0   7.4  41.8   23:11     S
18   9.3  11.9   13:16   4.1   23:58   9.0   0.0  13.4  13.3  57.9   16:52     S
19   4.0   5.3   14:01   3.3   01:54  14.3   0.0   1.2  17.9  53.1   20:15   WSW
20   8.6  12.7   20:49   4.1   00:15   9.7   0.0   3.2  17.1  66.0   21:12    SW
21   7.9  10.8   06:47   5.2   15:41  10.4   0.0   8.4  17.0  51.5   00:03    SW
22   4.4   6.6   01:09   1.9   15:39  13.9   0.0   4.6  16.6  62.8   09:13   WSW
23   8.5  12.3   12:54   2.7   02:58   9.7   0.0  11.4  13.8  59.5   23:39   SSW
24   5.2   6.9   13:24   3.8   05:21  13.1   0.0   0.8  19.6  64.4   12:29    SW
25   2.3   7.3   12:05  -1.4   21:03  16.0   0.0   0.0   1.8  19.3   00:00   WSW
26   5.4  10.1   22:30  -0.7   00:00  12.9   0.0  15.2  10.1  67.6   20:45   SSW
27   7.0   9.3   00:04   4.2   21:58  11.3   0.0   4.6  25.2  78.9   10:41    SW
28   5.1   7.5   13:50   3.2   08:10  13.2   0.0   0.0  10.4  40.2   14:53     W
29   6.6  10.6   23:26   3.3   09:20  11.7   0.0   4.8  10.2  37.0   15:41   SSW
30   7.6  10.8   01:13   5.0   18:51  10.7   0.0  15.8  10.5  41.8   22:51   SSW
31   6.7   9.6   01:58   4.0   21:16  11.6   0.0  10.4   9.5  59.5   03:45     S
----------------------------------------------------------------------------------
     7.8  15.8    12    -1.4    25   324.8   0.0 105.6  11.3  78.9    27      SW

Max >=  25.0:  0
Max <=   0.0:  0
Min <=   0.0:  3
Min <=  -5.0:  0
Max Rain: 15.8 on day 30
Days of Rain: 20 (>= 0.2 mm)  12 (>= 2.0 mm)  0 (>= 20.0 mm)
Heat Base: 18.3  Cool Base: 18.3  Method: Integration