No particular awareness of the weather is required.   -   There are no Weather-warnings

NOAA-Style Climate Reports

Select a Year or Month report
2018: Jan Feb Mar Apr May Jun Jul Aug Sep Oct Nov Dec
2017: Jan Feb Mar Apr May Jun Jul Aug Sep Oct Nov Dec
2016: Jan Feb Mar Apr May Jun Jul Aug Sep Oct Nov Dec
2015: Jan Feb Mar Apr May Jun Jul Aug Sep Oct Nov Dec
2014: Jan Feb Mar Apr May Jun Jul Aug Sep Oct Nov Dec
2013: Jan Feb Mar Apr May Jun Jul Aug Sep Oct Nov Dec
2012: Jan Feb Mar Apr May Jun Jul Aug Sep Oct Nov Dec

Report for 2014
                   Annual Climatological Summary for 2014

Name: Loughlinstown   City: Co Dublin   State: Ireland
Elevation: 24 m  Lat: N 53° 14' 54"   Lon: W 006° 08' 01"

                  Temperature (°C), Heat Base: 18.3  Cool Base: 18.3
                          Dep.  Heat  Cool                       Max  Max  Min  Min
        Mean  Mean        From  Deg   Deg                        >=   <=   <=   <=
 YR MO  Max   Min   Mean  Norm  Days  Days  Hi  Date  Low  Date 25.0  0.0  0.0  -5.0
------------------------------------------------------------------------------------
 14  1   9.0   3.5   6.4   0.7   369     0  12.6  24  -0.4   14    0    0    3    0
 14  2   9.5   3.7   6.6   0.9   328     0  12.7  19  -0.1    9    0    0    1    0
 14  3  11.9   3.8   7.8   0.7   323     0  17.8  19  -1.5    3    0    0    4    0
 14  4  14.6   6.0  10.4   1.3   237     0  18.0   6   1.2   19    0    0    0    0
 14  5  16.5   8.7  12.3   0.6   188     1  22.3  17   4.4   27    0    0    0    0
 14  6  19.8  10.6  15.2   0.5   100     7  23.9  18   5.7    6    0    0    0    0
 14  7  22.4  12.8  17.3   1.1    59    29  25.1   3   7.8    8    2    0    0    0
 14  8  19.6  11.4  15.0  -0.9   108     5  24.1   6   5.8   24    0    0    0    0
 14  9  19.3  10.0  14.6   0.5   115     4  22.7   4   6.2    8    0    0    0    0
 14 10  15.9   8.7  12.3   0.7   185     0  19.0   1   2.2   12    0    0    0    0
 14 11  11.6   5.4   8.6   0.5   289     0  14.5   6  -2.2   27    0    0    2    0
 14 12   9.1   3.8   6.5  -0.3   365     0  14.1  21  -4.3   29    0    0    3    0
------------------------------------------------------------------------------------
        14.9   7.4  11.1   0.5  2671    49  25.1 Jul  -4.3  Dec    2    0   13    0

                                Precipitation (mm)

              Dep.   Max        Days of Rain
              From   Obs.           >=
 YR MO Total  Norm   Day Date  0.2  2.0 20.0
---------------------------------------------
 14  1 134.6  62.6  20.2   1    27   18    1
 14  2 148.4  91.4  22.4  14    23   15    1
 14  3  49.4  -1.6  11.8  24    21    8    0
 14  4  42.8  -3.2  18.6   2    14    5    0
 14  5  99.6  41.6  19.0  24    22   12    0
 14  6  53.2  -0.8  16.2   8    10    6    0
 14  7  49.2  -1.8  19.2  18    15    5    0
 14  8 173.6 111.6  70.6   2    21   11    3
 14  9   8.2 -60.8   2.2  17     8    2    0
 14 10 142.2  76.2  30.6   6    21   10    2
 14 11 170.6  99.6  30.0  13    20   13    3
 14 12  45.2 -34.8  15.4  26    19    5    0
---------------------------------------------
      1117.0 380.0  70.6  Aug  221  110   10

                                Wind Speed (km/h)
                          Dom
 YR MO   Avg.  Hi   Date  Dir
------------------------------
 14  1   9.0  69.2   26    SW
 14  2  12.3  96.6   12    SW
 14  3   8.9  69.2   18   WSW
 14  4   6.6  51.0    6     S
 14  5   6.5  56.4    7     W
 14  6   4.6  40.0    7     E
 14  7   4.9  45.4   14     W
 14  8   8.3  58.2   30     W
 14  9   3.1  43.6   30    NW
 14 10   8.0  72.8    6   SSW
 14 11   6.4  63.6   10     S
 14 12  11.7  87.2    9   WSW
------------------------------
         7.5  96.6  Feb    SW