No particular awareness of the weather is required.   -   There are no Weather-warnings

NOAA-Style Climate Reports

Select a Year or Month report
2018: Jan Feb Mar Apr May Jun Jul Aug Sep Oct Nov Dec
2017: Jan Feb Mar Apr May Jun Jul Aug Sep Oct Nov Dec
2016: Jan Feb Mar Apr May Jun Jul Aug Sep Oct Nov Dec
2015: Jan Feb Mar Apr May Jun Jul Aug Sep Oct Nov Dec
2014: Jan Feb Mar Apr May Jun Jul Aug Sep Oct Nov Dec
2013: Jan Feb Mar Apr May Jun Jul Aug Sep Oct Nov Dec
2012: Jan Feb Mar Apr May Jun Jul Aug Sep Oct Nov Dec

Report for 2014 January
                   Monthly Climatological Summary for Jan 2014

Name: Loughlinstown   City: Co Dublin   State: Ireland
Elevation: 24 m  Lat: N 53° 14' 54"   Lon: W 006° 08' 01"

                  Temperature (°C), Rain (mm), Wind Speed (km/h)

                                      Heat  Cool        Avg
    Mean                              Deg   Deg         Wind                 Dom
Day Temp  High   Time   Low    Time   Days  Days  Rain  Speed High   Time    Dir
----------------------------------------------------------------------------------
 1   7.0  10.7   14:12   3.3   03:39  11.3   0.0  20.2  11.4  49.9   10:14   SSW
 2   7.7   9.5   21:08   5.5   03:48  10.6   0.0   4.2   9.4  53.1   23:03     S
 3   7.5   8.9   01:16   5.3   20:30  10.8   0.0   0.4  18.8  67.6   05:04    SW
 4   4.1   6.8   01:26   0.4   09:00  14.1   0.0   4.8   5.3  45.1   21:43   WSW
 5   7.1  11.4   17:55   0.0   00:01  11.2   0.0   4.8   9.9  61.2   11:30     S
 6   9.6  11.0   14:11   8.1   06:56   8.7   0.0   2.8  17.9  56.3   10:33   SSW
 7   9.2  10.6   12:10   8.1   00:48   9.1   0.0   0.4  15.1  54.7   13:27    SW
 8   7.3   9.3   00:00   5.8   23:57  10.9   0.0  11.8   4.4  45.1   00:37    SW
 9   5.6   7.5   13:39   4.0   05:20  12.7   0.0   1.4   9.3  35.4   14:07     W
10   7.1  10.0   11:37   3.3   23:59  11.2   0.0   1.4   5.9  32.2   07:02    SW
11   4.0   8.3   14:38   0.6   18:06  14.3   0.0   0.2   4.1  33.8   05:04   WSW
12   7.1   9.2   17:34   3.5   23:16  11.2   0.0   4.0  12.0  48.3   15:33   SSE
13   4.0   6.7   13:48   1.3   05:02  14.3   0.0   3.0   4.2  32.2   08:46   WSW
14   5.0  10.4   21:30  -0.4   04:09  13.3   0.0   1.6   4.4  33.8   16:24   SSW
15   8.5  10.7   11:50   4.4   20:07   9.8   0.0   1.0   4.5  25.7   08:07     S
16   6.4   8.8   13:05   4.4   04:27  11.9   0.0   5.8   4.1  25.7   01:30   SSE
17   5.6   7.9   13:20   3.2   09:18  12.5   0.0   0.4   3.4  20.9   13:30   WSW
18   3.8   4.9   10:37   2.2   01:58  14.5   0.0   7.0   4.9  37.0   19:05   WNW
19   5.0   7.9   14:30   2.2   08:43  13.3   0.0   0.0   2.9  20.9   20:34    SW
20   4.9   8.3   14:06  -0.1   19:20  13.4   0.0   0.0   5.0  24.1   03:13     W
21   7.5   9.6   13:48   4.2   00:00  10.8   0.0   2.6   6.8  40.2   09:01    SE
22   7.1   9.9   14:32   4.7   00:12  11.2   0.0   0.0   8.4  35.4   14:50   WSW
23   6.1   7.7   04:32   5.0   23:51  12.2   0.0   1.8  12.2  49.9   04:14     W
24   8.9  12.6   16:19   4.9   00:01   9.4   0.0   9.2   5.5  37.0   15:44    SW
25   7.3  10.7   09:58   4.5   15:28  11.0   0.0   4.6  14.4  59.5   11:08   WSW
26   5.6   9.9   09:07   2.2   19:28  12.7   0.0  13.4  17.4  69.2   10:14    SW
27   6.2   8.1   15:10   3.2   00:15  12.0   0.0   2.0  18.7  61.2   05:39   WSW
28   5.8   7.3   01:52   4.3   23:14  12.5   0.0   6.2  11.4  48.3   02:39   WNW
29   5.6   7.1   18:16   4.2   00:01  12.7   0.0   8.2   9.1  32.2   01:52   NNW
30   5.2   6.2   00:01   4.2   22:26  13.1   0.0   0.0   5.0  24.1   01:23   ESE
31   5.9   9.6   14:08   1.9   23:54  12.4   0.0  11.4  11.6  64.4   23:11     S
----------------------------------------------------------------------------------
     6.4  12.6    24    -0.4    14   369.1   0.0 134.6   9.0  69.2    26      SW

Max >=  25.0:  0
Max <=   0.0:  0
Min <=   0.0:  3
Min <=  -5.0:  0
Max Rain: 20.2 on day 1
Days of Rain: 27 (>= 0.2 mm)  18 (>= 2.0 mm)  1 (>= 20.0 mm)
Heat Base: 18.3  Cool Base: 18.3  Method: Integration