No particular awareness of the weather is required.   -   There are no Weather-warnings

NOAA-Style Climate Reports

Select a Year or Month report
2018: Jan Feb Mar Apr May Jun Jul Aug Sep Oct Nov Dec
2017: Jan Feb Mar Apr May Jun Jul Aug Sep Oct Nov Dec
2016: Jan Feb Mar Apr May Jun Jul Aug Sep Oct Nov Dec
2015: Jan Feb Mar Apr May Jun Jul Aug Sep Oct Nov Dec
2014: Jan Feb Mar Apr May Jun Jul Aug Sep Oct Nov Dec
2013: Jan Feb Mar Apr May Jun Jul Aug Sep Oct Nov Dec
2012: Jan Feb Mar Apr May Jun Jul Aug Sep Oct Nov Dec

Report for 2014 February
                   Monthly Climatological Summary for Feb 2014

Name: Loughlinstown   City: Co Dublin   State: Ireland
Elevation: 24 m  Lat: N 53° 14' 54"   Lon: W 006° 08' 01"

                  Temperature (°C), Rain (mm), Wind Speed (km/h)

                                      Heat  Cool        Avg
    Mean                              Deg   Deg         Wind                 Dom
Day Temp  High   Time   Low    Time   Days  Days  Rain  Speed High   Time    Dir
----------------------------------------------------------------------------------
 1   5.4   8.3   16:34   1.9   00:00  12.9   0.0   6.2  19.8  69.2   14:16    SW
 2   7.1  10.0   14:39   4.3   07:03  11.2   0.0   1.0  13.6  59.5   01:42    SW
 3   7.0   8.9   00:44   3.9   23:36  11.3   0.0  16.6  14.1  67.6   10:10    SE
 4   5.2   7.7   23:09   0.9   07:22  13.1   0.0  10.2  10.5  61.2   19:05    SE
 5   7.7  10.1   13:40   6.7   10:05  10.6   0.0   8.2  15.2  57.9   00:02   SSE
 6   6.3   8.4   12:50   3.8   23:13  11.8   0.0   0.0   6.3  45.1   01:50   WSW
 7   5.7   8.4   12:31   3.3   08:31  12.6   0.0  11.6  10.8  46.7   19:23   SSW
 8   7.1  10.3   13:55   4.9   04:32  11.2   0.0   2.4  16.0  59.5   22:09   SSW
 9   5.4   7.3   12:51  -0.1   23:38  12.9   0.0   1.4  15.1  56.3   00:27   WSW
10   3.8   7.1   11:53   1.2   00:00  14.5   0.0   0.2   5.7  35.4   12:03     W
11   3.7   6.1   00:15   1.2   17:05  14.6   0.0   3.6  14.2  48.3   14:33   WSW
12   4.7   8.7   11:37   2.6   00:37  13.6   0.0  17.2  20.6  96.6   16:58    SW
13   4.4   7.6   14:23   2.4   06:55  13.9   0.0   0.0  19.1  64.4   09:40   WSW
14   6.1   8.6   15:05   3.3   06:13  12.2   0.0  22.4   8.9  53.1   13:41    SE
15   5.7   9.3   13:39   3.9   02:00  12.6   0.0   6.2  16.3  61.2   04:59     W
16   5.7   8.5   13:04   1.3   05:00  12.6   0.0   1.8   6.4  33.8   23:44     S
17   8.1  10.3   14:13   6.3   21:58  10.2   0.0  11.0  10.0  38.6   08:39   SSE
18   7.9  10.8   13:39   5.1   07:42  10.4   0.0   0.0   4.3  25.7   11:11   WSW
19   9.5  12.7   11:39   6.2   08:01   8.8   0.0   0.0   7.9  43.5   19:18     S
20   7.9  11.1   01:52   3.7   23:09  10.1   0.0   1.0  14.0  53.1   05:47   WSW
21   6.3  10.0   13:55   3.6   00:19  12.0   0.0   0.4  16.8  62.8   18:14   WSW
22   8.2  10.7   21:39   5.7   07:00  10.1   0.0   0.0  12.3  45.1   12:42   SSW
23  10.1  12.0   14:26   5.7   23:24   8.2   0.0   7.0  13.7  59.5   04:51     S
24   7.1  11.2   12:47   4.8   08:06  11.2   0.0   8.8   8.3  51.5   18:26   SSE
25   7.3  10.8   14:13   5.1   01:15  11.0   0.0   1.4  11.7  46.7   06:28   SSW
26   7.6  10.9   14:59   5.4   05:22  10.7   0.0   3.0  14.8  56.3   02:58    SW
27   6.7  10.4   13:58   3.2   20:09  11.6   0.0   0.6  11.1  49.9   01:45   WSW
28   6.0  10.6   14:31   2.3   23:54  12.3   0.0   6.2   7.8  30.6   16:15   WNW
----------------------------------------------------------------------------------
     6.6  12.7    19    -0.1     9   328.2   0.0 148.4  12.3  96.6    12      SW

Max >=  25.0:  0
Max <=   0.0:  0
Min <=   0.0:  1
Min <=  -5.0:  0
Max Rain: 22.4 on day 14
Days of Rain: 23 (>= 0.2 mm)  15 (>= 2.0 mm)  1 (>= 20.0 mm)
Heat Base: 18.3  Cool Base: 18.3  Method: Integration