No particular awareness of the weather is required.   -   There are no Weather-warnings

NOAA-Style Climate Reports

Select a Year or Month report
2018: Jan Feb Mar Apr May Jun Jul Aug Sep Oct Nov Dec
2017: Jan Feb Mar Apr May Jun Jul Aug Sep Oct Nov Dec
2016: Jan Feb Mar Apr May Jun Jul Aug Sep Oct Nov Dec
2015: Jan Feb Mar Apr May Jun Jul Aug Sep Oct Nov Dec
2014: Jan Feb Mar Apr May Jun Jul Aug Sep Oct Nov Dec
2013: Jan Feb Mar Apr May Jun Jul Aug Sep Oct Nov Dec
2012: Jan Feb Mar Apr May Jun Jul Aug Sep Oct Nov Dec

Report for 2014 March
                   Monthly Climatological Summary for Mar 2014

Name: Loughlinstown   City: Co Dublin   State: Ireland
Elevation: 24 m  Lat: N 53° 14' 54"   Lon: W 006° 08' 01"

                  Temperature (°C), Rain (mm), Wind Speed (km/h)

                                      Heat  Cool        Avg
    Mean                              Deg   Deg         Wind                 Dom
Day Temp  High   Time   Low    Time   Days  Days  Rain  Speed High   Time    Dir
----------------------------------------------------------------------------------
 1   6.2  10.4   12:57   1.8   00:17  12.1   0.0   0.2   4.8  33.8   19:29     S
 2   6.1  10.0   15:11   1.6   23:08  12.2   0.0   2.8   4.5  33.8   15:49    SW
 3   5.0   9.8   15:06  -1.5   02:55  13.3   0.0   0.4   6.8  60.0   23:49   WNW
 4   6.8  11.6   14:28   2.8   20:04  11.5   0.0   0.2   7.0  56.4   00:32     W
 5   8.1  10.7   15:48   4.7   00:02  10.2   0.0   0.0   5.9  43.6   19:49     S
 6  11.1  14.7   14:20   8.8   00:00   7.2   0.0   0.8   7.1  41.8   15:01    SE
 7   8.9  11.3   04:25   4.8   20:11   9.4   0.0   3.2  10.6  60.0   10:39     W
 8  10.0  12.9   12:15   7.4   00:00   8.3   0.0   0.0  15.5  63.6   09:17   SSE
 9  10.2  15.0   13:16   6.4   23:59   8.2   0.0   0.2   6.9  29.0   00:20     S
10   6.5  12.3   11:46   0.7   23:33  11.8   0.0   0.2   3.8  20.0   06:13   NNW
11   4.7  11.2   10:56  -0.4   04:06  13.6   0.0   0.0   1.7  20.0   14:12   ESE
12   4.3   9.8   13:34  -0.9   05:26  13.8   0.0   0.2   1.3  14.6   11:56     E
13   5.5   9.1   12:50   0.9   04:45  12.7   0.0   0.0   2.4  23.6   09:39   NNW
14   8.0  12.7   16:15   3.4   03:04  10.3   0.0   0.0  10.0  56.4   20:39     W
15  11.4  16.2   16:11   7.9   02:45   6.9   0.0   0.0  18.5  60.0   19:37     W
16  10.5  14.3   09:09   8.4   04:37   7.8   0.0   0.0  12.5  56.4   00:12     W
17   9.6  12.5   10:08   6.3   23:57   8.7   0.0   0.0   7.0  32.8   12:04   WSW
18  10.6  14.1   14:27   5.8   00:14   7.7   0.0   0.2  16.1  69.2   14:34     W
19  12.1  17.8   14:15   8.9   00:03   6.2   0.0   0.0  15.7  60.0   08:38    SW
20   8.3  11.1   16:08   4.6   23:36  10.0   0.0   7.8  16.1  51.0   16:53    SW
21   6.3  12.4   12:31   2.4   23:58  12.0   0.0   3.4  11.8  58.2   14:53    SW
22   5.0  10.8   13:09   1.8   05:27  13.3   0.0   1.8  14.5  58.2   21:43     W
23   6.3  11.9   15:18   0.8   23:45  11.9   0.0   0.0  11.4  51.0   10:25     W
24   5.9   8.2   20:32  -0.4   02:55  12.4   0.0  11.8  15.9  65.4   11:48    SE
25   7.5  12.5   12:43   0.7   06:44  10.8   0.0   2.4   7.7  38.2   00:20   WNW
26   6.6   9.3   13:51   4.2   23:52  11.7   0.0   0.6   8.4  38.2   03:35    NW
27   5.7   7.3   13:09   3.7   00:18  12.6   0.0   4.0   6.7  32.8   03:45   ENE
28   7.4  10.1   13:44   5.4   00:46  10.8   0.0   1.0   9.7  38.2   23:11   ENE
29   8.4  10.8   22:15   5.5   03:17   9.9   0.0   6.0   6.2  49.2   22:08   ESE
30  10.4  12.9   14:22   7.3   23:57   7.6   0.0   0.4   5.1  36.4   02:34    SE
31   9.4  13.7   12:37   4.9   02:20   8.9   0.0   1.8   3.0  25.4   12:56   ESE
----------------------------------------------------------------------------------
     7.8  17.8    19    -1.5     3   323.8   0.0  49.4   8.9  69.2    18     WSW

Max >=  25.0:  0
Max <=   0.0:  0
Min <=   0.0:  4
Min <=  -5.0:  0
Max Rain: 11.8 on day 24
Days of Rain: 21 (>= 0.2 mm)  8 (>= 2.0 mm)  0 (>= 20.0 mm)
Heat Base: 18.3  Cool Base: 18.3  Method: Integration