No particular awareness of the weather is required.   -   There are no Weather-warnings

NOAA-Style Climate Reports

Select a Year or Month report
2018: Jan Feb Mar Apr May Jun Jul Aug Sep Oct Nov Dec
2017: Jan Feb Mar Apr May Jun Jul Aug Sep Oct Nov Dec
2016: Jan Feb Mar Apr May Jun Jul Aug Sep Oct Nov Dec
2015: Jan Feb Mar Apr May Jun Jul Aug Sep Oct Nov Dec
2014: Jan Feb Mar Apr May Jun Jul Aug Sep Oct Nov Dec
2013: Jan Feb Mar Apr May Jun Jul Aug Sep Oct Nov Dec
2012: Jan Feb Mar Apr May Jun Jul Aug Sep Oct Nov Dec

Report for 2014 April
                   Monthly Climatological Summary for Apr 2014

Name: Loughlinstown   City: Co Dublin   State: Ireland
Elevation: 24 m  Lat: N 53° 14' 54"   Lon: W 006° 08' 01"

                  Temperature (°C), Rain (mm), Wind Speed (km/h)

                                      Heat  Cool        Avg
    Mean                              Deg   Deg         Wind                 Dom
Day Temp  High   Time   Low    Time   Days  Days  Rain  Speed High   Time    Dir
----------------------------------------------------------------------------------
 1   8.6  12.8   12:17   3.5   07:18   9.7   0.0   0.2   2.6  25.4   13:47     E
 2   9.3  10.7   12:32   7.6   00:00   9.0   0.0  18.6   1.6  21.8   12:40   ESE
 3  10.1  12.6   15:14   7.2   23:55   8.2   0.0   1.0   2.4  18.2   11:42   ESE
 4  10.2  16.3   14:56   4.3   04:16   8.1   0.0   0.2   4.4  36.4   22:00   SSE
 5  12.6  17.8   16:20   9.5   00:07   5.7   0.0   3.6   9.2  38.2   18:26   SSE
 6  13.3  18.0   16:27   7.7   23:35   5.0   0.0   0.8  11.5  51.0   10:29   SSW
 7   9.5  14.4   12:59   6.1   23:46   8.8   0.0   2.4   5.5  40.0   23:36     W
 8   9.3  14.0   16:38   5.1   05:09   9.0   0.0   0.0  13.2  45.4   00:00     W
 9  11.6  15.2   13:04   9.2   01:02   6.7   0.0   0.0  10.0  45.4   05:24   WSW
10  11.0  15.9   13:49   6.2   06:07   7.3   0.0   0.0   5.4  27.2   17:43     W
11   8.9  14.1   11:32   3.2   06:58   9.4   0.0   0.0   4.0  27.2   11:35     W
12  10.5  15.2   17:19   6.3   01:01   7.8   0.0   0.0  10.8  41.8   08:47     W
13  10.1  14.4   16:31   7.2   03:03   8.2   0.0   0.0  12.4  51.0   17:59     W
14   9.7  14.0   11:24   4.3   23:56   8.6   0.0   0.0   6.8  32.8   07:33    NW
15   9.2  15.5   16:53   1.7   03:49   9.1   0.0   0.0   5.6  32.8   11:43    SE
16  11.5  16.4   15:25   6.2   03:16   6.8   0.0   0.0   8.1  36.4   09:55   SSE
17  11.5  14.2   13:59  10.0   23:59   6.8   0.0   0.0  11.7  43.6   15:18     W
18   8.7  13.3   10:24   3.1   06:35   9.5   0.0   0.0   3.2  20.0   00:17     E
19   8.0  13.3   12:47   1.2   05:12  10.3   0.0   0.0   3.5  27.2   15:44   ESE
20   7.9  11.9   11:55   2.3   02:59  10.4   0.0   1.2   7.6  40.0   22:42     N
21  11.9  15.3   13:53   9.3   05:15   6.4   0.0   0.6   7.9  38.2   01:08   ENE
22  10.5  12.3   15:01   8.5   06:06   7.8   0.0   0.4   2.8  20.0   09:59     E
23  12.4  17.0   12:13   8.4   23:06   5.9   0.0   3.4   8.6  41.8   07:08   SSE
24   9.3  13.6   15:48   3.3   05:24   9.0   0.0   0.0   4.7  34.6   13:37   ESE
25  10.0  14.7   15:03   3.4   06:24   8.3   0.0   0.2   4.8  38.2   23:18   ESE
26  10.1  11.9   09:33   7.6   06:35   8.2   0.0   9.6  11.7  51.0   03:34   ESE
27  11.9  15.9   16:59   9.4   06:14   6.4   0.0   0.0   7.4  32.8   08:49   NNE
28  12.1  16.3   10:55  10.0   22:03   6.2   0.0   0.0   2.7  14.6   12:09     E
29  11.4  15.6   09:28   4.6   06:02   6.9   0.0   0.0   2.6  16.4   11:24   ESE
30  10.3  15.4   11:23   4.7   06:00   8.0   0.0   0.6   6.2  38.2   15:03   SSE
----------------------------------------------------------------------------------
    10.4  18.0     6     1.2    19   237.5   0.0  42.8   6.6  51.0     6     SSW

Max >=  25.0:  0
Max <=   0.0:  0
Min <=   0.0:  0
Min <=  -5.0:  0
Max Rain: 18.6 on day 2
Days of Rain: 14 (>= 0.2 mm)  5 (>= 2.0 mm)  0 (>= 20.0 mm)
Heat Base: 18.3  Cool Base: 18.3  Method: Integration