No particular awareness of the weather is required.   -   There are no Weather-warnings

NOAA-Style Climate Reports

Select a Year or Month report
2018: Jan Feb Mar Apr May Jun Jul Aug Sep Oct Nov Dec
2017: Jan Feb Mar Apr May Jun Jul Aug Sep Oct Nov Dec
2016: Jan Feb Mar Apr May Jun Jul Aug Sep Oct Nov Dec
2015: Jan Feb Mar Apr May Jun Jul Aug Sep Oct Nov Dec
2014: Jan Feb Mar Apr May Jun Jul Aug Sep Oct Nov Dec
2013: Jan Feb Mar Apr May Jun Jul Aug Sep Oct Nov Dec
2012: Jan Feb Mar Apr May Jun Jul Aug Sep Oct Nov Dec

Report for 2014 May
                   Monthly Climatological Summary for May 2014

Name: Loughlinstown   City: Co Dublin   State: Ireland
Elevation: 24 m  Lat: N 53° 14' 54"   Lon: W 006° 08' 01"

                  Temperature (°C), Rain (mm), Wind Speed (km/h)

                                      Heat  Cool        Avg
    Mean                              Deg   Deg         Wind                 Dom
Day Temp  High   Time   Low    Time   Days  Days  Rain  Speed High   Time    Dir
----------------------------------------------------------------------------------
 1  11.1  13.8   10:50   9.6   23:30   7.2   0.0   7.6   3.3  25.4   00:06    NE
 2  10.4  12.8   16:05   8.8   05:47   7.9   0.0   0.0   3.1  18.2   13:35   ENE
 3  11.8  15.0   11:13   9.8   00:00   6.5   0.0   0.0   5.1  27.2   10:49    SE
 4  12.4  16.8   12:30   9.5   23:37   5.9   0.0   0.2   4.7  34.6   12:31   SSE
 5  11.3  13.7   15:47   9.4   00:00   7.0   0.0   1.0  10.0  47.2   15:47   SSE
 6  12.1  16.7   11:09   7.7   06:35   6.2   0.0   1.4   8.3  40.0   19:25   SSW
 7  11.9  17.0   16:01   8.5   04:24   6.4   0.0   0.2  13.0  56.4   14:37   WSW
 8  12.4  17.9   15:58   9.3   06:59   5.9   0.0   4.4   7.4  54.6   16:52   WSW
 9  12.5  17.2   15:11   9.1   04:30   5.8   0.0   4.4  15.7  56.4   05:17   WSW
10  11.6  16.5   13:25   8.6   18:19   6.7   0.0  14.0  11.5  49.2   18:01   WSW
11  11.0  15.0   12:43   9.1   22:50   7.3   0.0   1.4  17.0  51.0   09:58     W
12  10.5  15.2   11:06   7.8   21:33   7.8   0.0   4.8   7.2  34.6   00:13     W
13  12.4  18.0   13:38   7.7   04:58   5.9   0.0   0.2   9.6  32.8   09:41   WNW
14  12.8  17.7   17:37   9.1   02:37   5.5   0.0   0.0   3.1  21.8   17:48     W
15  13.8  17.4   13:52  10.6   23:44   4.5   0.0   0.0   2.8  18.2   13:16     E
16  15.3  22.0   15:03   8.8   04:00   3.7   0.7   0.0   3.2  23.6   16:08   WSW
17  15.4  22.3   14:14   7.9   03:55   3.7   0.8   0.0   5.3  32.8   17:14   SSW
18  13.2  15.6   10:21  10.6   23:38   5.1   0.0  10.2   7.4  34.6   02:25   SSE
19  12.1  16.9   15:23  10.5   06:49   6.2   0.0   3.6   1.6  16.4   14:22    NE
20  13.0  17.1   13:26   9.6   22:54   5.3   0.0   6.2   2.4  21.8   19:02   ESE
21  12.6  17.4   15:11   6.7   05:34   5.7   0.0   0.2   4.7  31.0   13:29    SE
22  11.0  15.0   10:40   6.9   02:20   7.3   0.0   1.2   6.0  27.2   13:29     N
23   9.9  11.3   10:39   9.3   12:44   8.4   0.0   5.0  13.1  43.6   10:59     N
24  11.4  14.0   12:20   9.4   00:23   6.9   0.0  19.0   9.9  32.8   01:13   NNE
25  12.6  18.1   15:54   8.1   23:59   5.7   0.0   0.2   5.2  31.0   01:22     N
26  11.1  15.2   10:25   6.1   04:52   7.2   0.0  11.8   1.8  16.4   12:39    SE
27  11.6  16.6   10:49   4.4   05:18   6.7   0.0   0.0   2.4  23.6   12:40   ESE
28  13.3  19.1   13:00   6.8   05:41   5.0   0.0   0.0   4.7  25.4   15:11     N
29  12.3  14.3   17:42  11.2   09:05   6.0   0.0   2.4   7.0  23.6   06:31   NNE
30  13.0  17.2   12:47   9.1   23:38   5.3   0.0   0.2   3.8  20.0   13:59    NE
31  14.9  20.2   16:12   9.1   00:00   3.5   0.2   0.0   2.5  23.6   13:00   ESE
----------------------------------------------------------------------------------
    12.3  22.3    17     4.4    27   188.2   1.7  99.6   6.5  56.4     7       W

Max >=  25.0:  0
Max <=   0.0:  0
Min <=   0.0:  0
Min <=  -5.0:  0
Max Rain: 19.0 on day 24
Days of Rain: 22 (>= 0.2 mm)  12 (>= 2.0 mm)  0 (>= 20.0 mm)
Heat Base: 18.3  Cool Base: 18.3  Method: Integration