No particular awareness of the weather is required.   -   There are no Weather-warnings

NOAA-Style Climate Reports

Select a Year or Month report
2018: Jan Feb Mar Apr May Jun Jul Aug Sep Oct Nov Dec
2017: Jan Feb Mar Apr May Jun Jul Aug Sep Oct Nov Dec
2016: Jan Feb Mar Apr May Jun Jul Aug Sep Oct Nov Dec
2015: Jan Feb Mar Apr May Jun Jul Aug Sep Oct Nov Dec
2014: Jan Feb Mar Apr May Jun Jul Aug Sep Oct Nov Dec
2013: Jan Feb Mar Apr May Jun Jul Aug Sep Oct Nov Dec
2012: Jan Feb Mar Apr May Jun Jul Aug Sep Oct Nov Dec

Report for 2014 June
                   Monthly Climatological Summary for Jun 2014

Name: Loughlinstown   City: Co Dublin   State: Ireland
Elevation: 24 m  Lat: N 53° 14' 54"   Lon: W 006° 08' 01"

                  Temperature (°C), Rain (mm), Wind Speed (km/h)

                                      Heat  Cool        Avg
    Mean                              Deg   Deg         Wind                 Dom
Day Temp  High   Time   Low    Time   Days  Days  Rain  Speed High   Time    Dir
----------------------------------------------------------------------------------
 1  15.8  20.5   13:50  12.5   05:35   2.6   0.1   0.0   5.9  31.0   19:33   SSE
 2  15.2  19.2   12:23  12.8   23:48   3.1   0.0   0.0   4.6  23.6   07:14   WSW
 3  13.0  18.6   15:04   9.7   23:52   5.3   0.0  14.8   5.0  29.0   06:23   WSW
 4  11.6  17.8   17:34   8.2   06:17   6.7   0.0   4.8   9.5  31.0   12:36   WNW
 5  13.0  18.7   13:46   7.8   05:16   5.3   0.0   0.0   7.2  31.0   02:15   WSW
 6  12.8  16.8   22:18   5.7   02:09   5.5   0.0   0.0   4.8  31.0   13:47    SE
 7  15.3  19.8   16:28  13.1   04:58   3.1   0.1   3.4   5.2  40.0   18:16    SE
 8  14.5  18.8   18:22  11.7   03:25   3.9   0.0  16.2   8.2  38.2   07:57   SSE
 9  14.3  17.1   13:52  11.3   05:11   4.0   0.0   0.2   7.2  38.2   10:28    SE
10  13.6  18.6   14:48  10.2   23:52   4.7   0.0   4.2   4.9  31.0   11:56   SSE
11  14.8  19.7   09:06   9.2   01:27   3.5   0.1   0.0   1.9  21.8   09:58   SSW
12  15.6  20.4   17:29   8.4   05:17   3.0   0.3   0.0   1.5  16.4   17:29     E
13  15.9  20.7   09:47  11.2   04:33   2.7   0.3   0.0   1.2  14.6   14:28     E
14  16.6  20.8   14:44  11.4   00:58   2.1   0.3   0.0   3.4  20.0   03:41    NW
15  17.1  21.8   14:14  13.3   23:44   1.9   0.7   0.0   5.0  23.6   12:34   NNW
16  15.5  20.0   18:31  11.2   03:30   3.1   0.3   0.0   4.4  21.8   10:50     N
17  16.3  21.7   18:39  10.1   04:56   2.6   0.6   0.0   2.3  16.4   14:21     E
18  17.3  23.9   09:08  11.3   04:37   2.1   1.1   0.0   2.3  18.2   13:38     E
19  16.7  20.8   14:32  13.3   23:56   2.0   0.5   0.0   7.8  31.0   14:51     N
20  15.3  19.9   11:18   9.1   04:59   3.2   0.2   0.0   4.6  25.4   01:15     N
21  16.1  20.7   10:24  10.4   04:36   2.7   0.5   0.0   4.4  25.4   09:16     N
22  16.3  21.4   15:09  10.8   04:48   2.6   0.6   0.0   5.4  23.6   09:20   NNE
23  17.2  21.7   11:17  11.6   01:07   2.1   1.0   0.0   3.7  21.8   08:45   NNE
24  17.2  22.5   10:47  11.8   04:50   1.9   0.9   0.0   2.3  21.8   10:13   ENE
25  16.0  18.6   11:42  14.2   05:26   2.3   0.0   0.6   3.1  23.6   12:55   ESE
26  15.3  18.8   13:07  12.9   23:16   3.0   0.0   8.0   2.9  25.4   23:49   ESE
27  14.8  17.7   16:20  11.0   05:10   3.5   0.0   0.2   6.3  32.8   00:41   ENE
28  14.9  18.5   11:34   9.9   23:47   3.4   0.0   0.0   6.7  29.0   13:15    NE
29  13.5  18.4   15:13   8.3   02:09   4.8   0.0   0.8   3.6  20.0   10:58   ENE
30  14.4  19.6   14:15   6.4   05:00   4.0   0.1   0.0   3.4  21.8   17:08   ENE
----------------------------------------------------------------------------------
    15.2  23.9    18     5.7     6   100.7   7.7  53.2   4.6  40.0     7     ENE

Max >=  25.0:  0
Max <=   0.0:  0
Min <=   0.0:  0
Min <=  -5.0:  0
Max Rain: 16.2 on day 8
Days of Rain: 10 (>= 0.2 mm)  6 (>= 2.0 mm)  0 (>= 20.0 mm)
Heat Base: 18.3  Cool Base: 18.3  Method: Integration