No particular awareness of the weather is required.   -   There are no Weather-warnings

NOAA-Style Climate Reports

Select a Year or Month report
2018: Jan Feb Mar Apr May Jun Jul Aug Sep Oct Nov Dec
2017: Jan Feb Mar Apr May Jun Jul Aug Sep Oct Nov Dec
2016: Jan Feb Mar Apr May Jun Jul Aug Sep Oct Nov Dec
2015: Jan Feb Mar Apr May Jun Jul Aug Sep Oct Nov Dec
2014: Jan Feb Mar Apr May Jun Jul Aug Sep Oct Nov Dec
2013: Jan Feb Mar Apr May Jun Jul Aug Sep Oct Nov Dec
2012: Jan Feb Mar Apr May Jun Jul Aug Sep Oct Nov Dec

Report for 2014 July
                   Monthly Climatological Summary for Jul 2014

Name: Loughlinstown   City: Co Dublin   State: Ireland
Elevation: 24 m  Lat: N 53° 14' 54"   Lon: W 006° 08' 01"

                  Temperature (°C), Rain (mm), Wind Speed (km/h)

                                      Heat  Cool        Avg
    Mean                              Deg   Deg         Wind                 Dom
Day Temp  High   Time   Low    Time   Days  Days  Rain  Speed High   Time    Dir
----------------------------------------------------------------------------------
 1  16.0  22.0   13:43   8.8   05:42   3.2   1.0   0.0   2.9  21.8   13:52    NE
 2  17.8  23.1   16:14   9.7   04:00   2.3   1.8   0.0   6.4  34.6   15:40    SW
 3  19.2  25.1   14:08  14.9   05:38   0.7   1.6   0.0   5.2  25.4   09:42    SW
 4  16.7  19.4   14:34  12.6   23:48   1.7   0.1   9.8   4.9  36.4   06:21   SSW
 5  14.5  20.4   12:03   9.2   06:10   3.9   0.1   1.0   3.9  29.0   13:59     W
 6  15.2  20.2   17:18   9.8   05:12   3.2   0.1   1.6   5.7  29.0   19:21     W
 7  13.6  16.7   10:48   9.4   00:00   4.6   0.0   3.6   4.0  21.8   01:46    SW
 8  13.5  19.1   12:57   7.8   02:40   4.8   0.0   2.0   4.4  29.0   13:04    NW
 9  16.5  23.3   15:16  10.3   04:50   2.8   1.0   0.0   8.8  29.0   08:17   WNW
10  17.2  22.8   13:12  14.6   02:53   1.6   0.5   6.0   4.6  27.2   10:49   WNW
11  17.5  22.0   10:11  15.0   03:15   1.3   0.5   0.0   4.2  20.0   01:43     W
12  18.3  22.0   16:51  16.1   23:54   0.8   0.8   1.4   2.9  31.0   22:16   WSW
13  16.3  21.0   16:24  13.1   03:17   2.3   0.3   0.0   7.7  31.0   08:03   WNW
14  17.5  24.5   12:51  11.2   01:39   2.4   1.6   0.4   6.9  45.4   13:45    SW
15  16.6  20.6   09:58  13.6   03:02   1.9   0.2   0.0   6.7  34.6   15:35   SSE
16  20.1  25.0   15:31  15.8   00:00   0.6   2.4   0.0   8.2  38.2   13:33    SW
17  16.5  20.7   12:30  11.5   05:33   2.2   0.5   0.0   3.1  21.8   14:30     E
18  16.9  21.2   18:05  13.5   01:55   1.7   0.3  19.2   3.5  25.4   13:21    SE
19  17.2  20.8   14:57  15.2   23:58   1.3   0.2   0.0   2.5  18.2   09:16   ESE
20  18.9  24.8   16:43  14.4   00:38   1.1   1.7   0.2   6.2  34.6   12:45   WNW
21  18.4  24.9   19:50  12.7   04:48   1.4   1.5   0.0   2.5  23.6   13:14    SE
22  17.8  21.8   09:58  14.1   05:25   1.2   0.7   0.0   2.9  23.6   11:52   ESE
23  19.0  23.5   17:26  13.2   04:41   1.3   2.0   0.0   2.1  20.0   15:39     E
24  19.2  24.7   15:33  14.6   04:47   1.1   2.0   0.0   1.8  18.2   12:50    NE
25  19.3  24.9   08:53  13.2   05:48   1.5   2.4   0.0   1.7  14.6   10:24     E
26  17.8  22.4   10:47  13.1   02:24   1.5   1.1   0.2   3.0  29.0   17:33   WNW
27  17.0  23.9   14:40  13.4   05:16   2.2   0.8   1.2   9.2  31.0   12:01   WNW
28  17.3  22.0   12:44  14.3   01:17   1.6   0.6   1.6   7.1  34.6   01:41   WNW
29  17.9  22.6   17:28  14.6   22:55   1.1   0.7   0.4   6.1  27.2   14:27   WNW
30  18.5  24.6   13:06  13.2   03:33   1.4   1.6   0.0   5.8  34.6   12:04     W
31  18.5  24.8   15:19  14.7   23:55   1.1   1.3   0.6   6.0  34.6   17:44   WSW
----------------------------------------------------------------------------------
    17.3  25.1     3     7.8     8    59.8  29.4  49.2   4.9  45.4    14       W

Max >=  25.0:  2
Max <=   0.0:  0
Min <=   0.0:  0
Min <=  -5.0:  0
Max Rain: 19.2 on day 18
Days of Rain: 15 (>= 0.2 mm)  5 (>= 2.0 mm)  0 (>= 20.0 mm)
Heat Base: 18.3  Cool Base: 18.3  Method: Integration