No particular awareness of the weather is required.   -   There are no Weather-warnings

NOAA-Style Climate Reports

Select a Year or Month report
2018: Jan Feb Mar Apr May Jun Jul Aug Sep Oct Nov Dec
2017: Jan Feb Mar Apr May Jun Jul Aug Sep Oct Nov Dec
2016: Jan Feb Mar Apr May Jun Jul Aug Sep Oct Nov Dec
2015: Jan Feb Mar Apr May Jun Jul Aug Sep Oct Nov Dec
2014: Jan Feb Mar Apr May Jun Jul Aug Sep Oct Nov Dec
2013: Jan Feb Mar Apr May Jun Jul Aug Sep Oct Nov Dec
2012: Jan Feb Mar Apr May Jun Jul Aug Sep Oct Nov Dec

Report for 2014 August
                   Monthly Climatological Summary for Aug 2014

Name: Loughlinstown   City: Co Dublin   State: Ireland
Elevation: 24 m  Lat: N 53° 14' 54"   Lon: W 006° 08' 01"

                  Temperature (°C), Rain (mm), Wind Speed (km/h)

                                      Heat  Cool        Avg
    Mean                              Deg   Deg         Wind                 Dom
Day Temp  High   Time   Low    Time   Days  Days  Rain  Speed High   Time    Dir
----------------------------------------------------------------------------------
 1  15.7  19.1   15:03  13.2   01:27   2.6   0.0   3.0   2.9  27.2   17:40    SE
 2  14.3  17.8   13:10  12.6   23:19   4.0   0.0  70.6   8.7  47.2   23:24   WNW
 3  14.7  17.1   16:33  12.7   00:17   3.6   0.0   4.8  14.8  54.6   00:09     W
 4  15.8  21.4   16:37   9.4   05:31   2.8   0.3   0.0   5.0  29.0   13:31   SSE
 5  17.3  21.0   14:29  14.7   00:19   1.5   0.5  12.8   5.1  27.2   08:27    SE
 6  18.7  24.1   13:07  14.4   03:59   1.4   1.8   0.0   7.1  32.8   14:25     W
 7  16.6  21.7   16:08  10.5   04:42   2.4   0.7   0.0   5.3  31.0   15:27     S
 8  15.4  20.2   19:37  11.0   23:45   3.0   0.1   3.8   2.9  21.8   08:29   SSE
 9  15.4  21.7   13:23   9.8   01:45   3.4   0.4   2.4   7.2  36.4   07:48   WSW
10  13.8  19.2   14:41  11.6   07:37   4.5   0.0  32.4  10.1  56.4   12:15   WNW
11  15.6  20.5   16:45  12.3   01:54   3.0   0.3   0.0  14.1  47.2   09:25   WSW
12  15.0  19.6   15:24  12.3   03:59   3.4   0.0   1.2  10.9  43.6   04:57   WSW
13  16.7  22.6   18:03  12.8   04:06   2.4   0.7   0.0  11.6  45.4   10:59   WNW
14  15.2  20.7   11:22  12.4   06:56   3.2   0.1   2.6   5.0  25.4   11:30    NW
15  15.0  20.7   13:24  10.7   06:25   3.4   0.1   0.0   7.4  27.2   05:16   WNW
16  15.5  19.7   14:48  13.1   05:20   2.8   0.0   0.0  10.0  54.6   21:39     W
17  14.6  19.1   13:46  11.6   06:20   3.7   0.0   0.8  13.3  45.4   22:28     W
18  14.2  19.2   15:59  11.2   23:50   4.1   0.0   0.0  12.2  47.2   00:08   WNW
19  12.6  17.8   14:34   8.9   05:23   5.7   0.0   1.8   6.6  36.4   07:57   WNW
20  13.0  18.6   15:11   8.6   03:58   5.3   0.0   0.2   6.2  23.6   08:46   WNW
21  13.7  19.1   15:39  10.0   01:35   4.6   0.0   1.0   7.3  38.2   15:43   WSW
22  12.9  19.0   15:59   9.1   06:17   5.4   0.0   1.2   6.8  31.0   16:31   WNW
23  12.9  20.2   15:18   7.5   23:29   5.4   0.1   0.2   6.3  29.0   07:27   WNW
24  11.8  17.4   13:01   5.8   04:49   6.5   0.0   4.6   6.3  36.4   20:26    SE
25  14.7  16.2   13:02  13.1   00:00   3.6   0.0  20.2   8.9  38.2   01:39   ESE
26  15.1  17.1   15:40  14.0   23:58   3.2   0.0   0.0   9.4  38.2   07:19   ENE
27  14.8  17.1   13:00  11.2   02:58   3.5   0.0   8.0  10.4  43.6   11:58    SE
28  16.0  20.2   16:06  11.6   07:03   2.5   0.2   0.6   7.6  41.8   16:16     S
29  15.9  19.9   15:52  14.0   07:27   2.5   0.1   1.2  12.2  43.6   22:46   WSW
30  15.3  19.1   18:10  12.9   23:51   3.0   0.0   0.2  12.2  58.2   01:34     W
31  16.4  20.8   14:40  10.6   05:59   2.4   0.6   0.0   4.8  32.8   23:56   WSW
----------------------------------------------------------------------------------
    15.0  24.1     6     5.8    24   108.8   6.0 173.6   8.3  58.2    30       W

Max >=  25.0:  0
Max <=   0.0:  0
Min <=   0.0:  0
Min <=  -5.0:  0
Max Rain: 70.6 on day 2
Days of Rain: 21 (>= 0.2 mm)  11 (>= 2.0 mm)  3 (>= 20.0 mm)
Heat Base: 18.3  Cool Base: 18.3  Method: Integration