No particular awareness of the weather is required.   -   There are no Weather-warnings

NOAA-Style Climate Reports

Select a Year or Month report
2018: Jan Feb Mar Apr May Jun Jul Aug Sep Oct Nov Dec
2017: Jan Feb Mar Apr May Jun Jul Aug Sep Oct Nov Dec
2016: Jan Feb Mar Apr May Jun Jul Aug Sep Oct Nov Dec
2015: Jan Feb Mar Apr May Jun Jul Aug Sep Oct Nov Dec
2014: Jan Feb Mar Apr May Jun Jul Aug Sep Oct Nov Dec
2013: Jan Feb Mar Apr May Jun Jul Aug Sep Oct Nov Dec
2012: Jan Feb Mar Apr May Jun Jul Aug Sep Oct Nov Dec

Report for 2014 September
                   Monthly Climatological Summary for Sep 2014

Name: Loughlinstown   City: Co Dublin   State: Ireland
Elevation: 24 m  Lat: N 53° 14' 54"   Lon: W 006° 08' 01"

                  Temperature (°C), Rain (mm), Wind Speed (km/h)

                                      Heat  Cool        Avg
    Mean                              Deg   Deg         Wind                 Dom
Day Temp  High   Time   Low    Time   Days  Days  Rain  Speed High   Time    Dir
----------------------------------------------------------------------------------
 1  15.6  18.9   15:32  13.5   04:56   2.7   0.0   0.0   4.0  29.0   00:02   WNW
 2  14.4  19.2   16:00   9.5   06:00   3.9   0.0   0.0   1.0  16.4   16:27     E
 3  14.5  20.3   14:21   8.7   02:16   4.1   0.3   0.0   1.4  18.2   14:18   ESE
 4  15.9  22.7   12:46   9.9   04:29   3.4   1.0   0.0   2.2  20.0   13:42   ESE
 5  15.7  21.7   10:34  10.2   06:05   3.2   0.6   0.6   1.7  18.2   21:16    NE
 6  14.2  17.8   12:58  10.6   07:41   4.1   0.0   1.2   5.4  25.4   16:44   NNW
 7  12.9  18.8   14:32   8.4   04:25   5.4   0.0   0.2   4.5  23.6   10:10   NNW
 8  12.2  18.6   14:53   6.2   06:56   6.1   0.0   0.0   2.5  21.8   14:55     N
 9  13.2  19.2   10:52   7.9   00:17   5.2   0.1   0.0   1.8  18.2   12:39   ENE
10  13.2  18.5   17:06   6.6   04:12   5.1   0.0   0.0   1.7  18.2   15:20     E
11  14.3  19.8   16:25   9.1   05:10   4.2   0.2   0.0   1.5  20.0   15:23   ESE
12  13.2  19.2   14:26   7.8   04:29   5.1   0.1   0.0   2.4  23.6   16:04   ESE
13  13.8  19.9   17:32   7.4   06:49   4.7   0.2   0.2   1.2  16.4   15:08   ESE
14  14.4  18.3   13:02   9.6   06:26   3.9   0.0   0.0   2.1  16.4   14:13     E
15  15.4  18.1   14:29  14.0   05:16   2.9   0.0   0.0   3.9  23.6   12:36    NE
16  16.4  21.1   17:04  13.4   23:36   2.4   0.5   0.0   1.3  16.4   13:47    NE
17  15.3  18.6   15:01  13.0   22:57   3.0   0.0   2.2   1.8  18.2   15:04   NNE
18  15.7  18.6   15:21  13.1   00:12   2.6   0.0   0.0   2.9  21.8   14:29   NNE
19  15.9  17.4   11:07  15.2   05:17   2.4   0.0   0.0   2.5  16.4   17:36   NNW
20  15.3  18.4   13:35  11.3   23:48   3.0   0.0   0.0   5.3  25.4   09:07   NNW
21  12.7  18.3   13:02   7.4   05:17   5.6   0.0   0.0   1.3  14.6   14:22    NE
22  14.1  20.6   15:47   7.6   06:56   4.7   0.4   0.2   3.0  25.4   12:56   WSW
23  14.3  15.9   11:43  12.2   01:43   4.0   0.0   1.4   4.5  31.0   21:52   WSW
24  13.4  18.2   15:04   8.7   21:32   4.9   0.0   2.2   6.8  29.0   15:53   WNW
25  17.0  20.9   15:24  12.8   00:00   1.7   0.4   0.0   6.7  31.0   21:41   WSW
26  15.3  19.8   16:19   6.9   23:59   3.2   0.2   0.0   5.9  34.6   01:51     W
27  14.3  21.4   14:19   6.7   00:26   4.4   0.4   0.0   3.4  29.0   11:14    SW
28  14.6  18.6   15:19  10.4   05:05   3.7   0.0   0.0   0.3  11.0   15:26     E
29  14.7  19.2   12:55  10.2   07:02   3.7   0.1   0.0   2.3  20.0   18:09   ESE
30  15.9  20.6   16:00  11.9   04:05   2.5   0.2   0.0   6.6  43.6   23:08     S
----------------------------------------------------------------------------------
    14.6  22.7     4     6.2     8   115.8   4.7   8.2   3.1  43.6    30      NW

Max >=  25.0:  0
Max <=   0.0:  0
Min <=   0.0:  0
Min <=  -5.0:  0
Max Rain: 2.2 on day 17
Days of Rain: 8 (>= 0.2 mm)  2 (>= 2.0 mm)  0 (>= 20.0 mm)
Heat Base: 18.3  Cool Base: 18.3  Method: Integration