No particular awareness of the weather is required.   -   There are no Weather-warnings

NOAA-Style Climate Reports

Select a Year or Month report
2018: Jan Feb Mar Apr May Jun Jul Aug Sep Oct Nov Dec
2017: Jan Feb Mar Apr May Jun Jul Aug Sep Oct Nov Dec
2016: Jan Feb Mar Apr May Jun Jul Aug Sep Oct Nov Dec
2015: Jan Feb Mar Apr May Jun Jul Aug Sep Oct Nov Dec
2014: Jan Feb Mar Apr May Jun Jul Aug Sep Oct Nov Dec
2013: Jan Feb Mar Apr May Jun Jul Aug Sep Oct Nov Dec
2012: Jan Feb Mar Apr May Jun Jul Aug Sep Oct Nov Dec

Report for 2014 October
                   Monthly Climatological Summary for Oct 2014

Name: Loughlinstown   City: Co Dublin   State: Ireland
Elevation: 24 m  Lat: N 53° 14' 54"   Lon: W 006° 08' 01"

                  Temperature (°C), Rain (mm), Wind Speed (km/h)

                                      Heat  Cool        Avg
    Mean                              Deg   Deg         Wind                 Dom
Day Temp  High   Time   Low    Time   Days  Days  Rain  Speed High   Time    Dir
----------------------------------------------------------------------------------
 1  14.1  19.0   15:47   5.4   23:12   4.2   0.0   0.0   5.5  38.2   09:03     W
 2  11.8  18.4   14:24   3.6   03:32   6.5   0.0   0.0   5.2  38.2   15:51   SSE
 3  14.8  18.3   09:26  10.1   23:51   3.5   0.0  28.0   6.4  52.8   04:11    SW
 4  10.4  15.1   15:25   6.7   07:51   7.9   0.0  12.2   7.5  38.2   13:18     W
 5  11.9  14.7   12:45   9.4   03:38   6.4   0.0  10.6  10.6  61.8   21:45   SSE
 6  11.1  14.6   16:37   7.2   21:06   7.2   0.0  30.6   9.2  72.8   03:18     S
 7   9.0  15.3   14:51   4.5   03:08   9.3   0.0   0.2   5.0  27.2   09:17   WSW
 8  11.1  13.9   16:40   9.2   00:00   7.2   0.0   6.2   4.2  27.2   05:12   SSE
 9  10.5  15.1   16:47   7.6   06:06   7.8   0.0   0.8   7.1  41.8   10:34     W
10  10.2  15.5   16:00   5.5   02:39   8.1   0.0   0.0   3.2  23.6   15:08   WSW
11   9.1  15.2   11:31   3.1   07:55   9.2   0.0   0.0   0.9  16.4   01:08   SSE
12   8.9  15.5   14:39   2.2   06:44   9.5   0.0   0.2   1.8  16.4   23:01    NE
13  11.7  13.9   15:04   9.4   06:15   6.6   0.0   4.4   7.9  31.0   14:14   NNE
14  12.1  14.6   14:15  10.3   08:55   6.2   0.0   0.2   6.3  27.2   19:35    NE
15  12.9  13.7   10:07  12.1   22:28   5.4   0.0   7.0  12.0  47.2   15:32    SE
16  12.8  16.0   11:16   7.6   05:22   5.5   0.0   9.2   3.6  29.0   09:54    SE
17  14.1  16.2   23:17  11.0   04:54   4.2   0.0  13.2  10.5  67.2   21:30    SE
18  15.7  17.9   14:31  14.7   06:49   2.6   0.0   0.6  14.2  49.2   22:45     S
19  14.8  17.4   12:15  12.4   21:13   3.5   0.0   0.0  16.8  58.2   03:00    SW
20  13.3  16.2   13:31  10.9   07:48   5.0   0.0   1.4   9.5  49.2   23:22    SW
21  10.3  14.7   01:55   7.7   19:26   8.0   0.0   1.2  17.9  65.4   03:59     W
22  11.4  13.8   16:45   8.8   00:00   6.9   0.0   0.6   8.8  40.0   10:01   WSW
23  14.5  18.5   16:24  11.3   23:56   3.8   0.0   0.0   5.6  36.4   21:48    SW
24  11.1  13.8   11:48   9.3   08:27   7.2   0.0   0.0   6.3  32.8   12:54    SW
25  12.1  14.7   13:21   9.2   02:19   6.2   0.0   0.0   9.9  40.0   11:41    SW
26  14.8  17.9   14:10  11.9   07:05   3.7   0.0   0.0  12.7  47.3   14:00   SSW
27  16.6  18.9   13:26  15.6   01:51   1.7   0.0   0.0  14.3  47.2   00:44   SSW
28  11.9  17.0   08:52   3.2   22:57   6.4   0.0  13.6   7.7  45.4   02:38     S
29   8.7  13.2   23:56   2.6   02:30   9.6   0.0   1.0   3.2  27.2   22:11    SE
30  15.0  17.3   12:47  13.2   00:00   3.3   0.0   0.2   6.1  40.0   18:46   SSE
31  15.6  17.6   15:05  13.2   20:26   2.7   0.0   0.8   8.6  41.8   03:41   SSE
----------------------------------------------------------------------------------
    12.3  19.0     1     2.2    12   185.3   0.0 142.2   8.0  72.8     6     SSW

Max >=  25.0:  0
Max <=   0.0:  0
Min <=   0.0:  0
Min <=  -5.0:  0
Max Rain: 30.6 on day 6
Days of Rain: 21 (>= 0.2 mm)  10 (>= 2.0 mm)  2 (>= 20.0 mm)
Heat Base: 18.3  Cool Base: 18.3  Method: Integration