No particular awareness of the weather is required.   -   There are no Weather-warnings

NOAA-Style Climate Reports

Select a Year or Month report
2018: Jan Feb Mar Apr May Jun Jul Aug Sep Oct Nov Dec
2017: Jan Feb Mar Apr May Jun Jul Aug Sep Oct Nov Dec
2016: Jan Feb Mar Apr May Jun Jul Aug Sep Oct Nov Dec
2015: Jan Feb Mar Apr May Jun Jul Aug Sep Oct Nov Dec
2014: Jan Feb Mar Apr May Jun Jul Aug Sep Oct Nov Dec
2013: Jan Feb Mar Apr May Jun Jul Aug Sep Oct Nov Dec
2012: Jan Feb Mar Apr May Jun Jul Aug Sep Oct Nov Dec

Report for 2014 November
                   Monthly Climatological Summary for Nov 2014

Name: Loughlinstown   City: Co Dublin   State: Ireland
Elevation: 24 m  Lat: N 53° 14' 54"   Lon: W 006° 08' 01"

                  Temperature (°C), Rain (mm), Wind Speed (km/h)

                                      Heat  Cool        Avg
    Mean                              Deg   Deg         Wind                 Dom
Day Temp  High   Time   Low    Time   Days  Days  Rain  Speed High   Time    Dir
----------------------------------------------------------------------------------
 1  12.2  14.4   11:57   9.9   05:53   6.1   0.0   5.6  10.2  61.8   19:09     S
 2  10.0  12.8   13:42   7.5   05:31   8.3   0.0   0.0   7.7  43.6   01:24    SW
 3   7.0  10.4   15:01   5.1   23:02  11.3   0.0   0.2   7.3  31.0   01:15   WSW
 4   8.0  11.9   13:53   5.2   06:26  10.3   0.0   0.8  11.3  36.4   13:10   WNW
 5   7.6  11.7   13:01   4.0   19:14  10.7   0.0   0.0   4.9  29.0   00:25   WNW
 6  11.8  14.5   14:19   7.3   00:00   6.5   0.0  11.4  12.1  47.2   05:04   SSE
 7   9.1  11.6   13:45   6.9   07:45   9.2   0.0   2.2   9.6  38.2   01:12     W
 8   7.6  10.6   11:26   5.1   03:45  10.7   0.0  16.4   5.7  41.8   14:43     W
 9   8.0  11.8   11:20   5.1   19:21  10.2   0.0   0.2   2.9  23.6   10:40   WSW
10   7.5  11.6   20:34   1.7   05:56  10.8   0.0  12.6   6.9  63.6   20:12   SSE
11   9.3  11.8   12:21   5.8   01:00   9.0   0.0  21.6   0.8  34.6   14:37    SE
12   9.3  11.4   09:33   6.3   00:13   9.0   0.0   6.0   7.9  38.2   06:22     S
13  10.1  12.6   09:00   7.1   16:22   8.2   0.0  30.0  11.1  58.2   09:59    SE
14  10.4  12.9   01:53   7.1   08:41   7.9   0.0  21.8  10.0  56.4   01:26    SE
15   8.1  11.2   11:03   3.6   08:20  10.2   0.0   7.2   1.1  20.0   11:33   SSE
16   9.2  11.7   12:18   6.4   05:03   9.1   0.0   0.0   4.2  25.4   18:10   NNE
17   9.3  10.9   17:18   7.2   00:00   9.0   0.0   2.2   9.2  36.4   03:32    NW
18  10.8  12.0   10:25   8.4   00:00   7.5   0.0   0.0   9.5  40.0   23:19   ESE
19  11.1  11.9   17:55   9.9   21:41   7.2   0.0  11.8  12.9  47.2   03:15    SE
20   8.8  11.3   00:29   5.1   08:36   9.5   0.0   0.6   2.3  29.0   23:57    SE
21  10.6  12.8   22:39   9.3   10:33   7.7   0.0  19.2  12.4  45.4   13:26    SE
22   9.2  12.7   00:00   6.3   22:36   9.1   0.0   0.4   4.6  31.0   23:32     W
23   5.5   8.4   13:20   1.2   18:41  12.7   0.0   0.0   6.6  27.2   01:33     W
24   6.1   9.9   13:41   2.3   06:30  12.2   0.0   0.0   1.8  21.8   01:03   SSW
25   6.9  10.3   11:59   3.7   23:58  11.4   0.0   0.0   0.6  14.6   14:56    SE
26   3.4   8.9   13:28  -0.2   05:02  14.9   0.0   0.2   1.4  18.2   13:02   WNW
27   4.7  10.4   23:56  -2.2   07:55  13.6   0.0   0.0   4.1  40.0   23:54    SE
28  10.8  13.3   12:40   7.9   21:22   7.5   0.0   0.0   5.8  32.8   00:32   ESE
29   8.8  11.0   14:00   4.5   08:12   9.5   0.0   0.2   1.0  21.8   23:38     W
30   8.2  11.1   01:06   3.8   23:23  10.1   0.0   0.0   5.9  34.6   01:24   WNW
----------------------------------------------------------------------------------
     8.6  14.5     6    -2.2    27   289.4   0.0 170.6   6.4  63.6    10       S

Max >=  25.0:  0
Max <=   0.0:  0
Min <=   0.0:  2
Min <=  -5.0:  0
Max Rain: 30.0 on day 13
Days of Rain: 20 (>= 0.2 mm)  13 (>= 2.0 mm)  3 (>= 20.0 mm)
Heat Base: 18.3  Cool Base: 18.3  Method: Integration