No particular awareness of the weather is required.   -   There are no Weather-warnings

NOAA-Style Climate Reports

Select a Year or Month report
2018: Jan Feb Mar Apr May Jun Jul Aug Sep Oct Nov Dec
2017: Jan Feb Mar Apr May Jun Jul Aug Sep Oct Nov Dec
2016: Jan Feb Mar Apr May Jun Jul Aug Sep Oct Nov Dec
2015: Jan Feb Mar Apr May Jun Jul Aug Sep Oct Nov Dec
2014: Jan Feb Mar Apr May Jun Jul Aug Sep Oct Nov Dec
2013: Jan Feb Mar Apr May Jun Jul Aug Sep Oct Nov Dec
2012: Jan Feb Mar Apr May Jun Jul Aug Sep Oct Nov Dec

Report for 2014 December
                   Monthly Climatological Summary for Dec 2014

Name: Loughlinstown   City: Co Dublin   State: Ireland
Elevation: 24 m  Lat: N 53° 14' 54"   Lon: W 006° 08' 01"

                  Temperature (°C), Rain (mm), Wind Speed (km/h)

                                      Heat  Cool        Avg
    Mean                              Deg   Deg         Wind                 Dom
Day Temp  High   Time   Low    Time   Days  Days  Rain  Speed High   Time    Dir
----------------------------------------------------------------------------------
 1   6.1   9.3   12:54   1.8   07:26  12.2   0.0   1.4   4.2  40.0   18:26   WNW
 2   4.7   7.6   13:38   2.4   08:01  13.6   0.0   0.0   8.6  29.0   00:53   WNW
 3   4.6   9.1   13:17   1.2   20:56  13.7   0.0   0.0   3.3  23.6   01:08   WNW
 4   5.0   6.7   12:25   3.6   22:08  13.3   0.0   0.4   0.3  21.8   23:47   WNW
 5   4.9   6.8   11:02   3.5   07:36  13.3   0.0   0.4  12.4  43.6   09:28     W
 6   7.8  10.7   22:14   2.6   06:37  10.5   0.0   0.0   7.7  41.8   17:39   WSW
 7   6.2  10.9   00:56   3.5   23:32  12.1   0.0   0.6  20.6  69.2   05:29     W
 8   4.4   5.8   12:24   2.8   07:18  13.9   0.0   0.0  15.2  51.0   03:40     W
 9   9.1  13.4   12:47   5.1   00:00   9.2   0.0   1.2  17.8  87.2   21:46    SW
10   5.6   7.6   12:36   4.4   05:00  12.7   0.0   1.6  26.4  78.2   14:13   WSW
11   5.1   6.3   13:18   3.6   04:14  13.2   0.0   8.0  16.0  67.2   00:27   WSW
12   3.5   4.9   00:00   1.8   06:41  14.8   0.0   0.4  12.2  43.6   13:39     W
13   3.9   7.0   23:40  -0.6   09:05  14.4   0.0   0.2   9.5  45.4   22:07   WSW
14   7.6  10.1   12:52   5.8   20:54  10.7   0.0   0.2  11.1  49.2   12:42    SW
15   6.0   8.3   13:38   3.6   19:24  12.3   0.0   0.0   7.5  36.4   00:38   WSW
16   7.1  11.4   21:37   4.6   00:10  11.2   0.0   9.8   8.8  65.4   21:19     W
17  11.8  12.8   15:13  10.9   00:00   6.5   0.0   0.2  12.2  61.8   01:37     W
18  11.9  14.0   11:30   7.8   23:58   6.4   0.0   2.2  17.4  63.6   14:33   WSW
19   7.2   8.2   13:36   6.2   02:02  11.1   0.0   0.0  25.7  74.6   03:36     W
20   7.5   9.1   14:03   6.5   02:17  10.8   0.0   0.0  15.4  58.2   05:47     W
21  10.9  14.1   14:08   7.3   02:23   7.4   0.0   0.0  15.0  56.4   15:57    SW
22  12.6  13.6   00:36  11.6   21:28   5.7   0.0   0.2  19.0  65.4   02:09   WSW
23  11.5  13.4   13:07   6.6   23:58   6.7   0.0   2.4  10.8  49.2   10:30   SSW
24   5.9   7.3   12:52   4.1   06:10  12.4   0.0   0.0  12.9  54.6   12:49     W
25   5.3   6.9   13:00   2.1   23:57  13.0   0.0   0.0  10.9  38.2   02:53     W
26   4.6   7.2   15:58   1.3   00:45  13.7   0.0  15.4   8.2  41.8   17:31     N
27   3.0   5.2   12:58   1.3   23:18  15.3   0.0   0.2  13.1  49.2   13:05   WNW
28   1.9   6.4   12:27  -2.5   23:45  16.4   0.0   0.0   3.8  31.0   00:43    NW
29   0.2   6.2   14:05  -4.3   08:10  18.1   0.0   0.2   0.6  18.2   20:47   SSE
30   5.7   9.7   13:43   0.9   09:44  12.6   0.0   0.2   4.7  31.0   16:06   SSE
31  10.3  12.3   22:09   8.4   02:13   8.0   0.0   0.0  10.0  41.8   07:50   SSE
----------------------------------------------------------------------------------
     6.5  14.1    21    -4.3    29   365.2   0.0  45.2  11.7  87.2     9     WSW

Max >=  25.0:  0
Max <=   0.0:  0
Min <=   0.0:  3
Min <=  -5.0:  0
Max Rain: 15.4 on day 26
Days of Rain: 19 (>= 0.2 mm)  5 (>= 2.0 mm)  0 (>= 20.0 mm)
Heat Base: 18.3  Cool Base: 18.3  Method: Integration