No particular awareness of the weather is required.   -   There are no Weather-warnings

NOAA-Style Climate Reports

Select a Year or Month report
2018: Jan Feb Mar Apr May Jun Jul Aug Sep Oct Nov Dec
2017: Jan Feb Mar Apr May Jun Jul Aug Sep Oct Nov Dec
2016: Jan Feb Mar Apr May Jun Jul Aug Sep Oct Nov Dec
2015: Jan Feb Mar Apr May Jun Jul Aug Sep Oct Nov Dec
2014: Jan Feb Mar Apr May Jun Jul Aug Sep Oct Nov Dec
2013: Jan Feb Mar Apr May Jun Jul Aug Sep Oct Nov Dec
2012: Jan Feb Mar Apr May Jun Jul Aug Sep Oct Nov Dec

Report for 2015
                   Annual Climatological Summary for 2015

Name: Loughlinstown   City: Co Dublin   State: Ireland
Elevation: 24 m  Lat: N 53° 14' 54"   Lon: W 006° 08' 01"

                  Temperature (°C), Heat Base: 18.3  Cool Base: 18.3
                          Dep.  Heat  Cool                       Max  Max  Min  Min
        Mean  Mean        From  Deg   Deg                        >=   <=   <=   <=
 YR MO  Max   Min   Mean  Norm  Days  Days  Hi  Date  Low  Date 25.0  0.0  0.0  -5.0
------------------------------------------------------------------------------------
 15  1   8.8   2.5   5.6  -0.1   393     0  16.1   9  -3.1   19    0    0    6    0
 15  2   8.7   2.3   5.3  -0.4   362     0  14.9  25  -3.2    3    0    0    7    0
 15  3  11.2   3.0   7.1   0.0   346     0  19.8   7  -1.9   19    0    0    5    0
 15  4  14.1   3.9   8.9  -0.2   280     0  19.6  14  -2.1   27    0    0    1    0
 15  5  15.6   7.4  11.2  -0.5   220     0  20.8  22   2.7   15    0    0    0    0
 15  6  19.7   9.6  14.7   0.0   118    10  25.4  30   4.5    9    1    0    0    0
 15  7  19.9  11.1  15.2  -1.0   104     8  24.1   1   6.4    9    0    0    0    0
 15  8  19.9  10.6  15.1  -0.8   104     8  23.8  21   6.3   12    0    0    0    0
 15  9  17.2   8.6  12.8  -1.3   165     0  19.5  17   4.8   26    0    0    0    0
 15 10  15.2   7.2  11.3  -0.3   215     0  20.6   5   1.8   15    0    0    0    0
 15 11  13.2   6.0   9.8   1.7   253     0  18.7  10  -1.6   23    0    0    1    0
 15 12  12.4   6.2   9.4   2.6   275     0  16.0  16  -0.8   27    0    0    1    0
------------------------------------------------------------------------------------
        14.6   6.5  10.5   0.0  2842    27  25.4 Jun  -3.2  Feb    1    0   21    0

                                Precipitation (mm)

              Dep.   Max        Days of Rain
              From   Obs.           >=
 YR MO Total  Norm   Day Date  0.2  2.0 20.0
---------------------------------------------
 15  1  55.4 -16.6  12.2  14    21   11    0
 15  2  30.2 -26.8  11.2  13    14    4    0
 15  3  51.8   0.8  13.8  12    16    8    0
 15  4  28.8 -17.2   7.4   2    10    6    0
 15  5  95.0  37.0  25.6   2    18    9    1
 15  6  13.8 -40.2   7.0   1     7    2    0
 15  7  87.0  36.0  21.6  16    18    8    1
 15  8  72.8  10.8  33.4  23    14    8    1
 15  9  56.4 -12.6  17.8  11    13    5    0
 15 10  55.0 -11.0  13.6  26    16    7    0
 15 11  92.0  21.0  12.8  18    28   14    0
 15 12 227.4 147.4  37.2   3    31   19    4
---------------------------------------------
       865.6 128.6  37.2  Dec  206  101    7

                                Wind Speed (km/h)
                          Dom
 YR MO   Avg.  Hi   Date  Dir
------------------------------
 15  1  13.5 104.0    9   WSW
 15  2   9.0  89.2   28   WSW
 15  3  11.0  85.4   28   WSW
 15  4   6.5  63.6   12   WSW
 15  5   9.2  60.0   12   WSW
 15  6   7.0  52.8    6   WSW
 15  7   6.9  52.8   28    SW
 15  8   5.6  49.2    2   SSW
 15  9   5.7  43.6   24     W
 15 10   5.3  63.6   21     S
 15 11  11.4  98.2   17   WSW
 15 12  12.0  80.0   23   SSW
------------------------------
         8.6 104.0  Jan   WSW