No particular awareness of the weather is required.   -   There are no Weather-warnings

NOAA-Style Climate Reports

Select a Year or Month report
2018: Jan Feb Mar Apr May Jun Jul Aug Sep Oct Nov Dec
2017: Jan Feb Mar Apr May Jun Jul Aug Sep Oct Nov Dec
2016: Jan Feb Mar Apr May Jun Jul Aug Sep Oct Nov Dec
2015: Jan Feb Mar Apr May Jun Jul Aug Sep Oct Nov Dec
2014: Jan Feb Mar Apr May Jun Jul Aug Sep Oct Nov Dec
2013: Jan Feb Mar Apr May Jun Jul Aug Sep Oct Nov Dec
2012: Jan Feb Mar Apr May Jun Jul Aug Sep Oct Nov Dec

Report for 2015 January
                   Monthly Climatological Summary for Jan 2015

Name: Loughlinstown   City: Co Dublin   State: Ireland
Elevation: 24 m  Lat: N 53° 14' 54"   Lon: W 006° 08' 01"

                  Temperature (°C), Rain (mm), Wind Speed (km/h)

                                      Heat  Cool        Avg
    Mean                              Deg   Deg         Wind                 Dom
Day Temp  High   Time   Low    Time   Days  Days  Rain  Speed High   Time    Dir
----------------------------------------------------------------------------------
 1  12.4  15.5   17:33   8.8   23:55   5.9   0.0   1.2  17.5  72.8   21:41    SW
 2   6.7   8.8   00:00   5.7   08:58  11.6   0.0   0.0  17.9  67.2   12:02   WSW
 3   4.3   7.9   00:34  -0.6   23:15  14.0   0.0  10.2   3.7  38.2   00:26   WNW
 4   2.6   7.2   13:17  -2.0   06:52  15.8   0.0   0.4   2.1  29.0   14:14   SSE
 5   8.4  10.5   13:38   1.6   00:00   9.9   0.0   0.4   5.7  29.0   22:25    SE
 6   6.4   9.7   00:49   4.0   06:34  11.9   0.0   2.0  10.1  51.0   07:32   WSW
 7  10.0  12.9   17:39   5.0   00:23   8.3   0.0   2.6  16.1  67.2   17:56   SSW
 8   7.6  11.3   23:36   5.8   09:50  10.7   0.0   2.2  13.7  91.0   21:27    SW
 9  12.0  16.1   14:55   8.3   11:45   6.3   0.0   1.2  30.7 104.0   15:59   WSW
10   7.0  14.0   00:00   3.3   21:13  11.3   0.0   3.6  24.6  83.6   00:59   WSW
11   6.6   8.9   23:49   3.7   00:09  11.7   0.0   0.0  18.6  61.8   12:03   WSW
12   7.7  11.2   06:24   5.2   16:39  10.6   0.0   2.8  19.4  76.4   03:00    SW
13   3.1   5.9   00:03   0.6   23:55  15.2   0.0   0.2  16.2  63.6   01:14   WSW
14   4.5  10.8   21:52   0.4   00:25  13.8   0.0  12.2  19.2  71.0   21:49    SW
15   5.0   6.7   00:00   3.1   23:59  13.3   0.0   2.4  27.6  83.6   11:25   WSW
16   3.3   4.6   04:54   1.8   09:15  15.0   0.0   0.6  14.2  51.0   05:16     W
17   3.0   5.2   14:04   1.1   23:54  15.3   0.0   0.0  12.9  45.4   00:38   WSW
18   2.6   5.9   13:58  -0.3   03:09  15.7   0.0   0.0  11.3  38.2   06:20   WNW
19   1.2   3.7   14:11  -3.1   08:59  17.1   0.0   0.0   3.2  27.2   00:52     W
20   3.5   4.4   07:40   2.1   00:00  14.8   0.0   4.0   4.4  36.4   10:29   SSE
21   2.8   5.1   14:38   1.3   18:43  15.5   0.0   0.0   6.2  27.2   03:41   WNW
22   2.2   6.9   14:46  -1.1   07:16  16.1   0.0   0.2   0.5  12.8   15:09   SSE
23   6.6  11.3   13:30  -0.6   02:01  11.7   0.0   0.4   7.9  45.4   07:14    SW
24   5.1   8.4   12:54   3.0   06:59  13.2   0.0   0.0  10.6  47.2   01:48     W
25   9.7  12.2   12:37   5.5   00:03   8.6   0.0   0.6   6.7  41.8   11:17    SW
26   6.8  10.3   00:00   5.1   06:41  11.6   0.0   0.2  10.4  38.2   10:04     W
27   7.5   9.6   22:39   5.1   07:35  10.8   0.0   0.0   6.9  41.8   03:57   WSW
28   5.4  10.6   04:04   1.9   14:32  12.9   0.0   2.8  21.6  78.2   04:51   WSW
29   2.8   4.2   21:15   0.9   17:21  15.5   0.0   5.2  22.8  87.2   23:13     W
30   4.1   6.9   12:28   2.1   21:00  14.2   0.0   0.0  17.8  65.4   00:02     W
31   3.2   5.7   13:07   1.2   22:30  15.1   0.0   0.0  18.3  54.6   10:15   WNW
----------------------------------------------------------------------------------
     5.6  16.1     9    -3.1    19   393.4   0.0  55.4  13.5 104.0     9     WSW

Max >=  25.0:  0
Max <=   0.0:  0
Min <=   0.0:  6
Min <=  -5.0:  0
Max Rain: 12.2 on day 14
Days of Rain: 21 (>= 0.2 mm)  11 (>= 2.0 mm)  0 (>= 20.0 mm)
Heat Base: 18.3  Cool Base: 18.3  Method: Integration