No particular awareness of the weather is required.   -   There are no Weather-warnings

NOAA-Style Climate Reports

Select a Year or Month report
2018: Jan Feb Mar Apr May Jun Jul Aug Sep Oct Nov Dec
2017: Jan Feb Mar Apr May Jun Jul Aug Sep Oct Nov Dec
2016: Jan Feb Mar Apr May Jun Jul Aug Sep Oct Nov Dec
2015: Jan Feb Mar Apr May Jun Jul Aug Sep Oct Nov Dec
2014: Jan Feb Mar Apr May Jun Jul Aug Sep Oct Nov Dec
2013: Jan Feb Mar Apr May Jun Jul Aug Sep Oct Nov Dec
2012: Jan Feb Mar Apr May Jun Jul Aug Sep Oct Nov Dec

Report for 2015 February
                   Monthly Climatological Summary for Feb 2015

Name: Loughlinstown   City: Co Dublin   State: Ireland
Elevation: 24 m  Lat: N 53° 14' 54"   Lon: W 006° 08' 01"

                  Temperature (°C), Rain (mm), Wind Speed (km/h)

                                      Heat  Cool        Avg
    Mean                              Deg   Deg         Wind                 Dom
Day Temp  High   Time   Low    Time   Days  Days  Rain  Speed High   Time    Dir
----------------------------------------------------------------------------------
 1   2.0   5.2   13:38  -0.1   07:12  16.3   0.0   0.0  12.0  43.6   01:25   WNW
 2   1.9   5.3   12:02  -0.4   21:47  16.4   0.0   0.0   5.8  25.4   13:14   WNW
 3   1.0   5.7   13:19  -3.2   07:11  17.3   0.0   0.0   4.5  23.6   15:09   WNW
 4   2.2   5.8   13:49  -0.8   06:40  16.1   0.0   0.0   6.6  27.2   12:52   WNW
 5   5.4   8.4   13:04   2.8   00:00  12.9   0.0   0.0   6.9  31.0   09:30    NW
 6   5.5   7.0   14:18   2.7   08:16  12.8   0.0   0.0   2.1  20.0   04:19   NNE
 7   6.0   7.6   14:44   4.2   23:55  12.3   0.0   0.0   5.2  23.6   12:29    NW
 8   3.0   8.3   15:25  -0.4   04:57  15.3   0.0   0.2   1.9  20.0   20:14    NW
 9   2.6   6.7   15:03  -2.5   06:29  15.7   0.0   0.0   5.4  34.6   13:38   WNW
10   3.5   4.9   13:55   2.1   07:33  14.8   0.0   0.0   3.4  23.6   15:38   SSE
11   4.7   6.1   12:47   3.1   02:22  13.6   0.0   0.0   0.6  11.0   00:07    SW
12   5.7   7.6   12:25   4.5   00:00  12.6   0.0   0.8   3.4  32.8   23:19   SSE
13   6.8   8.9   10:24   5.3   18:29  11.5   0.0  11.2   9.8  51.0   04:14   SSE
14   6.4   9.4   13:19   1.8   23:55  11.9   0.0   0.2   3.6  23.6   03:30   NNW
15   5.4   9.6   13:11   0.0   05:58  12.9   0.0   5.2   6.8  43.6   14:13   SSE
16   5.8   8.6   13:40   2.6   23:58  12.5   0.0   0.2  11.1  41.8   11:56     W
17   6.0  10.2   13:51   1.4   03:35  12.3   0.0   0.0   6.6  32.8   13:15    SW
18  10.5  13.0   13:32   8.2   03:24   7.8   0.0   0.0   8.3  47.2   19:01     S
19   7.6  10.6   00:00   3.7   23:41  10.7   0.0   1.0   8.6  45.4   12:58   WSW
20   4.3   8.2   15:53   2.3   04:10  14.0   0.0   0.8  10.2  41.8   22:33     W
21   3.8   7.7   14:42   1.8   03:23  14.5   0.0   0.0  15.6  51.0   09:11     W
22   6.1  12.1   14:54   1.7   03:06  12.2   0.0   3.0  18.5  81.8   19:25   WSW
23   4.2   7.1   12:58   1.8   05:46  14.1   0.0   4.4  24.7  83.6   21:01   WSW
24   6.1   8.8   13:10   3.8   07:28  12.2   0.0   0.8  20.4  61.8   08:52     W
25  10.1  14.9   15:16   6.8   04:27   8.2   0.0   0.2   5.6  43.6   16:06   WSW
26   7.6  13.4   02:00   2.9   23:36  10.7   0.0   1.8  14.8  56.4   05:26     W
27   6.1   9.4   13:30   1.8   05:05  12.2   0.0   0.0  12.7  51.0   20:36   SSW
28   9.4  12.6   17:33   6.9   23:55   8.9   0.0   0.4  16.7  89.2   22:51    SW
----------------------------------------------------------------------------------
     5.3  14.9    25    -3.2     3   362.7   0.0  30.2   9.0  89.2    28     WSW

Max >=  25.0:  0
Max <=   0.0:  0
Min <=   0.0:  7
Min <=  -5.0:  0
Max Rain: 11.2 on day 13
Days of Rain: 14 (>= 0.2 mm)  4 (>= 2.0 mm)  0 (>= 20.0 mm)
Heat Base: 18.3  Cool Base: 18.3  Method: Integration