No particular awareness of the weather is required.   -   There are no Weather-warnings

NOAA-Style Climate Reports

Select a Year or Month report
2018: Jan Feb Mar Apr May Jun Jul Aug Sep Oct Nov Dec
2017: Jan Feb Mar Apr May Jun Jul Aug Sep Oct Nov Dec
2016: Jan Feb Mar Apr May Jun Jul Aug Sep Oct Nov Dec
2015: Jan Feb Mar Apr May Jun Jul Aug Sep Oct Nov Dec
2014: Jan Feb Mar Apr May Jun Jul Aug Sep Oct Nov Dec
2013: Jan Feb Mar Apr May Jun Jul Aug Sep Oct Nov Dec
2012: Jan Feb Mar Apr May Jun Jul Aug Sep Oct Nov Dec

Report for 2015 March
                   Monthly Climatological Summary for Mar 2015

Name: Loughlinstown   City: Co Dublin   State: Ireland
Elevation: 24 m  Lat: N 53° 14' 54"   Lon: W 006° 08' 01"

                  Temperature (°C), Rain (mm), Wind Speed (km/h)

                                      Heat  Cool        Avg
    Mean                              Deg   Deg         Wind                 Dom
Day Temp  High   Time   Low    Time   Days  Days  Rain  Speed High   Time    Dir
----------------------------------------------------------------------------------
 1   4.8   7.0   09:28   1.4   13:30  13.5   0.0   3.8  21.1  71.0   00:05   WSW
 2   3.4   6.9   14:24   1.5   05:45  14.9   0.0   1.0  19.3  69.2   04:48   WSW
 3   3.9   6.7   12:31   1.8   06:40  14.4   0.0   0.6  21.3  67.2   15:59   WSW
 4   6.4  10.6   14:29   3.4   02:36  11.9   0.0   0.0  14.5  60.0   05:21     W
 5   9.4  13.2   16:11   5.4   00:00   8.9   0.0   0.0   8.8  38.2   14:20    SW
 6  10.2  13.3   14:12   8.3   06:18   8.0   0.0   0.0  13.0  56.4   15:40     S
 7  13.2  19.8   13:26   9.7   00:00   5.2   0.0   0.0  13.1  52.8   23:49     S
 8   8.0  12.7   00:18   0.0   23:49  10.3   0.0   1.0   9.1  47.2   00:10     W
 9   8.1  15.1   12:31  -0.2   00:39  10.1   0.0   2.0  16.3  61.8   12:24   SSW
10   6.8  11.5   10:36   3.8   03:14  11.5   0.0   0.0   6.6  31.0   23:57     S
11   7.9  13.7   14:28   2.3   22:00  10.4   0.0   3.8  12.7  61.8   06:22   SSE
12   7.5  10.2   13:30   4.6   23:57  10.8   0.0  13.8  10.9  52.8   06:56   SSE
13   5.0   9.9   14:36   0.8   22:31  13.3   0.0   0.0   5.5  29.0   12:34   NNW
14   5.4   6.9   14:07   2.1   00:00  12.8   0.0   0.0   5.7  31.0   09:55   ENE
15   6.1   7.4   09:43   4.3   04:10  12.2   0.0   0.0   7.7  29.0   07:05     E
16   6.6   7.6   14:44   5.6   19:42  11.7   0.0   0.0   5.9  25.4   02:04     E
17   6.0   9.2   12:00   2.6   23:19  12.3   0.0   0.0   1.4  18.2   13:54   ESE
18   4.5  11.7   12:57  -1.7   06:10  13.8   0.0   0.0   1.4  16.4   13:32    NE
19   3.9   9.3   15:16  -1.9   05:55  14.4   0.0   0.2   0.9  12.8   12:21     E
20   9.2  12.3   12:15   1.8   00:22   9.1   0.0   0.0   8.2  36.4   13:30   WNW
21   6.7  11.1   10:27   0.8   23:51  11.6   0.0   0.0   5.0  27.2   10:13   NNW
22   7.1  14.4   16:48  -1.2   06:15  11.2   0.0   0.0   2.3  25.4   22:01    SE
23   8.0  12.6   13:30   3.7   23:40  10.3   0.0   1.2   9.0  41.8   17:09     W
24   5.5  10.8   13:40   2.6   04:20  12.8   0.0   0.2  12.6  43.6   08:47   WNW
25   5.7  10.4   10:11   2.5   03:33  12.6   0.0   7.6  10.3  45.4   21:10     S
26   8.3  11.9   14:07   4.4   23:59  10.0   0.0   0.8  15.5  60.0   12:03   WNW
27   7.6  11.8   15:07   2.2   02:25  10.7   0.0   0.0   5.5  29.0   14:41   SSE
28  11.9  15.6   10:35   7.8   00:05   6.4   0.0   0.6  21.4  85.4   11:00   WSW
29   7.8  10.7   14:21   5.2   23:19  10.1   0.0   6.8  14.9  63.6   12:00     W
30   8.2  12.6   20:18   4.3   07:22  10.1   0.0   4.6  17.1  85.4   20:14   WSW
31   7.2  10.3   12:52   4.2   19:21  11.1   0.0   3.8  23.7  81.8   12:55     W
----------------------------------------------------------------------------------
     7.1  19.8     7    -1.9    19   346.4   0.0  51.8  11.0  85.4    28     WSW

Max >=  25.0:  0
Max <=   0.0:  0
Min <=   0.0:  5
Min <=  -5.0:  0
Max Rain: 13.8 on day 12
Days of Rain: 16 (>= 0.2 mm)  8 (>= 2.0 mm)  0 (>= 20.0 mm)
Heat Base: 18.3  Cool Base: 18.3  Method: Integration