No particular awareness of the weather is required.   -   There are no Weather-warnings

NOAA-Style Climate Reports

Select a Year or Month report
2018: Jan Feb Mar Apr May Jun Jul Aug Sep Oct Nov Dec
2017: Jan Feb Mar Apr May Jun Jul Aug Sep Oct Nov Dec
2016: Jan Feb Mar Apr May Jun Jul Aug Sep Oct Nov Dec
2015: Jan Feb Mar Apr May Jun Jul Aug Sep Oct Nov Dec
2014: Jan Feb Mar Apr May Jun Jul Aug Sep Oct Nov Dec
2013: Jan Feb Mar Apr May Jun Jul Aug Sep Oct Nov Dec
2012: Jan Feb Mar Apr May Jun Jul Aug Sep Oct Nov Dec

Report for 2015 April
                   Monthly Climatological Summary for Apr 2015

Name: Loughlinstown   City: Co Dublin   State: Ireland
Elevation: 24 m  Lat: N 53° 14' 54"   Lon: W 006° 08' 01"

                  Temperature (°C), Rain (mm), Wind Speed (km/h)

                                      Heat  Cool        Avg
    Mean                              Deg   Deg         Wind                 Dom
Day Temp  High   Time   Low    Time   Days  Days  Rain  Speed High   Time    Dir
----------------------------------------------------------------------------------
 1   8.1  11.5   20:14   4.3   01:05  10.2   0.0   0.0  17.3  54.6   19:29     W
 2   7.0   9.3   00:00   5.3   05:55  11.3   0.0   7.4   4.5  27.2   14:04     E
 3   9.6  12.6   15:24   7.6   23:00   8.7   0.0   2.0  12.9  49.2   11:05   WNW
 4  10.4  17.0   17:20   6.6   22:30   7.9   0.0   0.0   7.0  38.2   04:04   WNW
 5   9.1  11.8   13:52   6.4   05:18   9.1   0.0   0.0   2.3  16.4   09:44     E
 6   8.2  15.2   17:43   1.3   06:54  10.1   0.0   0.0   1.6  14.6   09:57     E
 7   9.7  15.7   09:51   4.3   01:30   8.6   0.0   0.0   2.3  16.4   15:23   ENE
 8   8.9  14.4   17:00   3.6   06:37   9.4   0.0   0.2   2.9  25.4   13:27   ESE
 9   9.7  16.2   17:00   3.1   07:15   8.5   0.0   0.0   3.1  29.1   15:40   ESE
10   9.6  15.8   13:18   1.6   04:00   8.6   0.0   0.0   7.5  45.4   15:19   SSE
11   8.1  12.3   13:20   4.1   04:57  10.2   0.0   2.4  13.5  52.8   02:45   WSW
12   7.8  12.4   09:32   3.9   21:38  10.5   0.0   4.8   9.4  63.6   08:50    SW
13  10.8  17.3   15:21   3.4   03:23   7.5   0.0   0.0   7.0  38.2   14:09     S
14  13.4  19.6   17:48   9.4   23:33   4.9   0.0   0.0   6.2  40.0   05:26    SW
15   9.3  12.3   17:30   5.9   22:53   9.0   0.0   0.2   4.4  38.2   08:37     W
16   8.1  12.4   12:52   3.3   23:37  10.2   0.0   0.0   3.1  21.8   13:10   ENE
17   8.6  15.2   13:38   2.1   03:10   9.7   0.0   0.0   3.3  21.8   12:20     N
18   9.2  11.9   13:44   6.3   23:47   9.1   0.0   0.0   7.0  31.0   05:04   ENE
19   7.9  12.3   14:02   3.2   04:17  10.4   0.0   0.0   5.4  29.0   16:23    NE
20   9.3  13.1   12:01   4.7   23:46   9.0   0.0   0.0   3.1  20.0   12:20     E
21   9.5  15.6   14:39   1.4   05:36   8.8   0.0   0.0   2.4  18.2   13:44   ENE
22  10.0  16.3   13:10   3.3   06:07   8.3   0.0   0.0   2.4  20.0   13:37    NE
23  10.9  17.5   16:32   3.1   05:15   7.4   0.0   0.0   3.2  25.4   17:23   ESE
24  10.0  15.7   13:37   3.4   05:49   8.3   0.0   0.0   3.5  29.0   16:14    SE
25   8.7  13.0   08:56   4.6   23:56   9.6   0.0   7.0   6.1  36.4   10:33    NW
26   6.5  12.2   11:54   1.5   05:30  11.9   0.0   0.0   5.2  34.6   17:41    NW
27   5.5  12.6   13:23  -2.1   06:00  12.8   0.0   1.2  10.7  60.0   19:47   WSW
28   7.6  12.7   15:53   3.1   03:42  10.7   0.0   0.8  15.0  52.8   01:14   WSW
29   7.9  13.7   14:23   3.9   06:03  10.3   0.0   2.8  14.4  54.6   21:41   WSW
30   8.5  13.9   11:50   3.2   23:15   9.8   0.0   0.0   8.4  38.2   01:55    NW
----------------------------------------------------------------------------------
     8.9  19.6    14    -2.1    27   280.8   0.0  28.8   6.5  63.6    12       W

Max >=  25.0:  0
Max <=   0.0:  0
Min <=   0.0:  1
Min <=  -5.0:  0
Max Rain: 7.4 on day 2
Days of Rain: 10 (>= 0.2 mm)  6 (>= 2.0 mm)  0 (>= 20.0 mm)
Heat Base: 18.3  Cool Base: 18.3  Method: Integration