No particular awareness of the weather is required.   -   There are no Weather-warnings

NOAA-Style Climate Reports

Select a Year or Month report
2018: Jan Feb Mar Apr May Jun Jul Aug Sep Oct Nov Dec
2017: Jan Feb Mar Apr May Jun Jul Aug Sep Oct Nov Dec
2016: Jan Feb Mar Apr May Jun Jul Aug Sep Oct Nov Dec
2015: Jan Feb Mar Apr May Jun Jul Aug Sep Oct Nov Dec
2014: Jan Feb Mar Apr May Jun Jul Aug Sep Oct Nov Dec
2013: Jan Feb Mar Apr May Jun Jul Aug Sep Oct Nov Dec
2012: Jan Feb Mar Apr May Jun Jul Aug Sep Oct Nov Dec

Report for 2015 May
                   Monthly Climatological Summary for May 2015

Name: Loughlinstown   City: Co Dublin   State: Ireland
Elevation: 24 m  Lat: N 53° 14' 54"   Lon: W 006° 08' 01"

                  Temperature (°C), Rain (mm), Wind Speed (km/h)

                                      Heat  Cool        Avg
    Mean                              Deg   Deg         Wind                 Dom
Day Temp  High   Time   Low    Time   Days  Days  Rain  Speed High   Time    Dir
----------------------------------------------------------------------------------
 1   8.7  11.7   11:42   3.2   00:00   9.6   0.0   0.0   7.7  31.0   15:43   ENE
 2   7.6   9.1   23:55   6.2   07:06  10.7   0.0  25.6  12.0  45.4   05:23   ESE
 3  12.2  16.6   13:25   8.7   03:43   6.1   0.0  16.4   7.2  40.0   22:23   SSE
 4  11.0  15.7   12:13   7.2   06:14   7.3   0.0   0.0   8.7  47.2   01:42     S
 5   9.9  14.5   14:11   7.3   09:28   8.4   0.0  11.4   7.8  51.0   09:46    SW
 6   9.5  13.0   17:45   7.4   03:37   8.8   0.0   2.4  14.2  56.4   11:32   WSW
 7   9.2  12.9   10:44   6.6   04:31   9.1   0.0   1.4   4.6  23.6   14:27    SE
 8   8.1   9.8   09:56   6.0   06:00  10.2   0.0  13.6   4.8  27.2   22:47    NE
 9  10.8  16.3   13:24   6.7   03:13   7.5   0.0   0.4   7.3  29.0   23:24   WSW
10  13.1  16.9   14:44  10.7   00:51   5.2   0.0   0.4  13.0  49.2   15:13   SSE
11  14.3  18.6   13:57  10.6   23:44   4.0   0.0   0.0  15.1  56.4   13:59   SSW
12  12.1  16.4   16:16   8.7   05:51   6.2   0.0   0.0  15.4  60.0   09:38   WSW
13   9.6  13.5   12:49   4.1   05:02   8.7   0.0   0.0   4.2  23.6   13:36     E
14   9.2  11.2   16:25   5.8   00:00   9.1   0.0  11.4   5.9  41.8   07:25     E
15  10.9  17.4   17:49   2.7   05:11   7.4   0.0   0.2   6.1  47.2   23:47    SW
16  11.5  15.9   15:26   7.6   05:31   6.8   0.0   0.0  12.4  52.8   00:04     W
17  11.0  14.6   15:12   7.9   00:01   7.3   0.0   2.4   7.6  36.4   14:32    SW
18   9.7  14.4   13:35   6.9   22:31   8.6   0.0   1.6  11.4  52.8   13:35     W
19   9.1  14.7   16:03   5.9   05:24   9.2   0.0   1.8  15.7  54.6   12:59     W
20  11.2  17.2   17:19   5.8   04:58   7.1   0.0   0.0  11.8  40.0   03:30     W
21  13.2  19.2   17:27   7.4   05:27   5.1   0.0   0.0   6.4  29.0   08:11   WSW
22  15.6  20.8   13:48  10.4   23:49   2.8   0.1   0.0   7.7  34.6   05:46     W
23  13.3  16.6   09:30   9.6   05:53   5.0   0.0   0.0   3.5  23.6   13:44   ESE
24  14.6  18.9   16:23  10.7   09:03   3.7   0.0   0.0   8.0  31.0   11:09   WNW
25  13.6  18.3   15:35   9.8   04:23   4.7   0.0   0.0   8.6  31.0   08:37   WNW
26  13.6  20.6   14:44  10.3   22:53   4.8   0.1   0.0   7.4  32.8   12:12   WNW
27  11.5  16.2   18:38   7.9   05:18   6.8   0.0   0.2   8.7  52.8   20:37   WSW
28  11.5  16.5   15:10   7.1   05:27   6.7   0.0   0.2  11.8  43.6   12:50     W
29  10.4  15.5   15:54   6.7   06:16   7.9   0.0   2.2   8.7  41.8   17:19     W
30  10.1  14.3   09:47   5.8   04:29   8.2   0.0   2.8   8.8  34.6   20:32   SSE
31  11.0  15.1   14:25   7.1   23:57   7.3   0.0   0.6  12.2  47.2   16:22     W
----------------------------------------------------------------------------------
    11.2  20.8    22     2.7    15   220.3   0.2  95.0   9.2  60.0    12     WSW

Max >=  25.0:  0
Max <=   0.0:  0
Min <=   0.0:  0
Min <=  -5.0:  0
Max Rain: 25.6 on day 2
Days of Rain: 18 (>= 0.2 mm)  9 (>= 2.0 mm)  1 (>= 20.0 mm)
Heat Base: 18.3  Cool Base: 18.3  Method: Integration