No particular awareness of the weather is required.   -   There are no Weather-warnings

NOAA-Style Climate Reports

Select a Year or Month report
2018: Jan Feb Mar Apr May Jun Jul Aug Sep Oct Nov Dec
2017: Jan Feb Mar Apr May Jun Jul Aug Sep Oct Nov Dec
2016: Jan Feb Mar Apr May Jun Jul Aug Sep Oct Nov Dec
2015: Jan Feb Mar Apr May Jun Jul Aug Sep Oct Nov Dec
2014: Jan Feb Mar Apr May Jun Jul Aug Sep Oct Nov Dec
2013: Jan Feb Mar Apr May Jun Jul Aug Sep Oct Nov Dec
2012: Jan Feb Mar Apr May Jun Jul Aug Sep Oct Nov Dec

Report for 2015 June
                   Monthly Climatological Summary for Jun 2015

Name: Loughlinstown   City: Co Dublin   State: Ireland
Elevation: 24 m  Lat: N 53° 14' 54"   Lon: W 006° 08' 01"

                  Temperature (°C), Rain (mm), Wind Speed (km/h)

                                      Heat  Cool        Avg
    Mean                              Deg   Deg         Wind                 Dom
Day Temp  High   Time   Low    Time   Days  Days  Rain  Speed High   Time    Dir
----------------------------------------------------------------------------------
 1   9.0  12.5   18:03   5.2   05:04   9.3   0.0   7.0  11.4  51.0   15:01   SSW
 2  12.1  17.1   15:07   7.4   02:16   6.2   0.0   0.6  10.2  52.8   13:24   WSW
 3  12.8  16.7   13:13   7.4   04:31   5.5   0.0   1.0   6.6  32.8   02:22   WSW
 4  12.4  17.2   12:14   7.3   04:00   5.9   0.0   0.0   5.5  34.6   13:25   ESE
 5  13.7  18.6   14:03  10.3   22:46   4.6   0.0   0.8   8.6  43.6   18:22    SW
 6  12.7  17.7   16:39   8.7   03:44   5.6   0.0   0.0  14.6  52.8   12:08   WSW
 7  12.0  17.8   12:24   5.6   05:30   6.3   0.0   0.0   4.5  31.0   00:28     W
 8  12.6  17.4   12:45   8.9   23:03   5.7   0.0   0.0   5.7  29.0   10:48   NNE
 9  11.9  16.4   11:36   4.5   05:10   6.4   0.0   0.0   3.0  18.2   13:17    NE
10  13.0  18.3   18:09   5.1   05:16   5.3   0.0   0.0   3.9  20.0   10:29     N
11  13.1  17.3   18:18   6.5   05:48   5.2   0.0   0.0   3.3  20.0   09:50   NNE
12  14.6  18.3   16:16  11.4   04:51   3.7   0.0   0.0   3.7  18.2   12:08   NNW
13  14.3  20.4   13:30  11.2   04:46   4.1   0.2   0.0   7.1  27.2   08:55    NW
14  12.9  18.2   12:05   7.6   05:03   5.4   0.0   0.0   5.8  27.2   13:36     N
15  13.5  18.2   20:04   5.9   01:42   4.8   0.0   0.0   2.8  25.4   16:30   ESE
16  16.9  22.9   19:32  12.4   06:04   1.9   0.5   0.0   3.5  20.0   20:03     S
17  18.1  22.0   17:19  12.9   23:54   0.8   0.6   0.0   9.0  43.6   15:59     W
18  15.0  21.2   16:57   9.2   04:36   3.7   0.5   0.0   9.2  36.4   05:24   WNW
19  15.8  20.9   12:56  10.7   05:12   2.9   0.4   0.0   8.8  40.0   03:39     W
20  18.6  24.7   13:47  13.4   23:46   1.1   1.5   0.0  10.1  43.6   23:28     W
21  14.4  18.9   17:02  10.8   23:29   3.9   0.0   0.0  11.4  43.6   00:06     W
22  14.6  20.7   15:57   9.3   04:12   3.9   0.3   0.0   7.8  34.6   10:38   WNW
23  14.6  19.4   09:57   7.2   05:29   3.7   0.0   0.0   4.2  27.2   13:51   ESE
24  16.4  20.4   16:02   9.6   05:46   2.2   0.3   0.0   1.8  18.2   16:25   SSE
25  15.9  19.3   15:35  11.9   02:37   2.5   0.1   0.0   4.5  27.2   12:43    SE
26  18.0  23.6   15:29  12.8   23:45   1.5   1.2   1.4   8.0  41.8   13:36    SW
27  17.3  22.9   10:50  12.2   01:55   1.9   0.9   2.0   8.0  34.6   13:51   SSW
28  17.8  22.7   13:35  14.4   01:01   1.6   1.1   1.0  10.2  38.2   11:23    SW
29  16.7  23.2   13:50  13.0   03:09   2.0   0.4   0.0   6.8  40.0   21:43    SE
30  19.1  25.4   15:05  14.4   23:57   1.2   2.0   0.0   9.3  45.4   10:26    SE
----------------------------------------------------------------------------------
    14.7  25.4    30     4.5     9   118.8  10.0  13.8   7.0  52.8     2     WSW

Max >=  25.0:  1
Max <=   0.0:  0
Min <=   0.0:  0
Min <=  -5.0:  0
Max Rain: 7.0 on day 1
Days of Rain: 7 (>= 0.2 mm)  2 (>= 2.0 mm)  0 (>= 20.0 mm)
Heat Base: 18.3  Cool Base: 18.3  Method: Integration