No particular awareness of the weather is required.   -   There are no Weather-warnings

NOAA-Style Climate Reports

Select a Year or Month report
2018: Jan Feb Mar Apr May Jun Jul Aug Sep Oct Nov Dec
2017: Jan Feb Mar Apr May Jun Jul Aug Sep Oct Nov Dec
2016: Jan Feb Mar Apr May Jun Jul Aug Sep Oct Nov Dec
2015: Jan Feb Mar Apr May Jun Jul Aug Sep Oct Nov Dec
2014: Jan Feb Mar Apr May Jun Jul Aug Sep Oct Nov Dec
2013: Jan Feb Mar Apr May Jun Jul Aug Sep Oct Nov Dec
2012: Jan Feb Mar Apr May Jun Jul Aug Sep Oct Nov Dec

Report for 2015 July
                   Monthly Climatological Summary for Jul 2015

Name: Loughlinstown   City: Co Dublin   State: Ireland
Elevation: 24 m  Lat: N 53° 14' 54"   Lon: W 006° 08' 01"

                  Temperature (°C), Rain (mm), Wind Speed (km/h)

                                      Heat  Cool        Avg
    Mean                              Deg   Deg         Wind                 Dom
Day Temp  High   Time   Low    Time   Days  Days  Rain  Speed High   Time    Dir
----------------------------------------------------------------------------------
 1  18.1  24.1   13:22  12.4   05:09   1.4   1.2   0.0   2.3  34.6   19:03     E
 2  18.2  23.1   11:30  13.6   05:44   1.3   1.2   0.0   4.5  29.0   18:23   SSW
 3  16.0  19.9   14:43  11.7   04:56   2.4   0.1   0.0   5.1  32.8   10:54   ESE
 4  18.0  23.9   15:12  13.6   23:57   1.8   1.4   6.0   8.0  36.4   11:33     S
 5  15.3  20.1   19:36  12.1   02:51   3.1   0.1  13.0   4.0  27.2   09:29     S
 6  13.7  17.8   18:35   8.9   05:14   4.6   0.0  12.0   7.3  51.0   13:22    SE
 7  15.8  21.1   12:38  13.3   02:58   2.6   0.1   0.6  10.0  43.6   12:49   WSW
 8  15.0  19.2   13:37  11.1   23:49   3.3   0.0   0.2  12.4  43.6   07:44   WNW
 9  14.0  18.5   18:28   6.4   05:15   4.3   0.0   0.0   5.4  32.8   15:34    SE
10  17.0  21.2   14:14  14.3   05:14   1.7   0.5   0.0   6.7  43.6   08:54   SSE
11  16.3  19.6   10:19  12.1   04:31   2.0   0.1   0.0   8.0  36.4   00:47    SW
12  15.7  20.3   12:18  12.9   23:37   2.7   0.1   1.2   5.3  34.6   04:37   WSW
13  17.1  23.2   14:08  13.1   00:00   2.2   1.0   2.8   5.7  36.4   14:34     W
14  14.5  17.3   14:26  12.6   06:27   3.8   0.0   0.8   2.2  20.0   01:17    NE
15  14.4  18.3   13:01   8.4   23:36   3.9   0.0   0.0   3.0  20.0   11:17   ENE
16  12.4  16.1   21:57   7.3   00:54   5.9   0.0  21.6   3.2  32.8   22:17   ESE
17  15.9  19.7   13:18  12.5   23:57   2.5   0.1   0.8  12.3  49.2   18:51    SW
18  15.9  21.5   13:43  11.1   05:04   2.9   0.5   1.0  10.9  40.0   14:32    SW
19  15.0  20.5   15:12   8.7   05:15   3.5   0.2   4.0   5.8  31.0   12:13   WSW
20  16.5  22.6   13:22  12.2   07:52   2.7   0.9   1.4   7.6  40.0   13:41   SSW
21  16.4  21.8   13:21  12.2   22:16   2.4   0.4   0.0   7.7  38.2   13:27   WSW
22  15.0  19.9   17:20  11.6   22:53   3.4   0.1   0.0   5.6  29.0   19:29     W
23  15.0  20.4   12:22   9.4   02:32   3.4   0.2   0.0   5.7  29.0   14:29   WSW
24  13.5  18.3   17:07   8.5   05:46   4.8   0.0   0.0   4.0  21.8   11:18     N
25  14.1  19.1   12:52   9.3   04:14   4.3   0.0   0.0   6.8  31.0   09:19     W
26  12.9  14.3   20:23  12.1   01:02   5.4   0.0  16.8   9.0  45.4   08:25    SE
27  15.2  19.8   15:32  12.3   04:26   3.2   0.1   0.2  12.0  52.8   23:27     W
28  13.6  19.6   14:48  10.6   22:22   4.7   0.0   2.2  13.9  52.8   02:13     W
29  13.0  17.8   14:50  10.4   05:17   5.3   0.0   1.0  10.3  41.8   06:12   WNW
30  13.2  18.9   13:30   8.6   03:40   5.1   0.0   0.0   5.5  23.6   02:20     W
31  14.6  18.8   17:46  11.1   23:15   3.7   0.0   1.4   5.6  36.4   17:28   SSW
----------------------------------------------------------------------------------
    15.2  24.1     1     6.4     9   104.3   8.3  87.0   6.9  52.8    27      SW

Max >=  25.0:  0
Max <=   0.0:  0
Min <=   0.0:  0
Min <=  -5.0:  0
Max Rain: 21.6 on day 16
Days of Rain: 18 (>= 0.2 mm)  8 (>= 2.0 mm)  1 (>= 20.0 mm)
Heat Base: 18.3  Cool Base: 18.3  Method: Integration