No particular awareness of the weather is required.   -   There are no Weather-warnings

NOAA-Style Climate Reports

Select a Year or Month report
2018: Jan Feb Mar Apr May Jun Jul Aug Sep Oct Nov Dec
2017: Jan Feb Mar Apr May Jun Jul Aug Sep Oct Nov Dec
2016: Jan Feb Mar Apr May Jun Jul Aug Sep Oct Nov Dec
2015: Jan Feb Mar Apr May Jun Jul Aug Sep Oct Nov Dec
2014: Jan Feb Mar Apr May Jun Jul Aug Sep Oct Nov Dec
2013: Jan Feb Mar Apr May Jun Jul Aug Sep Oct Nov Dec
2012: Jan Feb Mar Apr May Jun Jul Aug Sep Oct Nov Dec

Report for 2015 August
                   Monthly Climatological Summary for Aug 2015

Name: Loughlinstown   City: Co Dublin   State: Ireland
Elevation: 24 m  Lat: N 53° 14' 54"   Lon: W 006° 08' 01"

                  Temperature (°C), Rain (mm), Wind Speed (km/h)

                                      Heat  Cool        Avg
    Mean                              Deg   Deg         Wind                 Dom
Day Temp  High   Time   Low    Time   Days  Days  Rain  Speed High   Time    Dir
----------------------------------------------------------------------------------
 1  15.2  20.7   16:58   8.8   05:20   3.4   0.3   0.0   5.9  34.6   16:43   WSW
 2  14.5  17.2   14:36  12.1   03:26   3.8   0.0   5.2   8.1  49.2   23:20    SE
 3  16.5  20.3   16:01  13.8   23:42   2.0   0.3   1.0  11.1  47.2   17:54     S
 4  16.7  21.3   14:12  13.4   03:28   2.1   0.5   0.0  12.2  47.2   11:49    SW
 5  14.7  16.2   11:27  12.3   05:09   3.6   0.0   5.0   8.9  43.6   12:01    SE
 6  15.4  21.0   13:53  11.6   06:12   3.1   0.2   1.4   6.7  34.6   01:35     W
 7  14.3  19.9   10:55  10.3   05:16   4.1   0.1   0.0   1.7  16.4   08:54   NNW
 8  15.8  21.1   05:39  14.9   00:29   0.7   0.0   0.0   5.0  27.2   02:07   SSW
 9  17.6  22.7   12:24  15.0   18:17   0.3   0.7   0.0   4.3  31.0   21:46     S
10  16.9  22.0   13:00  11.9   23:42   2.0   0.6   0.0   7.7  40.0   11:18   WSW
11  14.7  19.4   10:24  10.3   22:28   3.6   0.0   0.0   5.4  23.6   08:05     W
12  13.6  20.6   10:23   6.3   04:13   4.9   0.2   0.0   2.0  18.2   14:17   ENE
13  15.1  21.3   14:37   7.2   05:48   3.9   0.8   0.0   2.5  20.0   13:44     N
14  15.4  20.0   13:51  11.2   23:56   3.0   0.1   0.6  10.2  40.0   05:57   WNW
15  13.8  18.9   16:27   8.7   06:14   4.5   0.0   0.0   6.1  34.6   15:29   WSW
16  14.7  18.4   12:05   9.3   06:34   3.6   0.0   0.0   3.0  23.6   12:38    SE
17  13.9  19.4   10:52   6.8   05:52   4.5   0.1   0.0   3.1  25.4   12:24   ESE
18  16.1  23.6   11:58   8.1   06:33   3.5   1.3   0.0   2.4  21.8   14:54   ESE
19  16.1  21.4   17:19  11.6   02:20   2.6   0.4   4.4   4.9  34.6   08:51     S
20  16.5  20.7   12:21  11.9   05:50   2.1   0.3   0.0   6.4  32.8   20:08   SSE
21  18.6  23.8   16:44  14.0   22:42   1.2   1.4   0.8   7.7  41.8   13:17     S
22  14.3  16.4   10:57  10.9   06:03   4.0   0.0   2.0   2.2  21.8   13:39   ESE
23  13.7  14.5   15:03  12.6   21:29   4.6   0.0  33.4   3.8  36.4   09:50     W
24  14.8  21.0   17:40   9.3   23:58   3.7   0.2   0.0   3.4  29.0   22:12     W
25  11.7  15.9   18:49   6.6   03:34   6.6   0.0  11.8   4.4  31.0   12:22    SE
26  15.0  19.1   13:47  11.6   07:13   3.3   0.0   1.6   7.2  32.8   22:10   SSW
27  14.8  20.8   14:50  10.3   05:24   3.7   0.2   0.2   7.8  36.4   17:13    SW
28  15.4  20.6   15:34   9.2   06:37   3.1   0.3   0.0   8.3  40.0   15:40   SSW
29  15.5  22.6   13:08  11.6   03:35   3.2   0.4   2.6   5.3  31.0   12:38   SSW
30  13.5  19.1   10:58   8.6   23:55   4.8   0.0   0.0   1.4  14.6   00:51     E
31  12.9  16.6   09:00   8.3   01:25   5.4   0.0   2.8   3.4  25.4   16:12   WNW
----------------------------------------------------------------------------------
    15.1  23.8    21     6.3    12   104.9   8.4  72.8   5.6  49.2     2     SSW

Max >=  25.0:  0
Max <=   0.0:  0
Min <=   0.0:  0
Min <=  -5.0:  0
Max Rain: 33.4 on day 23
Days of Rain: 14 (>= 0.2 mm)  8 (>= 2.0 mm)  1 (>= 20.0 mm)
Heat Base: 18.3  Cool Base: 18.3  Method: Integration