No particular awareness of the weather is required.   -   There are no Weather-warnings

NOAA-Style Climate Reports

Select a Year or Month report
2018: Jan Feb Mar Apr May Jun Jul Aug Sep Oct Nov Dec
2017: Jan Feb Mar Apr May Jun Jul Aug Sep Oct Nov Dec
2016: Jan Feb Mar Apr May Jun Jul Aug Sep Oct Nov Dec
2015: Jan Feb Mar Apr May Jun Jul Aug Sep Oct Nov Dec
2014: Jan Feb Mar Apr May Jun Jul Aug Sep Oct Nov Dec
2013: Jan Feb Mar Apr May Jun Jul Aug Sep Oct Nov Dec
2012: Jan Feb Mar Apr May Jun Jul Aug Sep Oct Nov Dec

Report for 2015 September
                   Monthly Climatological Summary for Sep 2015

Name: Loughlinstown   City: Co Dublin   State: Ireland
Elevation: 24 m  Lat: N 53° 14' 54"   Lon: W 006° 08' 01"

                  Temperature (°C), Rain (mm), Wind Speed (km/h)

                                      Heat  Cool        Avg
    Mean                              Deg   Deg         Wind                 Dom
Day Temp  High   Time   Low    Time   Days  Days  Rain  Speed High   Time    Dir
----------------------------------------------------------------------------------
 1  13.1  17.9   15:40  10.2   23:55   5.2   0.0   1.6   8.3  31.0   15:12   WNW
 2  12.1  16.9   14:52   8.9   05:57   6.2   0.0   0.0   8.6  31.0   16:34   WNW
 3  11.9  14.6   15:15   9.4   05:40   6.4   0.0   0.4   9.4  36.4   08:14   WNW
 4  13.5  17.8   14:47  11.1   07:04   4.8   0.0   0.0  10.1  36.4   20:21   WNW
 5  13.2  17.3   14:33   9.4   23:57   5.1   0.0   0.0   8.8  38.2   00:04   NNW
 6  12.3  17.1   15:26   8.1   03:51   6.0   0.0   0.0   4.8  25.4   19:18   WNW
 7  12.6  16.6   13:59   7.1   23:30   5.7   0.0   0.0   2.1  16.4   15:18     N
 8  13.7  17.9   14:29   8.3   00:00   4.6   0.0   0.0   3.6  29.0   15:24   ESE
 9  14.0  17.4   13:45  10.6   00:00   4.3   0.0   0.0   4.7  27.2   09:56   ESE
10  15.3  18.1   17:40  12.1   06:53   3.0   0.0   0.0   8.3  34.6   13:24    SE
11  14.8  17.3   11:47  13.4   06:02   3.5   0.0  17.8   9.1  41.8   22:43    SE
12  13.8  17.7   17:37  11.3   07:29   4.5   0.0  15.2   9.0  41.8   11:56    SW
13  12.0  15.6   16:43   8.6   03:21   6.3   0.0   8.6   3.1  29.0   12:59    SE
14  12.7  14.0   16:43  11.1   01:28   5.6   0.0   1.6   6.0  29.0   09:25     N
15  13.3  19.0   16:39   6.8   23:52   5.0   0.0   0.0   7.0  32.8   08:18   WNW
16  12.1  17.6   14:39   6.5   00:54   6.1   0.0   0.0   3.0  21.8   14:56     N
17  13.8  19.5   15:33   9.1   07:53   4.6   0.0   0.0   2.5  23.6   23:56     W
18  13.5  17.3   15:07   9.4   23:59   4.8   0.0   0.2   4.6  27.2   01:34   WNW
19  12.6  17.3   16:34   7.3   03:49   5.7   0.0   0.0   1.0  16.4   11:51     E
20  13.1  17.9   13:45   7.8   02:38   5.2   0.0   4.4   3.7  29.0   20:32    SE
21  13.2  17.4   15:50   9.5   23:54   5.1   0.0   5.8   6.2  38.2   16:30     W
22  11.7  16.6   16:08   8.9   00:35   6.6   0.0   0.2   9.3  34.6   14:18   WNW
23  12.6  18.9   14:22   7.4   04:39   5.7   0.0   0.0   5.3  31.0   14:18   WSW
24  12.1  16.1   15:35   9.4   06:12   6.2   0.0   0.0  11.1  43.6   12:43   WSW
25  12.4  17.2   11:44   5.9   07:29   5.9   0.0   0.0   3.4  27.2   01:41   WSW
26  11.4  16.3   12:02   4.8   07:14   6.9   0.0   0.0   3.7  29.0   13:39   ESE
27  11.1  16.7   12:49   5.7   06:48   7.2   0.0   0.0   2.8  29.0   13:02   ESE
28  12.0  17.2   15:44   5.2   04:02   6.3   0.0   0.2   5.4  34.6   12:13    SE
29  12.2  16.9   12:24   8.1   03:32   6.1   0.0   0.2   3.1  25.4   13:51   ESE
30  11.1  17.4   13:52   5.1   07:24   7.2   0.0   0.2   1.9  20.0   13:50    NE
----------------------------------------------------------------------------------
    12.8  19.5    17     4.8    26   165.8   0.0  56.4   5.7  43.6    24       W

Max >=  25.0:  0
Max <=   0.0:  0
Min <=   0.0:  0
Min <=  -5.0:  0
Max Rain: 17.8 on day 11
Days of Rain: 13 (>= 0.2 mm)  5 (>= 2.0 mm)  0 (>= 20.0 mm)
Heat Base: 18.3  Cool Base: 18.3  Method: Integration