No particular awareness of the weather is required.   -   There are no Weather-warnings

NOAA-Style Climate Reports

Select a Year or Month report
2018: Jan Feb Mar Apr May Jun Jul Aug Sep Oct Nov Dec
2017: Jan Feb Mar Apr May Jun Jul Aug Sep Oct Nov Dec
2016: Jan Feb Mar Apr May Jun Jul Aug Sep Oct Nov Dec
2015: Jan Feb Mar Apr May Jun Jul Aug Sep Oct Nov Dec
2014: Jan Feb Mar Apr May Jun Jul Aug Sep Oct Nov Dec
2013: Jan Feb Mar Apr May Jun Jul Aug Sep Oct Nov Dec
2012: Jan Feb Mar Apr May Jun Jul Aug Sep Oct Nov Dec

Report for 2015 October
                   Monthly Climatological Summary for Oct 2015

Name: Loughlinstown   City: Co Dublin   State: Ireland
Elevation: 24 m  Lat: N 53° 14' 54"   Lon: W 006° 08' 01"

                  Temperature (°C), Rain (mm), Wind Speed (km/h)

                                      Heat  Cool        Avg
    Mean                              Deg   Deg         Wind                 Dom
Day Temp  High   Time   Low    Time   Days  Days  Rain  Speed High   Time    Dir
----------------------------------------------------------------------------------
 1  11.7  17.8   14:15   5.6   07:37   6.6   0.0   0.2   1.5  16.4   14:14   NNE
 2  11.3  16.4   13:14   5.7   02:53   7.0   0.0   0.0   2.1  18.2   12:24   NNE
 3   9.9  12.8   15:35   7.3   02:41   8.4   0.0   0.0   1.8  14.6   10:36   WNW
 4  10.5  14.6   11:16   2.7   05:04   7.8   0.0   0.0   4.3  32.8   19:57   ESE
 5  15.4  20.6   13:29  12.6   06:29   3.0   0.1   7.2   8.6  41.8   07:53   ESE
 6  14.2  16.9   14:14   9.9   22:51   4.1   0.0   1.6   4.5  52.8   21:38   WSW
 7  11.5  17.3   16:43   6.9   22:18   6.8   0.0   0.0   8.3  47.2   01:13     W
 8  11.2  16.9   12:33   4.9   07:48   7.1   0.0   0.2   2.1  23.6   14:25     S
 9  13.2  17.8   13:37   8.7   23:59   5.1   0.0   0.0   3.1  25.4   10:50   SSE
10  11.9  14.6   14:30   8.6   00:07   6.3   0.0   0.0   2.2  23.6   14:10   ESE
11  10.9  15.7   12:46   6.4   23:55   7.4   0.0   0.0   0.2  11.0   13:33   ENE
12  10.0  14.7   14:16   5.9   01:31   8.3   0.0   0.0   6.0  29.0   14:47    NW
13   8.8  14.6   14:21   4.2   23:55   9.5   0.0   0.2   2.1  14.6   00:01    NW
14   6.7  12.6   16:08   2.4   03:51  11.6   0.0   0.0   0.7  16.4   14:17   ESE
15   9.2  15.1   13:11   1.8   01:37   9.1   0.0   0.0   1.5  18.2   14:14    NE
16   9.4  14.0   12:54   4.5   04:59   8.9   0.0   0.2   2.5  21.8   13:23   NNE
17  11.2  13.8   14:56   7.7   00:07   7.0   0.0   0.0   5.5  23.6   06:17    NE
18  11.4  13.0   13:43   8.2   05:14   6.9   0.0   1.2   3.2  21.8   08:15   NNE
19  11.1  14.3   13:57   8.6   23:58   7.2   0.0   0.6   2.5  21.8   15:59   WNW
20  10.9  15.3   12:49   5.7   01:56   7.4   0.0   5.4   4.7  27.2   22:02   WSW
21  15.0  19.1   14:27  11.7   00:00   3.3   0.0   0.0  14.1  63.6   01:24   WSW
22  12.0  15.0   15:58   7.6   20:16   6.3   0.0   0.0   9.1  41.8   10:04     W
23  12.0  15.6   12:21   8.2   06:18   6.3   0.0   0.0   5.8  45.4   16:31   SSE
24  10.1  13.7   00:37   7.1   23:26   8.2   0.0   2.4  11.4  47.2   14:52   WSW
25   9.8  13.2   13:02   5.8   06:45   8.9   0.0   0.0   8.5  41.8   22:23     S
26  12.5  13.3   19:45  11.6   08:54   5.8   0.0  13.6  15.2  51.0   16:24    SE
27  12.1  13.2   05:25   9.1   23:54   6.2   0.0  10.8   5.4  31.0   03:02   ESE
28  10.5  13.1   11:58   4.9   04:30   7.8   0.0   1.4   7.4  43.6   22:05    SE
29  10.9  14.1   13:42   8.3   21:37   7.4   0.0   7.0   5.9  45.4   01:15     S
30  12.7  15.1   23:28  10.4   07:08   5.6   0.0   2.8   9.7  41.8   23:05    SE
31  13.8  16.8   13:14   8.8   22:05   4.5   0.0   0.2   3.7  40.0   00:01   SSE
----------------------------------------------------------------------------------
    11.3  20.6     5     1.8    15   215.8   0.1  55.0   5.3  63.6    21       S

Max >=  25.0:  0
Max <=   0.0:  0
Min <=   0.0:  0
Min <=  -5.0:  0
Max Rain: 13.6 on day 26
Days of Rain: 16 (>= 0.2 mm)  7 (>= 2.0 mm)  0 (>= 20.0 mm)
Heat Base: 18.3  Cool Base: 18.3  Method: Integration