No particular awareness of the weather is required.   -   There are no Weather-warnings

NOAA-Style Climate Reports

Select a Year or Month report
2018: Jan Feb Mar Apr May Jun Jul Aug Sep Oct Nov Dec
2017: Jan Feb Mar Apr May Jun Jul Aug Sep Oct Nov Dec
2016: Jan Feb Mar Apr May Jun Jul Aug Sep Oct Nov Dec
2015: Jan Feb Mar Apr May Jun Jul Aug Sep Oct Nov Dec
2014: Jan Feb Mar Apr May Jun Jul Aug Sep Oct Nov Dec
2013: Jan Feb Mar Apr May Jun Jul Aug Sep Oct Nov Dec
2012: Jan Feb Mar Apr May Jun Jul Aug Sep Oct Nov Dec

Report for 2015 November
                   Monthly Climatological Summary for Nov 2015

Name: Loughlinstown   City: Co Dublin   State: Ireland
Elevation: 24 m  Lat: N 53° 14' 54"   Lon: W 006° 08' 01"

                  Temperature (°C), Rain (mm), Wind Speed (km/h)

                                      Heat  Cool        Avg
    Mean                              Deg   Deg         Wind                 Dom
Day Temp  High   Time   Low    Time   Days  Days  Rain  Speed High   Time    Dir
----------------------------------------------------------------------------------
 1  11.2  17.4   12:39   5.7   07:20   7.1   0.0   0.2   0.5  12.8   21:54   NNE
 2  11.4  15.3   12:48   7.0   02:12   6.9   0.0   0.2   4.4  31.0   09:51    SE
 3  10.3  13.6   13:14   5.1   06:28   8.0   0.0   0.2   1.6  14.5   23:40     N
 4  10.1  11.9   14:41   5.7   22:52   8.1   0.0   1.0   0.6  11.0   00:12   WNW
 5  11.6  13.9   13:04   5.9   01:12   6.7   0.0   4.8   3.2  29.0   14:15    SE
 6  12.4  17.7   14:12   7.6   22:16   5.9   0.0   0.2   6.5  38.2   04:49     S
 7  11.0  14.3   11:58   7.5   23:27   7.3   0.0   5.6   4.8  36.4   18:02    SW
 8  10.9  14.9   11:14   6.8   19:57   7.4   0.0  11.4  12.1  47.2   06:56     S
 9  14.4  17.1   14:17   7.2   00:23   3.9   0.0   3.4  16.9  67.2   07:51    SW
10  16.6  18.7   12:31  15.0   23:37   1.7   0.0   0.0  14.0  54.6   08:14    SW
11  13.3  16.3   11:24   9.9   18:57   5.0   0.0   2.0   9.5  47.2   21:47    SW
12  10.6  14.4   14:35   7.0   23:29   7.7   0.0   3.8  12.8  63.6   15:43     S
13   6.1   8.6   14:37   4.1   06:04  12.2   0.0   8.4  20.1  63.6   06:41   WSW
14  10.6  15.4   23:43   6.2   01:43   7.7   0.0  11.0  11.8  63.6   23:55    SW
15  15.7  17.7   13:12  12.1   23:58   2.6   0.0   0.2  18.5  91.0   22:14    SW
16   8.4  12.1   00:00   6.6   06:42   9.9   0.0   0.2  10.1  61.8   00:00    SW
17   9.0  15.6   13:04   4.8   04:01   9.3   0.0   4.0  16.7  98.2   16:26   WSW
18  10.8  12.8   12:04   8.4   00:20   7.5   0.0  12.8  19.0  71.0   17:10    SW
19   8.8  10.2   01:11   4.8   23:59   9.5   0.0   0.2  17.3  60.0   02:06     W
20   4.7   8.3   11:09   1.6   22:12  13.6   0.0   1.0  12.0  52.8   10:31     W
21   4.4   5.7   13:52   2.2   00:00  13.9   0.0   0.2  13.1  54.6   00:22   WNW
22   5.3   8.9   13:19   0.9   23:53  13.0   0.0   0.0   8.2  38.2   05:09   WNW
23   5.9  11.1   20:36  -1.6   04:48  12.4   0.0   0.8   5.3  45.4   17:54    SW
24   8.8   9.7   10:52   7.6   02:48   9.5   0.0   0.4  14.5  60.0   07:26     W
25   9.7  11.7   12:50   8.3   00:47   8.6   0.0   1.6  14.6  49.2   14:10   WNW
26  12.0  14.8   14:15  10.3   00:00   6.2   0.0   0.2   9.0  36.4   00:01     W
27   8.5  13.2   10:42   3.5   19:30   9.8   0.0   2.8  12.0  56.4   15:21   WSW
28   6.7   8.4   17:19   3.7   02:06  11.6   0.0   6.4  19.5  65.4   20:47   WSW
29   8.5  12.2   11:12   4.1   23:58   9.8   0.0   2.8  22.9  87.2   10:36   WSW
30   7.3  13.0   12:16   3.1   21:28  11.0   0.0   6.2  10.2  72.8   08:16   WSW
----------------------------------------------------------------------------------
     9.8  18.7    10    -1.6    23   253.8   0.0  92.0  11.4  98.2    17     WSW

Max >=  25.0:  0
Max <=   0.0:  0
Min <=   0.0:  1
Min <=  -5.0:  0
Max Rain: 12.8 on day 18
Days of Rain: 28 (>= 0.2 mm)  14 (>= 2.0 mm)  0 (>= 20.0 mm)
Heat Base: 18.3  Cool Base: 18.3  Method: Integration