No particular awareness of the weather is required.   -   There are no Weather-warnings

NOAA-Style Climate Reports

Select a Year or Month report
2018: Jan Feb Mar Apr May Jun Jul Aug Sep Oct Nov Dec
2017: Jan Feb Mar Apr May Jun Jul Aug Sep Oct Nov Dec
2016: Jan Feb Mar Apr May Jun Jul Aug Sep Oct Nov Dec
2015: Jan Feb Mar Apr May Jun Jul Aug Sep Oct Nov Dec
2014: Jan Feb Mar Apr May Jun Jul Aug Sep Oct Nov Dec
2013: Jan Feb Mar Apr May Jun Jul Aug Sep Oct Nov Dec
2012: Jan Feb Mar Apr May Jun Jul Aug Sep Oct Nov Dec

Report for 2015 December
                   Monthly Climatological Summary for Dec 2015

Name: Loughlinstown   City: Co Dublin   State: Ireland
Elevation: 24 m  Lat: N 53° 14' 54"   Lon: W 006° 08' 01"

                  Temperature (°C), Rain (mm), Wind Speed (km/h)

                                      Heat  Cool        Avg
    Mean                              Deg   Deg         Wind                 Dom
Day Temp  High   Time   Low    Time   Days  Days  Rain  Speed High   Time    Dir
----------------------------------------------------------------------------------
 1  12.3  15.4   12:23   5.5   00:00   6.0   0.0   0.4  12.4  65.4   16:43   SSW
 2  10.6  13.4   09:52   4.9   22:15   7.7   0.0   0.8   8.6  67.2   05:08   SSW
 3   5.9   8.1   12:41   3.7   16:57  12.4   0.0  37.2   5.8  43.6   23:27   WNW
 4  10.4  13.0   14:10   6.8   00:00   7.9   0.0   2.2  16.3  69.2   19:05   SSW
 5  12.3  13.5   20:56  11.2   00:00   6.0   0.0   8.4  20.4  78.2   18:39   SSW
 6   8.3  14.1   01:44   4.5   17:41  10.0   0.0   3.4  10.3  71.0   05:21    SW
 7  12.1  13.3   09:48   8.2   00:32   6.2   0.0   6.8  12.2  61.8   13:11   SSE
 8   8.4  12.7   00:00   4.3   21:10   9.9   0.0   1.4  13.1  65.4   14:16    SW
 9  10.3  12.9   12:25   4.1   01:42   8.0   0.0   6.0  18.4  71.0   18:04   SSW
10   7.2   9.3   00:00   4.9   22:47  11.1   0.0   1.4  10.0  45.4   18:52    SW
11   6.0   7.9   13:17   4.9   00:39  12.3   0.0   0.4  14.4  47.2   08:53   WSW
12   6.1  12.9   11:04   3.8   23:40  12.2   0.0  26.4   6.5  45.4   10:00   WNW
13   7.2   9.7   22:02   3.9   00:00  11.1   0.0   1.6   2.7  25.4   05:01     E
14  10.1  11.0   23:49   8.6   01:31   8.2   0.0   7.6   6.9  32.8   13:00   ESE
15  11.0  12.5   20:58   9.5   00:47   7.3   0.0   6.6  10.8  40.0   17:04    SE
16  13.5  16.0   12:52  11.9   00:27   4.8   0.0   0.8  10.7  51.0   01:56   SSW
17  13.1  14.7   14:09  11.3   23:42   5.2   0.0   0.8   8.5  45.4   03:36     S
18  12.7  14.6   23:52  11.3   00:00   5.6   0.0   0.6  13.3  49.2   13:37   SSE
19  13.7  15.2   01:18  10.6   23:14   4.6   0.0   1.8  12.0  61.8   11:40     S
20   9.6  11.5   14:06   7.3   23:25   8.7   0.0   0.2  13.9  60.0   10:24   SSW
21   8.9  12.1   10:19   6.7   02:58   9.4   0.0   2.2  15.7  72.8   11:30    SW
22  10.8  14.6   05:17   8.4   23:40   7.5   0.0   3.8  18.6  61.8   23:20    SW
23   8.2  11.3   21:28   4.6   05:35  10.1   0.0   2.6  16.1  80.0   01:41   SSW
24   6.4  10.9   00:11   3.7   16:09  11.9   0.0  13.2  18.1  63.6   00:21    SW
25   7.2  13.2   23:39   3.2   05:29  11.1   0.0  25.2   5.2  45.4   23:14   SSE
26   8.7  13.5   01:36   4.3   23:45   9.6   0.0   9.8   6.3  40.0   00:00    SW
27   6.1  12.4   18:21  -0.8   08:53  12.2   0.0   0.2   6.1  38.2   18:36   SSE
28  11.4  12.6   15:29   7.9   23:27   6.9   0.0  15.4  17.9  69.2   16:06    SE
29   9.4  12.6   23:57   6.9   09:01   8.9   0.0  16.0  15.3  69.2   16:03   SSE
30   9.0  12.9   01:29   4.9   19:25   9.3   0.0  22.2  15.1  74.6   12:41     S
31   4.6   7.2   09:18   1.6   23:20  13.7   0.0   2.0  11.9  60.0   06:41    SW
----------------------------------------------------------------------------------
     9.4  16.0    16    -0.8    27   275.8   0.0 227.4  12.0  80.0    23     SSW

Max >=  25.0:  0
Max <=   0.0:  0
Min <=   0.0:  1
Min <=  -5.0:  0
Max Rain: 37.2 on day 3
Days of Rain: 31 (>= 0.2 mm)  19 (>= 2.0 mm)  4 (>= 20.0 mm)
Heat Base: 18.3  Cool Base: 18.3  Method: Integration