No particular awareness of the weather is required.   -   There are no Weather-warnings

NOAA-Style Climate Reports

Select a Year or Month report
2018: Jan Feb Mar Apr May Jun Jul Aug Sep Oct Nov Dec
2017: Jan Feb Mar Apr May Jun Jul Aug Sep Oct Nov Dec
2016: Jan Feb Mar Apr May Jun Jul Aug Sep Oct Nov Dec
2015: Jan Feb Mar Apr May Jun Jul Aug Sep Oct Nov Dec
2014: Jan Feb Mar Apr May Jun Jul Aug Sep Oct Nov Dec
2013: Jan Feb Mar Apr May Jun Jul Aug Sep Oct Nov Dec
2012: Jan Feb Mar Apr May Jun Jul Aug Sep Oct Nov Dec

Report for 2016
                   Annual Climatological Summary for 2016

Name: Loughlinstown   City: Co Dublin   State: Ireland
Elevation: 24 m  Lat: N 53° 14' 54"   Lon: W 006° 08' 01"

                  Temperature (°C), Heat Base: 18.3  Cool Base: 18.3
                          Dep.  Heat  Cool                       Max  Max  Min  Min
        Mean  Mean        From  Deg   Deg                        >=   <=   <=   <=
 YR MO  Max   Min   Mean  Norm  Days  Days  Hi  Date  Low  Date 25.0  0.0  0.0  -5.0
------------------------------------------------------------------------------------
 16  1   9.3   3.7   6.7   1.0   358     0  14.9  26   0.0    1    0    0    1    0
 16  2   9.1   1.9   5.8   0.1   362     0  14.3  21  -3.6   24    0    0   11    0
 16  3  11.1   2.9   7.0  -0.1   350     0  16.1  12  -1.4   18    0    0    6    0
 16  4  12.1   3.6   7.8  -1.3   316     0  15.1  12  -1.6   10    0    0    2    0
 16  5  17.4   7.8  12.4   0.7   185     2  22.4  31   3.2   16    0    0    0    0
 16  6  19.5  11.0  15.0   0.3   105     5  23.1   4   4.9    3    0    0    0    0
 16  7  22.5  12.7  17.0   0.8    68    27  27.2  15   6.9    4    6    0    0    0
 16  8  21.0  12.2  16.4   0.5    74    16  25.6  22   6.7   15    3    0    0    0
 16  9  19.8  11.1  15.2   1.1   103    12  27.6   5   4.7   22    3    0    0    0
 16 10  15.0   8.4  11.8   0.2   202     0  17.5  27   3.1    2    0    0    0    0
 16 11  10.2   3.7   6.9  -1.2   341     0  17.1  14  -2.2   30    0    0    5    0
 16 12  10.7   4.4   7.9   1.1   323     0  16.1   7  -1.7    1    0    0    5    0
------------------------------------------------------------------------------------
        14.8   7.0  10.8   0.3  2793    62  27.6 Sep  -3.6  Feb   12    0   30    0

                                Precipitation (mm)

              Dep.   Max        Days of Rain
              From   Obs.           >=
 YR MO Total  Norm   Day Date  0.2  2.0 20.0
---------------------------------------------
 16  1 146.2  74.2  35.2   9    23   15    3
 16  2  50.4  -6.6   7.4  11    17   10    0
 16  3  28.2 -22.8   7.2  26    12    5    0
 16  4  58.8  12.8  23.4  11    18    8    1
 16  5  32.0 -26.0  12.2  10    14    4    0
 16  6  52.0  -2.0   9.8  29    16    9    0
 16  7  22.8 -28.2   3.2  15    16    5    0
 16  8  51.8 -10.2  14.8  17    17    6    0
 16  9  54.2 -14.8  12.0   3    16   11    0
 16 10  54.6 -11.4  16.0   1     9    4    0
 16 11  32.4 -38.6   8.8   8    12    6    0
 16 12  51.4 -28.6  14.8  14    17    7    0
---------------------------------------------
       634.8-102.2  35.2  Jan  187   90    4

                                Wind Speed (km/h)
                          Dom
 YR MO   Avg.  Hi   Date  Dir
------------------------------
 16  1  11.0  94.6   29    SW
 16  2  11.2  96.4    1   WSW
 16  3   7.8  83.6    2     W
 16  4   8.2  72.8    6   WNW
 16  5   5.5  58.2    2    NW
 16  6   4.7  41.8   26     W
 16  7   6.6  56.4    1   WSW
 16  8   7.0  56.4    7   WSW
 16  9   6.7  58.2   29   SSW
 16 10   6.1  51.0    3   ESE
 16 11   7.7  61.8   16   WNW
 16 12   6.5  69.2   23   SSW
------------------------------
         7.4  96.4  Feb   WSW