No particular awareness of the weather is required.   -   There are no Weather-warnings

NOAA-Style Climate Reports

Select a Year or Month report
2018: Jan Feb Mar Apr May Jun Jul Aug Sep Oct Nov Dec
2017: Jan Feb Mar Apr May Jun Jul Aug Sep Oct Nov Dec
2016: Jan Feb Mar Apr May Jun Jul Aug Sep Oct Nov Dec
2015: Jan Feb Mar Apr May Jun Jul Aug Sep Oct Nov Dec
2014: Jan Feb Mar Apr May Jun Jul Aug Sep Oct Nov Dec
2013: Jan Feb Mar Apr May Jun Jul Aug Sep Oct Nov Dec
2012: Jan Feb Mar Apr May Jun Jul Aug Sep Oct Nov Dec

Report for 2016 January
                   Monthly Climatological Summary for Jan 2016

Name: Loughlinstown   City: Co Dublin   State: Ireland
Elevation: 24 m  Lat: N 53° 14' 54"   Lon: W 006° 08' 01"

                  Temperature (°C), Rain (mm), Wind Speed (km/h)

                                      Heat  Cool        Avg
    Mean                              Deg   Deg         Wind                 Dom
Day Temp  High   Time   Low    Time   Days  Days  Rain  Speed High   Time    Dir
----------------------------------------------------------------------------------
 1   6.2   8.9   16:19   0.0   02:33  12.1   0.0  23.0  14.3  65.4   16:08    SE
 2   8.9  10.7   13:30   5.3   22:42   9.4   0.0   4.8   6.3  49.2   01:42   ESE
 3   7.6  10.3   13:53   4.7   01:10  10.7   0.0   9.4   6.7  58.2   09:02    SE
 4   5.0   8.0   14:23   1.4   09:01  13.3   0.0   3.0   0.3  11.0   22:36   NNE
 5   6.5   7.3   13:39   5.4   03:27  11.8   0.0  20.2   7.7  29.0   03:52   WNW
 6   6.7   8.4   17:37   5.1   09:33  11.6   0.0  15.6  10.6  60.0   20:14   SSE
 7   5.7   8.5   01:15   3.8   16:40  12.6   0.0   4.6  16.7  72.8   06:45   WSW
 8   5.0   7.5   14:03   3.2   21:18  13.3   0.0   0.2   3.6  27.2   09:31    SW
 9   3.7   5.8   13:08   1.1   23:08  14.6   0.0  35.2   3.5  45.4   22:13    NW
10   4.7   6.6   11:50   1.8   00:00  13.6   0.0   2.4  10.4  47.2   06:48   WSW
11   3.7   6.0   13:47   0.3   08:12  14.6   0.0   0.0   8.6  47.2   22:38     W
12   4.5   7.4   13:26   2.8   22:40  13.8   0.0   0.0  20.8  60.0   04:44     W
13   4.0   6.4   13:50   1.9   03:54  14.3   0.0   0.0   7.4  34.6   19:03   WSW
14   2.5   5.7   13:32   1.1   21:04  15.8   0.0   0.4  14.4  49.2   15:54     W
15   3.0   5.5   13:29   1.3   06:48  15.3   0.0   0.0  15.9  49.2   13:59     W
16   4.3   7.7   14:29   0.4   04:31  14.0   0.0   0.0   3.3  23.6   20:29   WSW
17   5.7   8.7   14:37   1.8   04:27  12.6   0.0   2.2   5.7  45.5   21:20    SE
18   6.8   7.8   04:00   4.4   22:20  11.4   0.0   1.4   7.1  41.8   00:30    SE
19   4.9   8.0   13:53   0.6   20:34  13.4   0.0   0.0   0.4  11.0   12:48    SE
20   4.3   6.3   12:36   0.9   04:09  14.0   0.0   0.2   7.9  43.6   22:04    SE
21   9.1  11.4   23:43   6.1   01:18   9.2   0.0   2.0  16.9  58.2   17:09   SSE
22  10.7  12.3   11:18   8.5   18:15   7.6   0.0   4.0  11.4  47.2   01:00   SSW
23   9.7  11.6   21:04   6.4   07:23   8.6   0.0   1.2   8.5  41.8   11:58   SSE
24  13.1  14.1   08:30  10.4   00:00   5.2   0.0   0.0   8.7  41.8   17:45    SE
25  10.8  13.4   06:16   7.3   20:53   7.5   0.0   0.2  14.3  56.4   13:00   SSW
26  11.4  14.9   13:50   8.9   00:00   6.9   0.0   8.8  18.7  71.0   05:33   SSW
27   8.6  13.7   02:44   3.9   17:41   9.7   0.0   2.2  20.0  61.8   10:34   WSW
28   8.1  12.1   23:55   3.6   01:27  10.2   0.0   3.0  16.6  60.0   15:01    SW
29   9.7  12.3   00:15   6.3   23:44   8.6   0.0   1.8  19.6  94.6   04:26   WSW
30   4.2   6.4   00:00   2.8   23:09  14.1   0.0   0.0  15.4  58.2   09:59   WSW
31  10.1  14.2   13:47   3.6   00:00   8.2   0.0   0.4  17.8  71.0   17:20   WSW
----------------------------------------------------------------------------------
     6.7  14.9    26     0.0     1   358.0   0.0 146.2  11.0  94.6    29      SW

Max >=  25.0:  0
Max <=   0.0:  0
Min <=   0.0:  1
Min <=  -5.0:  0
Max Rain: 35.2 on day 9
Days of Rain: 23 (>= 0.2 mm)  15 (>= 2.0 mm)  3 (>= 20.0 mm)
Heat Base: 18.3  Cool Base: 18.3  Method: Integration