No particular awareness of the weather is required.   -   There are no Weather-warnings

NOAA-Style Climate Reports

Select a Year or Month report
2018: Jan Feb Mar Apr May Jun Jul Aug Sep Oct Nov Dec
2017: Jan Feb Mar Apr May Jun Jul Aug Sep Oct Nov Dec
2016: Jan Feb Mar Apr May Jun Jul Aug Sep Oct Nov Dec
2015: Jan Feb Mar Apr May Jun Jul Aug Sep Oct Nov Dec
2014: Jan Feb Mar Apr May Jun Jul Aug Sep Oct Nov Dec
2013: Jan Feb Mar Apr May Jun Jul Aug Sep Oct Nov Dec
2012: Jan Feb Mar Apr May Jun Jul Aug Sep Oct Nov Dec

Report for 2016 February
                   Monthly Climatological Summary for Feb 2016

Name: Loughlinstown   City: Co Dublin   State: Ireland
Elevation: 24 m  Lat: N 53° 14' 54"   Lon: W 006° 08' 01"

                  Temperature (°C), Rain (mm), Wind Speed (km/h)

                                      Heat  Cool        Avg
    Mean                              Deg   Deg         Wind                 Dom
Day Temp  High   Time   Low    Time   Days  Days  Rain  Speed High   Time    Dir
----------------------------------------------------------------------------------
 1  10.1  12.7   08:33   6.2   22:34   8.2   0.0   0.0  28.9  96.4   11:37   WSW
 2   5.4   7.7   14:19   2.7   23:58  12.9   0.0   0.8  21.8  72.8   05:13   WSW
 3   5.9   8.6   23:12   2.7   00:00  12.4   0.0   0.2  18.7  74.6   04:29   WSW
 4  11.0  13.2   15:17   8.4   00:10   7.3   0.0   0.0  13.8  60.0   01:41   WSW
 5   8.2  10.7   00:00   2.9   21:36  10.1   0.0   3.2   8.9  38.2   01:02     S
 6   6.2   9.7   13:13   3.9   00:11  12.1   0.0   5.0  10.8  58.2   16:09     S
 7   5.5   9.4   17:55   2.8   03:43  12.8   0.0   3.4  17.0  81.8   19:38    SW
 8   6.2   9.1   12:59   4.1   22:42  12.1   0.0   3.6  26.6  78.2   18:14   WSW
 9   3.7   5.0   11:47   2.6   19:37  14.6   0.0   3.0  20.4  81.8   14:39     W
10   4.2   8.7   15:16  -0.7   23:29  14.1   0.0   0.0   7.1  36.4   00:40     W
11   2.5   8.4   12:22  -1.9   05:42  15.8   0.0   7.4   0.7  12.8   14:27     N
12   4.2   7.3   12:55  -0.6   00:04  13.9   0.0   4.0   5.0  41.8   23:40   ESE
13   6.1   7.0   12:41   5.6   16:21  12.2   0.0   0.2  11.8  49.2   00:40     E
14   4.8   7.4   13:20   2.1   23:27  13.5   0.0   0.2  11.1  40.0   06:43    NE
15   3.0   7.4   12:06  -0.4   20:05  15.3   0.0   0.0   4.7  25.4   00:18   WNW
16   7.2   9.2   22:36   3.1   00:00  11.1   0.0   4.4  14.9  65.4   10:37   SSE
17   3.4   7.0   00:00  -2.3   22:41  14.9   0.0   6.2   4.1  31.0   11:54   WNW
18   4.2   8.5   14:48  -1.9   00:00  14.1   0.0   0.0   7.3  29.0   13:38   WSW
19   7.9  11.7   14:41   2.3   01:38  10.4   0.0   0.0  11.8  67.2   18:47    SW
20   9.0  11.1   12:09   7.3   09:29   9.3   0.0   1.8  18.1  67.2   02:25     W
21  11.1  14.3   12:32   5.5   23:58   7.2   0.0   0.6  17.8  74.6   08:14   WSW
22   5.8   9.6   14:33   2.3   07:09  12.5   0.0   0.0   8.8  40.0   10:12     W
23   4.0   8.9   13:20  -2.1   23:50  14.3   0.0   0.0   5.6  23.6   01:42    NW
24   2.7   9.3   14:59  -3.6   07:28  15.6   0.0   0.0   4.1  25.4   11:44   WNW
25   3.2   6.3   11:59  -0.8   03:22  15.1   0.0   0.0   1.3  21.8   23:14   SSE
26   5.7   8.6   14:25   3.2   03:38  12.6   0.0   0.6   6.1  34.6   11:50   ESE
27   6.0   7.3   12:03   4.3   18:44  12.3   0.0   0.0   5.6  25.4   00:04   ENE
28   5.3   9.1   11:43  -1.0   23:16  13.0   0.0   0.0   3.3  20.0   00:31    NE
29   5.5  11.6   23:02  -0.9   00:03  12.8   0.0   5.8   8.0  52.8   13:31   SSE
----------------------------------------------------------------------------------
     5.8  14.3    21    -3.6    24   362.5   0.0  50.4  11.2  96.4     1     WSW

Max >=  25.0:  0
Max <=   0.0:  0
Min <=   0.0: 11
Min <=  -5.0:  0
Max Rain: 7.4 on day 11
Days of Rain: 17 (>= 0.2 mm)  10 (>= 2.0 mm)  0 (>= 20.0 mm)
Heat Base: 18.3  Cool Base: 18.3  Method: Integration