No particular awareness of the weather is required.   -   There are no Weather-warnings

NOAA-Style Climate Reports

Select a Year or Month report
2018: Jan Feb Mar Apr May Jun Jul Aug Sep Oct Nov Dec
2017: Jan Feb Mar Apr May Jun Jul Aug Sep Oct Nov Dec
2016: Jan Feb Mar Apr May Jun Jul Aug Sep Oct Nov Dec
2015: Jan Feb Mar Apr May Jun Jul Aug Sep Oct Nov Dec
2014: Jan Feb Mar Apr May Jun Jul Aug Sep Oct Nov Dec
2013: Jan Feb Mar Apr May Jun Jul Aug Sep Oct Nov Dec
2012: Jan Feb Mar Apr May Jun Jul Aug Sep Oct Nov Dec

Report for 2016 March
                   Monthly Climatological Summary for Mar 2016

Name: Loughlinstown   City: Co Dublin   State: Ireland
Elevation: 24 m  Lat: N 53° 14' 54"   Lon: W 006° 08' 01"

                  Temperature (°C), Rain (mm), Wind Speed (km/h)

                                      Heat  Cool        Avg
    Mean                              Deg   Deg         Wind                 Dom
Day Temp  High   Time   Low    Time   Days  Days  Rain  Speed High   Time    Dir
----------------------------------------------------------------------------------
 1   9.5  12.6   12:03   3.5   22:47   8.8   0.0   1.4  17.3  67.2   10:20   WSW
 2   5.3   9.2   13:28   2.2   07:43  13.0   0.0   3.2  22.1  83.6   06:48     W
 3   5.7   9.8   12:15   1.4   23:50  12.6   0.0   2.4  11.5  56.4   01:07     W
 4   3.5   6.1   16:04   0.9   03:17  14.8   0.0   6.2  15.9  49.2   14:17    NW
 5   4.8   9.4   13:19   1.1   23:55  13.5   0.0   0.6  10.6  45.4   14:01    NW
 6   3.5   7.3   16:33  -0.4   23:02  14.8   0.0   0.0   6.6  27.2   01:26   WNW
 7   4.8   9.6   14:42   1.5   04:13  13.5   0.0   0.4   8.0  36.4   09:42   WNW
 8   6.9  10.2   10:09   2.8   00:07  11.4   0.0   3.0   5.7  32.8   12:06    SW
 9   6.3  10.3   16:28   2.8   07:06  12.0   0.0   1.2  15.4  51.0   04:25   WNW
10   7.4  11.4   12:36   4.8   07:22  10.9   0.0   0.0   6.0  32.8   00:09   WNW
11   9.4  13.1   14:22   6.4   04:43   8.9   0.0   0.0   3.7  25.4   16:06    SE
12  11.3  16.1   14:12   7.9   06:27   7.0   0.0   0.0   4.6  32.8   13:27   SSW
13   9.7  13.2   15:42   5.8   23:58   8.6   0.0   0.0   0.7  14.6   09:49   ENE
14   6.4  11.2   12:23   0.0   06:42  11.9   0.0   0.0   2.4  20.0   14:58   ENE
15   7.4  11.3   16:34   2.3   03:34  10.9   0.0   0.0   2.9  20.0   17:55    NE
16   7.5   9.6   12:05   5.2   00:35  10.8   0.0   0.0   3.8  27.2   17:37   NNE
17   5.3   9.3   14:17  -0.8   23:37  13.0   0.0   0.0   4.0  21.8   04:44   ESE
18   4.4   7.9   13:39  -1.4   01:54  13.9   0.0   0.2   3.7  23.6   12:42   NNW
19   6.7   8.0   13:04   3.8   22:16  11.7   0.0   0.0   4.6  20.0   10:22    NE
20   6.1  11.4   13:53   0.9   23:06  12.2   0.0   0.0   2.6  21.8   05:04   NNW
21   6.2  12.2   14:59  -0.2   02:29  12.1   0.0   0.0   4.0  34.6   10:14     W
22   7.6   9.7   13:32   6.1   05:53  10.7   0.0   0.0   1.3  14.6   14:29    NE
23   8.4  12.8   16:33   5.9   01:56   9.9   0.0   0.0   3.9  25.4   15:23    SW
24   9.0  13.1   12:40   6.4   23:43   9.3   0.0   0.6   9.2  40.0   06:52    SW
25   9.7  15.6   12:51   4.8   06:44   8.5   0.0   0.0  10.4  60.0   16:53     S
26   8.8  11.2   14:24   5.4   17:02   9.5   0.0   7.2  15.7  52.8   18:25   SSW
27   7.5  11.3   13:38   2.9   23:58  10.3   0.0   1.8  15.6  63.6   13:28   SSW
28   7.0  12.2   16:18   2.6   01:17  11.3   0.0   0.0  10.3  45.4   07:55     W
29   6.6  11.6   16:33   2.6   22:08  11.7   0.0   0.0   7.5  43.6   17:12    SW
30   7.0  13.3   15:16   1.7   06:03  11.3   0.0   0.0   7.7  34.6   09:46     W
31   6.8  14.1   14:22  -0.1   06:31  11.5   0.0   0.0   5.3  31.0   12:21   WSW
----------------------------------------------------------------------------------
     7.0  16.1    12    -1.4    18   350.3   0.0  28.2   7.8  83.6     2       W

Max >=  25.0:  0
Max <=   0.0:  0
Min <=   0.0:  6
Min <=  -5.0:  0
Max Rain: 7.2 on day 26
Days of Rain: 12 (>= 0.2 mm)  5 (>= 2.0 mm)  0 (>= 20.0 mm)
Heat Base: 18.3  Cool Base: 18.3  Method: Integration