No particular awareness of the weather is required.   -   There are no Weather-warnings

NOAA-Style Climate Reports

Select a Year or Month report
2018: Jan Feb Mar Apr May Jun Jul Aug Sep Oct Nov Dec
2017: Jan Feb Mar Apr May Jun Jul Aug Sep Oct Nov Dec
2016: Jan Feb Mar Apr May Jun Jul Aug Sep Oct Nov Dec
2015: Jan Feb Mar Apr May Jun Jul Aug Sep Oct Nov Dec
2014: Jan Feb Mar Apr May Jun Jul Aug Sep Oct Nov Dec
2013: Jan Feb Mar Apr May Jun Jul Aug Sep Oct Nov Dec
2012: Jan Feb Mar Apr May Jun Jul Aug Sep Oct Nov Dec

Report for 2016 April
                   Monthly Climatological Summary for Apr 2016

Name: Loughlinstown   City: Co Dublin   State: Ireland
Elevation: 24 m  Lat: N 53° 14' 54"   Lon: W 006° 08' 01"

                  Temperature (°C), Rain (mm), Wind Speed (km/h)

                                      Heat  Cool        Avg
    Mean                              Deg   Deg         Wind                 Dom
Day Temp  High   Time   Low    Time   Days  Days  Rain  Speed High   Time    Dir
----------------------------------------------------------------------------------
 1   8.2  10.3   17:03   3.6   00:23  10.1   0.0   2.4  10.9  63.6   09:55   SSE
 2   7.9   9.4   16:12   6.3   06:31  10.4   0.0   7.8   5.6  41.8   22:35    SE
 3   7.6   9.7   18:06   6.2   01:08  10.7   0.0   2.6   8.8  34.6   00:56    SE
 4   8.7  10.5   13:21   7.2   01:16   9.6   0.0   2.2   1.8  20.0   17:27   WNW
 5   8.8  13.9   16:22   5.0   06:27   9.5   0.0   0.4   8.1  32.8   16:00     W
 6   7.2  10.1   11:23   3.9   14:33  11.1   0.0   6.8  19.8  72.8   15:33     W
 7   8.5  13.4   14:09   5.1   00:23   9.9   0.0   0.4  17.9  65.4   01:38     W
 8   7.4  10.1   10:45   3.9   23:57  10.9   0.0   1.4   9.1  43.6   18:41   WSW
 9   4.6   9.7   10:29  -0.6   23:58  13.7   0.0   0.0   4.2  29.0   00:46    SE
10   6.2  11.0   14:26  -1.6   03:49  12.1   0.0   0.6  10.9  43.6   11:29   ENE
11   7.9   8.6   17:55   7.2   05:26  10.4   0.0  23.4   9.2  45.4   04:15   ENE
12   9.3  15.1   17:05   4.0   23:45   9.0   0.0   0.0   1.4  18.2   15:45   ENE
13   7.3  11.7   16:08   2.2   02:34  11.0   0.0   0.2   1.6  14.6   12:24   ENE
14   8.8  11.8   14:58   7.0   22:55   9.5   0.0   0.8   5.2  27.2   17:17   NNE
15   7.5  11.1   13:04   2.3   23:31  10.8   0.0   5.2   8.2  36.4   19:23    NW
16   5.5  11.4   12:18   0.9   05:47  12.8   0.0   0.2   8.4  34.6   19:21    NW
17   7.4  14.4   14:17   1.7   03:13  10.9   0.0   0.0   6.6  25.4   11:46     W
18  10.4  15.1   16:07   7.4   04:28   7.9   0.0   0.0   9.0  38.2   10:18     W
19   9.0  12.9   14:44   2.2   23:52   9.3   0.0   0.0   2.7  18.2   15:13   ENE
20   8.0  14.3   17:54   0.9   06:02  10.3   0.0   0.0   3.0  20.0   19:10    NE
21   9.3  14.4   16:01   2.4   05:18   9.0   0.0   0.0   4.0  23.6   11:06     N
22   9.5  13.2   13:54   6.7   23:50   8.8   0.0   0.0   5.7  32.8   15:39   NNE
23   8.3  14.1   11:28   3.6   06:30  10.0   0.0   0.0   4.6  29.0   12:59     N
24   9.3  14.1   16:00   3.7   05:29   9.1   0.0   0.0   9.8  38.2   13:07   WNW
25   8.8  14.3   12:50   4.1   23:52   9.5   0.0   0.0  13.8  45.4   17:34    NW
26   6.2  11.4   14:18   1.8   05:44  12.1   0.0   0.2  13.2  43.6   14:19    NW
27   5.3   9.8   12:30   1.4   06:41  13.0   0.0   1.6   7.9  32.8   16:04   WNW
28   5.5  11.2   12:13   1.8   04:01  12.8   0.0   2.4  13.0  69.2   17:31     W
29   6.6  12.8   17:08   2.4   04:21  11.7   0.0   0.2  13.0  54.6   03:54     W
30   8.2  13.7   13:21   4.8   01:13  10.1   0.0   0.0   8.4  32.8   11:58   WSW
----------------------------------------------------------------------------------
     7.8  15.1    12    -1.6    10   316.0   0.0  58.8   8.2  72.8     6     WNW

Max >=  25.0:  0
Max <=   0.0:  0
Min <=   0.0:  2
Min <=  -5.0:  0
Max Rain: 23.4 on day 11
Days of Rain: 18 (>= 0.2 mm)  8 (>= 2.0 mm)  1 (>= 20.0 mm)
Heat Base: 18.3  Cool Base: 18.3  Method: Integration