No particular awareness of the weather is required.   -   There are no Weather-warnings

NOAA-Style Climate Reports

Select a Year or Month report
2018: Jan Feb Mar Apr May Jun Jul Aug Sep Oct Nov Dec
2017: Jan Feb Mar Apr May Jun Jul Aug Sep Oct Nov Dec
2016: Jan Feb Mar Apr May Jun Jul Aug Sep Oct Nov Dec
2015: Jan Feb Mar Apr May Jun Jul Aug Sep Oct Nov Dec
2014: Jan Feb Mar Apr May Jun Jul Aug Sep Oct Nov Dec
2013: Jan Feb Mar Apr May Jun Jul Aug Sep Oct Nov Dec
2012: Jan Feb Mar Apr May Jun Jul Aug Sep Oct Nov Dec

Report for 2016 May
                   Monthly Climatological Summary for May 2016

Name: Loughlinstown   City: Co Dublin   State: Ireland
Elevation: 24 m  Lat: N 53° 14' 54"   Lon: W 006° 08' 01"

                  Temperature (°C), Rain (mm), Wind Speed (km/h)

                                      Heat  Cool        Avg
    Mean                              Deg   Deg         Wind                 Dom
Day Temp  High   Time   Low    Time   Days  Days  Rain  Speed High   Time    Dir
----------------------------------------------------------------------------------
 1  12.9  18.9   17:54   6.4   00:00   5.4   0.0   0.0   7.3  36.4   17:39   SSW
 2  11.7  14.9   13:26   7.6   22:56   6.6   0.0   1.8  14.5  58.2   15:18   WSW
 3  10.7  15.8   15:52   5.7   04:55   7.6   0.0   0.0  10.1  43.6   00:05   WSW
 4  11.6  17.0   14:10   7.2   04:01   6.7   0.0   0.0   9.0  41.8   12:30   SSE
 5  11.6  17.9   10:23   8.3   23:18   6.7   0.0   0.0   4.3  29.0   00:21    SE
 6  11.0  15.9   13:51   5.8   04:06   7.3   0.0   0.0   6.4  32.8   17:20     N
 7  11.1  14.3   14:30   9.2   06:47   7.2   0.0   4.8   3.9  23.6   09:04    NW
 8  13.7  17.9   13:25  10.7   23:56   4.6   0.0   1.0   1.7  25.4   19:36     E
 9  13.5  17.9   13:09   9.1   03:30   4.8   0.0   0.4   2.3  23.6   11:46    NE
10  12.5  18.4   16:01  10.9   05:28   5.8   0.0  12.2   4.7  31.0   19:19   NNE
11  12.3  15.9   17:15  10.4   06:55   6.0   0.0   0.6   4.4  32.8   00:00   NNE
12  14.3  19.2   17:48  10.8   06:35   4.1   0.0   1.4   5.7  27.2   00:03    NW
13  13.3  17.2   14:07   9.1   06:09   5.0   0.0   0.0   6.0  23.6   11:27   NNW
14  10.7  13.9   15:09   6.4   05:51   7.6   0.0   0.0   3.8  21.8   08:14   ENE
15  10.5  15.5   12:48   4.8   03:34   7.8   0.0   0.0   3.8  25.4   13:00    NE
16   9.6  13.8   11:31   3.2   04:56   8.7   0.0   0.0   4.1  29.0   16:47     E
17  13.0  19.0   11:03   6.3   03:20   5.3   0.0   0.2   4.6  31.0   21:19   SSE
18  12.4  17.5   15:15   8.9   04:12   5.9   0.0   0.2   7.7  34.6   00:41   WNW
19  12.9  20.9   16:19   7.6   02:34   5.5   0.2   2.8   6.8  38.2   16:09    SW
20  13.0  16.2   12:52  10.6   04:50   5.3   0.0   0.2   9.1  36.4   14:28   SSW
21  13.9  20.4   12:59   9.3   23:45   4.5   0.1   5.0   6.0  38.2   14:29   SSW
22  11.9  18.4   16:22   7.9   03:59   6.4   0.0   1.0   4.8  31.0   16:45     W
23  11.3  16.2   10:40   6.1   23:31   7.0   0.0   0.0   5.5  29.0   05:40   WNW
24  11.2  16.6   13:12   3.4   04:40   7.1   0.0   0.0   2.9  20.0   13:30    NE
25  11.1  14.2   14:24   9.1   05:11   7.2   0.0   0.0   7.5  34.6   15:17   NNE
26  10.7  13.6   16:27   7.9   23:21   7.6   0.0   0.4   3.0  20.0   03:02   NNE
27  11.5  16.8   16:23   4.9   05:00   6.8   0.0   0.0   1.8  16.4   12:06    NE
28  13.6  18.8   10:43   8.8   01:21   4.7   0.0   0.0   2.5  18.2   12:48   ENE
29  14.4  21.5   12:33   7.8   03:31   4.3   0.4   0.0   2.7  18.2   14:43   NNE
30  15.3  21.6   16:24   8.2   04:03   3.5   0.6   0.0   4.8  27.2   10:07     N
31  16.6  22.4   13:40   9.4   04:24   2.8   1.1   0.0   7.5  32.8   18:25     N
----------------------------------------------------------------------------------
    12.4  22.4    31     3.2    16   185.8   2.4  32.0   5.5  58.2     2     WNW

Max >=  25.0:  0
Max <=   0.0:  0
Min <=   0.0:  0
Min <=  -5.0:  0
Max Rain: 12.2 on day 10
Days of Rain: 14 (>= 0.2 mm)  4 (>= 2.0 mm)  0 (>= 20.0 mm)
Heat Base: 18.3  Cool Base: 18.3  Method: Integration