No particular awareness of the weather is required.   -   There are no Weather-warnings

NOAA-Style Climate Reports

Select a Year or Month report
2018: Jan Feb Mar Apr May Jun Jul Aug Sep Oct Nov Dec
2017: Jan Feb Mar Apr May Jun Jul Aug Sep Oct Nov Dec
2016: Jan Feb Mar Apr May Jun Jul Aug Sep Oct Nov Dec
2015: Jan Feb Mar Apr May Jun Jul Aug Sep Oct Nov Dec
2014: Jan Feb Mar Apr May Jun Jul Aug Sep Oct Nov Dec
2013: Jan Feb Mar Apr May Jun Jul Aug Sep Oct Nov Dec
2012: Jan Feb Mar Apr May Jun Jul Aug Sep Oct Nov Dec

Report for 2016 June
                   Monthly Climatological Summary for Jun 2016

Name: Loughlinstown   City: Co Dublin   State: Ireland
Elevation: 24 m  Lat: N 53° 14' 54"   Lon: W 006° 08' 01"

                  Temperature (°C), Rain (mm), Wind Speed (km/h)

                                      Heat  Cool        Avg
    Mean                              Deg   Deg         Wind                 Dom
Day Temp  High   Time   Low    Time   Days  Days  Rain  Speed High   Time    Dir
----------------------------------------------------------------------------------
 1  14.8  20.0   16:29   9.7   05:44   3.6   0.2   0.0   6.6  29.0   12:09     N
 2  13.8  18.2   14:16   6.9   23:59   4.5   0.0   0.0   4.7  29.0   10:23   NNE
 3  12.5  17.3   13:58   4.9   04:01   5.8   0.0   0.0   2.9  23.6   14:24     E
 4  14.6  23.1   14:29   6.5   03:55   4.5   0.7   0.0   2.4  16.4   09:10   NNE
 5  16.8  20.0   13:56  13.4   05:34   1.9   0.3   0.0   2.0  18.2   10:54     E
 6  16.1  21.1   14:29  10.9   04:52   2.7   0.4   4.0   1.5  18.2   22:08     E
 7  16.4  20.7   16:51  11.9   23:56   2.2   0.3   0.2   0.8  12.8   14:53   ENE
 8  15.7  22.3   10:52  11.9   00:00   2.9   0.3   0.0   2.0  18.2   12:11   ENE
 9  15.1  21.1   17:50  11.3   03:24   3.4   0.2   0.0   2.9  23.6   12:35     E
10  16.3  20.1   09:39  13.6   23:38   2.2   0.2   1.4   1.4  20.0   14:33   ENE
11  16.0  20.2   12:48  13.3   05:18   2.5   0.1   7.8   1.5  18.2   19:53   ESE
12  14.8  19.3   18:00  12.7   05:06   3.5   0.0   3.8   2.5  21.8   03:34   ESE
13  13.9  16.2   17:19  12.0   05:40   4.4   0.0   4.6   3.1  21.8   02:49    SE
14  14.4  17.6   13:26  12.8   00:00   3.9   0.0   1.6   1.9  16.4   15:26   ENE
15  14.5  18.6   10:58  10.7   23:57   3.8   0.0   2.0   4.2  27.2   11:04    NW
16  12.6  14.3   10:37  10.6   00:03   5.7   0.0   1.6   7.3  31.0   18:03    NW
17  12.8  16.2   15:23   9.9   06:20   5.5   0.0   1.6  10.0  34.6   13:57   WNW
18  14.2  18.9   13:27   9.4   04:54   4.1   0.0   0.0   8.0  32.8   02:13     W
19  16.6  20.2   18:53  13.2   03:10   1.9   0.2   2.4   4.6  40.0   17:36   SSW
20  17.1  22.3   15:04  14.2   23:46   1.7   0.5   0.0   8.5  38.2   13:23     W
21  16.6  22.2   14:42  13.3   05:37   2.2   0.5   0.2   7.0  32.8   17:06     S
22  16.7  20.9   11:59  12.8   03:59   2.0   0.3   0.0   3.4  23.6   09:12    SW
23  15.7  22.6   16:52   8.8   04:25   3.2   0.6   0.0   4.1  29.0   18:37     S
24  14.5  17.4   16:11  12.6   03:26   3.8   0.0   6.2   4.9  36.4   18:21     W
25  15.2  19.1   15:29  12.5   03:44   3.1   0.0   0.0  10.3  36.4   18:03   WNW
26  15.3  20.2   18:05  12.1   03:14   3.2   0.2   1.8   5.7  41.8   22:13     W
27  15.9  20.3   16:14  11.8   04:11   2.7   0.3   0.0  11.0  36.4   16:10     W
28  12.4  16.7   10:48   8.0   03:02   5.9   0.0   3.0   2.3  25.4   19:51    SE
29  13.8  18.6   13:43  10.4   00:39   4.5   0.0   9.8   7.3  34.6   17:50     W
30  13.6  18.3   14:06   7.8   04:27   4.7   0.0   0.0   5.9  32.8   20:07   SSW
----------------------------------------------------------------------------------
    15.0  23.1     4     4.9     3   106.0   5.3  52.0   4.7  41.8    26       W

Max >=  25.0:  0
Max <=   0.0:  0
Min <=   0.0:  0
Min <=  -5.0:  0
Max Rain: 9.8 on day 29
Days of Rain: 16 (>= 0.2 mm)  9 (>= 2.0 mm)  0 (>= 20.0 mm)
Heat Base: 18.3  Cool Base: 18.3  Method: Integration