No particular awareness of the weather is required.   -   There are no Weather-warnings

NOAA-Style Climate Reports

Select a Year or Month report
2018: Jan Feb Mar Apr May Jun Jul Aug Sep Oct Nov Dec
2017: Jan Feb Mar Apr May Jun Jul Aug Sep Oct Nov Dec
2016: Jan Feb Mar Apr May Jun Jul Aug Sep Oct Nov Dec
2015: Jan Feb Mar Apr May Jun Jul Aug Sep Oct Nov Dec
2014: Jan Feb Mar Apr May Jun Jul Aug Sep Oct Nov Dec
2013: Jan Feb Mar Apr May Jun Jul Aug Sep Oct Nov Dec
2012: Jan Feb Mar Apr May Jun Jul Aug Sep Oct Nov Dec

Report for 2016 July
                   Monthly Climatological Summary for Jul 2016

Name: Loughlinstown   City: Co Dublin   State: Ireland
Elevation: 24 m  Lat: N 53° 14' 54"   Lon: W 006° 08' 01"

                  Temperature (°C), Rain (mm), Wind Speed (km/h)

                                      Heat  Cool        Avg
    Mean                              Deg   Deg         Wind                 Dom
Day Temp  High   Time   Low    Time   Days  Days  Rain  Speed High   Time    Dir
----------------------------------------------------------------------------------
 1  13.3  18.6   13:02   9.8   04:56   5.0   0.0   1.6   9.8  56.4   13:46   WSW
 2  13.9  18.7   17:18   9.7   02:28   4.4   0.0   0.8  11.6  51.0   15:30     W
 3  15.0  20.8   17:47   8.7   01:24   3.6   0.2   0.0   4.3  23.6   12:24     W
 4  14.7  23.2   16:08   6.9   04:39   4.1   0.5   0.8   7.0  38.2   23:55    SW
 5  14.7  19.5   16:19  10.2   04:02   3.6   0.1   0.0   8.1  34.6   00:25     W
 6  16.0  20.2   10:12  10.5   02:43   2.5   0.2   0.0   4.4  36.4   23:54   SSE
 7  17.6  23.3   18:02  13.9   07:09   1.4   0.6   0.0   5.4  32.8   00:09     S
 8  18.4  23.0   18:02  15.0   05:26   1.0   1.1   0.0   8.9  45.4   10:54   WSW
 9  19.3  25.2   14:32  15.4   02:28   1.0   1.9   2.2   7.0  40.0   17:25     S
10  17.2  22.7   14:28  14.3   02:44   1.7   0.6   0.0   9.0  43.6   15:40     S
11  16.5  22.3   17:11  12.6   23:56   2.4   0.7   2.4  13.2  47.2   07:48     W
12  14.2  19.2   13:23  10.3   03:53   4.1   0.0   0.4   7.3  27.2   00:18     W
13  14.2  20.0   13:41  10.0   05:32   4.1   0.1   0.8  10.2  41.8   16:35     W
14  15.0  21.0   14:16  10.2   04:55   3.5   0.2   0.0   7.3  31.0   03:14     W
15  19.6  27.2   17:25  12.9   03:14   1.6   3.0   3.2   7.8  40.0   16:54    SW
16  18.0  24.1   18:16  13.5   23:57   1.3   1.0   0.2   6.9  36.4   17:36     W
17  18.8  26.5   17:04  12.2   05:16   1.7   2.3   0.0   5.7  36.4   17:23     W
18  20.1  25.9   19:18  15.7   04:49   0.4   2.2   0.0   4.2  27.2   18:31     E
19  20.0  26.6   18:23  13.2   05:44   1.2   2.9   0.0   2.2  16.4   13:07     E
20  19.8  23.9   11:40  15.4   23:08   0.3   1.8   1.6   7.1  38.2   14:23     W
21  18.6  25.3   14:13  15.4   00:58   1.0   1.4   0.4   4.7  36.4   15:29   SSE
22  18.4  23.5   13:18  15.4   07:52   0.9   1.1   1.8   5.9  32.8   10:31     W
23  18.4  22.9   15:10  15.2   04:58   1.1   1.2   0.0   2.9  23.6   14:33   SSW
24  17.0  24.3   15:02  13.9   02:21   2.0   0.7   2.4   4.9  40.0   19:00   WSW
25  16.0  20.1   14:56  12.1   02:36   2.5   0.1   0.0   5.7  25.4   10:38   WSW
26  17.5  22.7   15:26  13.8   05:01   1.6   0.9   1.0   3.4  31.0   15:54    SW
27  16.5  20.2   14:02  13.7   06:06   1.9   0.2   0.6   5.8  31.0   03:05   WNW
28  18.4  24.2   13:48  14.6   00:58   1.2   1.3   0.0   6.0  38.2   13:59   WSW
29  16.4  21.1   15:43  13.4   07:08   2.3   0.4   2.6   4.6  31.0   00:01    NW
30  16.0  20.4   13:59  12.6   05:20   2.5   0.2   0.0   6.3  29.0   10:56     W
31  16.1  20.2   17:27  12.3   06:35   2.4   0.2   0.0   8.2  29.0   10:01     W
----------------------------------------------------------------------------------
    17.0  27.2    15     6.9     4    68.3  27.1  22.8   6.6  56.4     1     WSW

Max >=  25.0:  6
Max <=   0.0:  0
Min <=   0.0:  0
Min <=  -5.0:  0
Max Rain: 3.2 on day 15
Days of Rain: 16 (>= 0.2 mm)  5 (>= 2.0 mm)  0 (>= 20.0 mm)
Heat Base: 18.3  Cool Base: 18.3  Method: Integration